{"id":99,"date":"2025-05-16T13:19:26","date_gmt":"2025-05-16T13:19:52","guid":{"rendered":"https:\/\/www.gym-toelz.de\/index.php\/ogs\/"},"modified":"2026-01-28T16:35:24","modified_gmt":"2026-01-28T15:35:24","slug":"ogs","status":"publish","type":"page","link":"https:\/\/www.gym-toelz.de\/index.php\/unsere-schule\/ueber-uns\/ogs\/","title":{"rendered":"Offene Ganztagsschule"},"content":{"rendered":"<p><strong>Offene Ganztagsschule (OGS) am GvS\u00a0<\/strong><\/p>\n<p>Seit dem Schuljahr 2007\/2008 ist am Gabriel-von-Seidl-Gymnasium Bad T\u00f6lz eine Offene Ganztagsschule eingerichtet.<img loading=\"lazy\" decoding=\"async\" class=\"size-square wp-image-425 alignright\" src=\"https:\/\/www.gym-toelz.de\/wp-content\/uploads\/2025\/06\/albert_schweizer_ogs_logo-180x180.jpg\" alt=\"\" width=\"180\" height=\"180\" \/><\/p>\n<p>Die Notwendigkeit einer Offenen Ganztagsschule wurde durch eine Bedarfsanalyse bei der Schuleinschreibung f\u00fcr die Jahrgangsstufe 5 festgestellt. Die Offene Ganztagsschule ist ein Angebot an die Sch\u00fcler\/innen aller Jahrgangsstufen.<br \/>\nWir m\u00f6chten den Sch\u00fclerinnen und Sch\u00fclern Bildungs- und Freizeitm\u00f6glichkeiten anbieten, die \u00fcber den Pflichtunterricht hinaus gehen. Die Teilnahme ist selbstverst\u00e4ndlich freiwillig, nach Anmeldung jedoch f\u00fcr ein Schuljahr bindend.<br \/>\nDie Lern- und Freizeitangebote sind Teil eines p\u00e4dagogischen Konzepts. Dessen Sinn besteht darin, eine umfassende Pers\u00f6nlichkeitsentwicklung der Sch\u00fcler\/innen zu erm\u00f6glichen, ihr Sozialverhalten zu schulen, ihr Engagement und ihre Selbst\u00e4ndigkeit zu f\u00f6rdern und ihnen Freiraum zur Mitwirkung und Mitverantwortung im Schulleben zu geben. Schule soll somit zum Lern- und Lebensraum werden, in dem die Sch\u00fcler\/innen sich wohlf\u00fchlen und auch ihre individuellen St\u00e4rken au\u00dferhalb des Pflichtunterrichts zeigen k\u00f6nnen.<\/p>\n<p>Tr\u00e4ger ist das Albert-Schweizer-Familienwerk in K\u00f6nigsdorf.<\/p>\n<p style=\"text-align: center;\"><a href=\"https:\/\/www.gym-toelz.de\/wp-content\/uploads\/2025\/07\/OGS-Elterninfo_inkl_Anmeldung_Erklaerung-2023.pdf\" target=\"_blank\" rel=\"noopener\">Elterninformation und Anmeldung f\u00fcr die Offene Ganztagsschule als PDF <img loading=\"lazy\" decoding=\"async\" class=\"alignnone wp-image-1873\" src=\"https:\/\/www.gym-toelz.de\/wp-content\/uploads\/2025\/07\/icons8-new-tab-48.png\" alt=\"\" width=\"18\" height=\"18\" srcset=\"https:\/\/www.gym-toelz.de\/wp-content\/uploads\/2025\/07\/icons8-new-tab-48.png 48w, https:\/\/www.gym-toelz.de\/wp-content\/uploads\/2025\/07\/icons8-new-tab-48-36x36.png 36w\" sizes=\"auto, (max-width: 18px) 100vw, 18px\" \/><\/a><\/p>\n<p style=\"text-align: center;\"><a href=\"https:\/\/www.gym-toelz.de\/wp-content\/uploads\/2025\/07\/OGS-Elterninfo_inkl_Anmeldung_Erklaerung.docx\" target=\"_blank\" rel=\"noopener\">Elterninformation und Anmeldung f\u00fcr die Offene Ganztagsschule als MS-Word-Dokument <img loading=\"lazy\" decoding=\"async\" class=\"alignnone wp-image-1873\" src=\"https:\/\/www.gym-toelz.de\/wp-content\/uploads\/2025\/07\/icons8-new-tab-48.png\" alt=\"\" width=\"18\" height=\"18\" srcset=\"https:\/\/www.gym-toelz.de\/wp-content\/uploads\/2025\/07\/icons8-new-tab-48.png 48w, https:\/\/www.gym-toelz.de\/wp-content\/uploads\/2025\/07\/icons8-new-tab-48-36x36.png 36w\" sizes=\"auto, (max-width: 18px) 100vw, 18px\" \/><\/a><\/p>\n<p style=\"text-align: center;\"><a href=\"https:\/\/albert-schweitzer.org\/\" target=\"_blank\" rel=\"noopener\">Die Seiten Albert-Schweitzer-Familienwerk Bayern e.V. finden Sie HIER (externer Link) <img loading=\"lazy\" decoding=\"async\" class=\"alignnone wp-image-1873\" src=\"https:\/\/www.gym-toelz.de\/wp-content\/uploads\/2025\/07\/icons8-new-tab-48.png\" alt=\"\" width=\"18\" height=\"18\" srcset=\"https:\/\/www.gym-toelz.de\/wp-content\/uploads\/2025\/07\/icons8-new-tab-48.png 48w, https:\/\/www.gym-toelz.de\/wp-content\/uploads\/2025\/07\/icons8-new-tab-48-36x36.png 36w\" sizes=\"auto, (max-width: 18px) 100vw, 18px\" \/><\/a><\/p>\n<p style=\"text-align: center;\"><a href=\"https:\/\/www.gym-toelz.de\/wp-content\/uploads\/2025\/07\/2021_Konzeption_Offene_Ganztagsschule_Gymnasium_BadToelz_aktuell.pdf\" target=\"_blank\" rel=\"noopener\">Die Konzeption der Offenen Ganztagsschule als PDF <img loading=\"lazy\" decoding=\"async\" class=\"alignnone wp-image-1873\" src=\"https:\/\/www.gym-toelz.de\/wp-content\/uploads\/2025\/07\/icons8-new-tab-48.png\" alt=\"\" width=\"18\" height=\"18\" srcset=\"https:\/\/www.gym-toelz.de\/wp-content\/uploads\/2025\/07\/icons8-new-tab-48.png 48w, https:\/\/www.gym-toelz.de\/wp-content\/uploads\/2025\/07\/icons8-new-tab-48-36x36.png 36w\" sizes=\"auto, (max-width: 18px) 100vw, 18px\" \/><\/a><\/p>\n<p style=\"text-align: center;\"><a href=\"https:\/\/www.youtube.com\/watch?v=uhfG6erYPFI\" target=\"_blank\" rel=\"noopener\">externer Link (YouTube) &#8211; Pr\u00e4sentation OGS am GvS <img loading=\"lazy\" decoding=\"async\" class=\"alignnone wp-image-1873\" src=\"https:\/\/www.gym-toelz.de\/wp-content\/uploads\/2025\/07\/icons8-new-tab-48.png\" alt=\"\" width=\"18\" height=\"18\" srcset=\"https:\/\/www.gym-toelz.de\/wp-content\/uploads\/2025\/07\/icons8-new-tab-48.png 48w, https:\/\/www.gym-toelz.de\/wp-content\/uploads\/2025\/07\/icons8-new-tab-48-36x36.png 36w\" sizes=\"auto, (max-width: 18px) 100vw, 18px\" \/><\/a><\/p>\n","protected":false},"excerpt":{"rendered":"<p>Offene Ganztagsschule (OGS) am GvS\u00a0 Seit dem Schuljahr 2007\/2008 ist am Gabriel-von-Seidl-Gymnasium Bad T\u00f6lz eine Offene Ganztagsschule eingerichtet. Die Notwendigkeit einer Offenen Ganztagsschule wurde durch eine Bedarfsanalyse bei der Schuleinschreibung f\u00fcr die Jahrgangsstufe 5 festgestellt. Die Offene Ganztagsschule ist ein Angebot an die Sch\u00fcler\/innen aller Jahrgangsstufen. Wir m\u00f6chten den Sch\u00fclerinnen und Sch\u00fclern Bildungs- und Freizeitm\u00f6glichkeiten [&hellip;]<\/p>\n","protected":false},"author":2,"featured_media":0,"parent":109,"menu_order":25,"comment_status":"closed","ping_status":"closed","template":"","meta":{"footnotes":""},"class_list":["post-99","page","type-page","status-publish","hentry"],"_links":{"self":[{"href":"https:\/\/www.gym-toelz.de\/index.php\/wp-json\/wp\/v2\/pages\/99","targetHints":{"allow":["GET"]}}],"collection":[{"href":"https:\/\/www.gym-toelz.de\/index.php\/wp-json\/wp\/v2\/pages"}],"about":[{"href":"https:\/\/www.gym-toelz.de\/index.php\/wp-json\/wp\/v2\/types\/page"}],"author":[{"embeddable":true,"href":"https:\/\/www.gym-toelz.de\/index.php\/wp-json\/wp\/v2\/users\/2"}],"replies":[{"embeddable":true,"href":"https:\/\/www.gym-toelz.de\/index.php\/wp-json\/wp\/v2\/comments?post=99"}],"version-history":[{"count":10,"href":"https:\/\/www.gym-toelz.de\/index.php\/wp-json\/wp\/v2\/pages\/99\/revisions"}],"predecessor-version":[{"id":2628,"href":"https:\/\/www.gym-toelz.de\/index.php\/wp-json\/wp\/v2\/pages\/99\/revisions\/2628"}],"up":[{"embeddable":true,"href":"https:\/\/www.gym-toelz.de\/index.php\/wp-json\/wp\/v2\/pages\/109"}],"wp:attachment":[{"href":"https:\/\/www.gym-toelz.de\/index.php\/wp-json\/wp\/v2\/media?parent=99"}],"curies":[{"name":"wp","href":"https:\/\/api.w.org\/{rel}","templated":true}]}}

<p><strong>Offene Ganztagsschule (OGS) am GvS </strong></p>
<p>Seit dem Schuljahr 2007/2008 ist am Gabriel-von-Seidl-Gymnasium Bad Tölz eine Offene Ganztagsschule eingerichtet.<img loading="lazy" decoding="async" class="size-square wp-image-425 alignright" src="https://www.gym-toelz.de/wp-content/uploads/2025/06/albert_schweizer_ogs_logo-180x180.jpg" alt="" width="180" height="180" /></p>
<p>Die Notwendigkeit einer Offenen Ganztagsschule wurde durch eine Bedarfsanalyse bei der Schuleinschreibung für die Jahrgangsstufe 5 festgestellt. Die Offene Ganztagsschule ist ein Angebot an die Schüler/innen aller Jahrgangsstufen.<br />
Wir möchten den Schülerinnen und Schülern Bildungs- und Freizeitmöglichkeiten anbieten, die über den Pflichtunterricht hinaus gehen. Die Teilnahme ist selbstverständlich freiwillig, nach Anmeldung jedoch für ein Schuljahr bindend.<br />
Die Lern- und Freizeitangebote sind Teil eines pädagogischen Konzepts. Dessen Sinn besteht darin, eine umfassende Persönlichkeitsentwicklung der Schüler/innen zu ermöglichen, ihr Sozialverhalten zu schulen, ihr Engagement und ihre Selbständigkeit zu fördern und ihnen Freiraum zur Mitwirkung und Mitverantwortung im Schulleben zu geben. Schule soll somit zum Lern- und Lebensraum werden, in dem die Schüler/innen sich wohlfühlen und auch ihre individuellen Stärken außerhalb des Pflichtunterrichts zeigen können.</p>
<p>Träger ist das Albert-Schweizer-Familienwerk in Königsdorf.</p>
<p style="text-align: center;"><a href="https://www.gym-toelz.de/wp-content/uploads/2025/07/OGS-Elterninfo_inkl_Anmeldung_Erklaerung-2023.pdf" target="_blank" rel="noopener">Elterninformation und Anmeldung für die Offene Ganztagsschule als PDF <img loading="lazy" decoding="async" class="alignnone wp-image-1873" src="https://www.gym-toelz.de/wp-content/uploads/2025/07/icons8-new-tab-48.png" alt="" width="18" height="18" srcset="https://www.gym-toelz.de/wp-content/uploads/2025/07/icons8-new-tab-48.png 48w, https://www.gym-toelz.de/wp-content/uploads/2025/07/icons8-new-tab-48-36x36.png 36w" sizes="auto, (max-width: 18px) 100vw, 18px" /></a></p>
<p style="text-align: center;"><a href="https://www.gym-toelz.de/wp-content/uploads/2025/07/OGS-Elterninfo_inkl_Anmeldung_Erklaerung.docx" target="_blank" rel="noopener">Elterninformation und Anmeldung für die Offene Ganztagsschule als MS-Word-Dokument <img loading="lazy" decoding="async" class="alignnone wp-image-1873" src="https://www.gym-toelz.de/wp-content/uploads/2025/07/icons8-new-tab-48.png" alt="" width="18" height="18" srcset="https://www.gym-toelz.de/wp-content/uploads/2025/07/icons8-new-tab-48.png 48w, https://www.gym-toelz.de/wp-content/uploads/2025/07/icons8-new-tab-48-36x36.png 36w" sizes="auto, (max-width: 18px) 100vw, 18px" /></a></p>
<p style="text-align: center;"><a href="https://albert-schweitzer.org/" target="_blank" rel="noopener">Die Seiten Albert-Schweitzer-Familienwerk Bayern e.V. finden Sie HIER (externer Link) <img loading="lazy" decoding="async" class="alignnone wp-image-1873" src="https://www.gym-toelz.de/wp-content/uploads/2025/07/icons8-new-tab-48.png" alt="" width="18" height="18" srcset="https://www.gym-toelz.de/wp-content/uploads/2025/07/icons8-new-tab-48.png 48w, https://www.gym-toelz.de/wp-content/uploads/2025/07/icons8-new-tab-48-36x36.png 36w" sizes="auto, (max-width: 18px) 100vw, 18px" /></a></p>
<p style="text-align: center;"><a href="https://www.gym-toelz.de/wp-content/uploads/2025/07/2021_Konzeption_Offene_Ganztagsschule_Gymnasium_BadToelz_aktuell.pdf" target="_blank" rel="noopener">Die Konzeption der Offenen Ganztagsschule als PDF <img loading="lazy" decoding="async" class="alignnone wp-image-1873" src="https://www.gym-toelz.de/wp-content/uploads/2025/07/icons8-new-tab-48.png" alt="" width="18" height="18" srcset="https://www.gym-toelz.de/wp-content/uploads/2025/07/icons8-new-tab-48.png 48w, https://www.gym-toelz.de/wp-content/uploads/2025/07/icons8-new-tab-48-36x36.png 36w" sizes="auto, (max-width: 18px) 100vw, 18px" /></a></p>
<p style="text-align: center;"><a href="https://www.youtube.com/watch?v=uhfG6erYPFI" target="_blank" rel="noopener">externer Link (YouTube) &#8211; Präsentation OGS am GvS <img loading="lazy" decoding="async" class="alignnone wp-image-1873" src="https://www.gym-toelz.de/wp-content/uploads/2025/07/icons8-new-tab-48.png" alt="" width="18" height="18" srcset="https://www.gym-toelz.de/wp-content/uploads/2025/07/icons8-new-tab-48.png 48w, https://www.gym-toelz.de/wp-content/uploads/2025/07/icons8-new-tab-48-36x36.png 36w" sizes="auto, (max-width: 18px) 100vw, 18px" /></a></p>

<p>Offene Ganztagsschule (OGS) am GvS  Seit dem Schuljahr 2007/2008 ist am Gabriel-von-Seidl-Gymnasium Bad Tölz eine Offene Ganztagsschule eingerichtet. Die Notwendigkeit einer Offenen Ganztagsschule wurde durch eine Bedarfsanalyse bei der Schuleinschreibung für die Jahrgangsstufe 5 festgestellt. Die Offene Ganztagsschule ist ein Angebot an die Schüler/innen aller Jahrgangsstufen. Wir möchten den Schülerinnen und Schülern Bildungs- und Freizeitmöglichkeiten [&hellip;]</p>
