{"id":38,"date":"2025-05-15T15:34:12","date_gmt":"2025-05-15T15:34:12","guid":{"rendered":"https:\/\/www.gym-toelz.de\/?page_id=38"},"modified":"2026-01-28T16:35:24","modified_gmt":"2026-01-28T15:35:24","slug":"unterricht","status":"publish","type":"page","link":"https:\/\/www.gym-toelz.de\/index.php\/unterricht\/","title":{"rendered":"Unterricht"},"content":{"rendered":"<p><strong>Informationen zum Unterricht<\/strong><\/p>\n<p>Hier k\u00f6nnen Sie sich \u00fcber Unterrichtszeiten, Stundentafeln, F\u00e4cher, Zweige, Individuelle Lernzeitverk\u00fcrzung, Individuelle Lernzeit und Oberstufe informieren!<\/p>\n<p><strong>Benutzen Sie hierzu die unterschiedlichen Links auf der rechten oder oberen Navigationsleiste&#8230;.<\/strong><\/p>\n","protected":false},"excerpt":{"rendered":"<p>Informationen zum Unterricht Hier k\u00f6nnen Sie sich \u00fcber Unterrichtszeiten, Stundentafeln, F\u00e4cher, Zweige, Individuelle Lernzeitverk\u00fcrzung, Individuelle Lernzeit und Oberstufe informieren! Benutzen Sie hierzu die unterschiedlichen Links auf der rechten oder oberen Navigationsleiste&#8230;.<\/p>\n","protected":false},"author":2,"featured_media":0,"parent":0,"menu_order":51,"comment_status":"closed","ping_status":"closed","template":"","meta":{"footnotes":""},"class_list":["post-38","page","type-page","status-publish","hentry"],"_links":{"self":[{"href":"https:\/\/www.gym-toelz.de\/index.php\/wp-json\/wp\/v2\/pages\/38","targetHints":{"allow":["GET"]}}],"collection":[{"href":"https:\/\/www.gym-toelz.de\/index.php\/wp-json\/wp\/v2\/pages"}],"about":[{"href":"https:\/\/www.gym-toelz.de\/index.php\/wp-json\/wp\/v2\/types\/page"}],"author":[{"embeddable":true,"href":"https:\/\/www.gym-toelz.de\/index.php\/wp-json\/wp\/v2\/users\/2"}],"replies":[{"embeddable":true,"href":"https:\/\/www.gym-toelz.de\/index.php\/wp-json\/wp\/v2\/comments?post=38"}],"version-history":[{"count":7,"href":"https:\/\/www.gym-toelz.de\/index.php\/wp-json\/wp\/v2\/pages\/38\/revisions"}],"predecessor-version":[{"id":2439,"href":"https:\/\/www.gym-toelz.de\/index.php\/wp-json\/wp\/v2\/pages\/38\/revisions\/2439"}],"wp:attachment":[{"href":"https:\/\/www.gym-toelz.de\/index.php\/wp-json\/wp\/v2\/media?parent=38"}],"curies":[{"name":"wp","href":"https:\/\/api.w.org\/{rel}","templated":true}]}}