{"id":366,"date":"2025-06-05T14:18:34","date_gmt":"2025-06-05T14:18:44","guid":{"rendered":"https:\/\/www.gym-toelz.de\/index.php\/aktuelles\/anmeldung\/"},"modified":"2026-03-20T09:26:03","modified_gmt":"2026-03-20T08:26:03","slug":"allgemeine-anmeldung","status":"publish","type":"page","link":"https:\/\/www.gym-toelz.de\/index.php\/aktuelles\/allgemeine-anmeldung\/","title":{"rendered":"Allgemeine Anmeldung"},"content":{"rendered":"<section  class='av_textblock_section av-b6m3y-71c0d2a67d0d4530df61e13bba764289 '   itemscope=\"itemscope\" itemtype=\"https:\/\/schema.org\/CreativeWork\" ><div class='avia_textblock'  itemprop=\"text\" ><h3><img loading=\"lazy\" decoding=\"async\" class=\"wp-image-666 alignright\" src=\"https:\/\/www.gym-toelz.de\/wp-content\/uploads\/2025\/06\/directory-trans2-273x300.png\" alt=\"\" width=\"140\" height=\"154\" srcset=\"https:\/\/www.gym-toelz.de\/wp-content\/uploads\/2025\/06\/directory-trans2-273x300.png 273w, https:\/\/www.gym-toelz.de\/wp-content\/uploads\/2025\/06\/directory-trans2-641x705.png 641w, https:\/\/www.gym-toelz.de\/wp-content\/uploads\/2025\/06\/directory-trans2.png 720w\" sizes=\"auto, (max-width: 140px) 100vw, 140px\" \/><\/h3>\n<h4>Herzlichen Gl\u00fcckwunsch!<\/h4>\n<p>Sie haben sich mit Ihrem Kind daf\u00fcr entschieden, dass Ihre Tochter bzw. Ihr Sohn an das Gabriel-von-Seidl-Gymnasium Bad T\u00f6lz wechseln m\u00f6chte. Vor einer pers\u00f6nlichen Anmeldung im Sekretariat ist eine<\/p>\n<p style=\"text-align: center;\"><a href=\"https:\/\/www.schulantrag.de\/anmeldung\/swonline\/ssl\/antrag-start-01.asp?sch=29\" target=\"_blank\" rel=\"noopener\"><strong>Online-Anmeldung (externer Link) <img loading=\"lazy\" decoding=\"async\" class=\"alignnone wp-image-1873\" src=\"https:\/\/www.gym-toelz.de\/wp-content\/uploads\/2025\/07\/icons8-new-tab-48.png\" alt=\"\" width=\"18\" height=\"18\" srcset=\"https:\/\/www.gym-toelz.de\/wp-content\/uploads\/2025\/07\/icons8-new-tab-48.png 48w, https:\/\/www.gym-toelz.de\/wp-content\/uploads\/2025\/07\/icons8-new-tab-48-36x36.png 36w\" sizes=\"auto, (max-width: 18px) 100vw, 18px\" \/><\/strong><\/a><\/p>\n<p>n\u00f6tig. Nach der erfolgten Online-Anmeldung setzen wir uns telefonisch mit Ihnen in Verbindung. F\u00fcr weitere Informationen bzw. Fragen steht Ihnen unser Sekretariat unter 08041-799488-0 oder <a href=\"mailto:sekretariat@gymtoelz.de\">sekretariat@gymtoelz.de<\/a> zur Verf\u00fcgung.<\/p>\n<h5>Erforderliche Anmeldeunterlagen:<\/h5>\n<ul>\n<li>Letztes Zeugnis im Original<\/li>\n<li>Geburtsurkunde in Kopie<\/li>\n<li>1 Passfoto (+ zus\u00e4tzlich 1 Passfoto bei MVV-Fahrkarte)<\/li>\n<li>Nachweis \u00fcber Masernschutzimpfung<\/li>\n<li>ggf. Sorgerechtsbeschluss in Kopie<\/li>\n<li>ggf. psychologisches Gutachten<\/li>\n<\/ul>\n<h5>Anmeldeformulare:<\/h5>\n<p style=\"text-align: center;\"><a href=\"https:\/\/www.gym-toelz.de\/wp-content\/uploads\/2025\/06\/Anmeldung_und_Einwilligungserklrung_PZW-2025.pdf\" target=\"_blank\" rel=\"noopener\">Anmeldung Partnerzentrum des Wintersports <img loading=\"lazy\" decoding=\"async\" class=\"wp-image-1873 alignnone\" src=\"https:\/\/www.gym-toelz.de\/wp-content\/uploads\/2025\/07\/icons8-new-tab-48.png\" alt=\"\" width=\"18\" height=\"18\" srcset=\"https:\/\/www.gym-toelz.de\/wp-content\/uploads\/2025\/07\/icons8-new-tab-48.png 48w, https:\/\/www.gym-toelz.de\/wp-content\/uploads\/2025\/07\/icons8-new-tab-48-36x36.png 36w\" sizes=\"auto, (max-width: 18px) 100vw, 18px\" \/><\/a><\/p>\n<p style=\"text-align: center;\"><a href=\"https:\/\/www.gym-toelz.de\/wp-content\/uploads\/2026\/03\/Anmeldung_musischer_Zweig_Stand-2026.pdf\" target=\"_blank\" rel=\"noopener\">Anmeldung zum musischen Zweig <img loading=\"lazy\" decoding=\"async\" class=\"wp-image-1873 alignnone\" src=\"https:\/\/www.gym-toelz.de\/wp-content\/uploads\/2025\/07\/icons8-new-tab-48.png\" alt=\"\" width=\"18\" height=\"18\" srcset=\"https:\/\/www.gym-toelz.de\/wp-content\/uploads\/2025\/07\/icons8-new-tab-48.png 48w, https:\/\/www.gym-toelz.de\/wp-content\/uploads\/2025\/07\/icons8-new-tab-48-36x36.png 36w\" sizes=\"auto, (max-width: 18px) 100vw, 18px\" \/><\/a><\/p>\n<p style=\"text-align: left;\">Weitere hilfreiche Informationen:<\/p>\n<p style=\"text-align: center;\"><a href=\"https:\/\/www.gym-toelz.de\/index.php\/angebote-aktivitaeten\/pzw\/\" target=\"_blank\" rel=\"noopener\">Partnerzentrum des Wintersports (PZW) <img loading=\"lazy\" decoding=\"async\" class=\"alignnone wp-image-1873\" src=\"https:\/\/www.gym-toelz.de\/wp-content\/uploads\/2025\/07\/icons8-new-tab-48.png\" alt=\"\" width=\"19\" height=\"19\" srcset=\"https:\/\/www.gym-toelz.de\/wp-content\/uploads\/2025\/07\/icons8-new-tab-48.png 48w, https:\/\/www.gym-toelz.de\/wp-content\/uploads\/2025\/07\/icons8-new-tab-48-36x36.png 36w\" sizes=\"auto, (max-width: 19px) 100vw, 19px\" \/><\/a><\/p>\n<p style=\"text-align: center;\"><a href=\"https:\/\/www.gym-toelz.de\/index.php\/unterricht\/faecher\/musik\/#MusischerZweig\" target=\"_blank\" rel=\"noopener\">Musischer Zweig <img loading=\"lazy\" decoding=\"async\" class=\"alignnone wp-image-1873\" src=\"https:\/\/www.gym-toelz.de\/wp-content\/uploads\/2025\/07\/icons8-new-tab-48.png\" alt=\"\" width=\"18\" height=\"18\" srcset=\"https:\/\/www.gym-toelz.de\/wp-content\/uploads\/2025\/07\/icons8-new-tab-48.png 48w, https:\/\/www.gym-toelz.de\/wp-content\/uploads\/2025\/07\/icons8-new-tab-48-36x36.png 36w\" sizes=\"auto, (max-width: 18px) 100vw, 18px\" \/><\/a><\/p>\n<p style=\"text-align: center;\"><a href=\"https:\/\/www.gym-toelz.de\/index.php\/unterricht\/zweige\/\">Sprachen- und Zweigwahl sowie Ausbildungsrichtungen <img loading=\"lazy\" decoding=\"async\" class=\"alignnone wp-image-1873\" src=\"https:\/\/www.gym-toelz.de\/wp-content\/uploads\/2025\/07\/icons8-new-tab-48.png\" alt=\"\" width=\"18\" height=\"18\" srcset=\"https:\/\/www.gym-toelz.de\/wp-content\/uploads\/2025\/07\/icons8-new-tab-48.png 48w, https:\/\/www.gym-toelz.de\/wp-content\/uploads\/2025\/07\/icons8-new-tab-48-36x36.png 36w\" sizes=\"auto, (max-width: 18px) 100vw, 18px\" \/><\/a><\/p>\n<p style=\"text-align: center;\"><a href=\"https:\/\/www.gym-toelz.de\/index.php\/unterricht\/stundentafeln\/\">Stundentafeln unserer gymnasialen Zweige <img loading=\"lazy\" decoding=\"async\" class=\"alignnone wp-image-1873\" src=\"https:\/\/www.gym-toelz.de\/wp-content\/uploads\/2025\/07\/icons8-new-tab-48.png\" alt=\"\" width=\"18\" height=\"18\" srcset=\"https:\/\/www.gym-toelz.de\/wp-content\/uploads\/2025\/07\/icons8-new-tab-48.png 48w, https:\/\/www.gym-toelz.de\/wp-content\/uploads\/2025\/07\/icons8-new-tab-48-36x36.png 36w\" sizes=\"auto, (max-width: 18px) 100vw, 18px\" \/><\/a><\/p>\n<p style=\"text-align: center;\"><a href=\"https:\/\/www.gym-toelz.de\/index.php\/unsere-schule\/ueber-uns\/ogs\/\" target=\"_blank\" rel=\"noopener\">Offene Ganztagsschule (OGS) <\/a><img loading=\"lazy\" decoding=\"async\" class=\"wp-image-1873 alignnone\" src=\"https:\/\/www.gym-toelz.de\/wp-content\/uploads\/2025\/07\/icons8-new-tab-48.png\" alt=\"\" width=\"18\" height=\"18\" srcset=\"https:\/\/www.gym-toelz.de\/wp-content\/uploads\/2025\/07\/icons8-new-tab-48.png 48w, https:\/\/www.gym-toelz.de\/wp-content\/uploads\/2025\/07\/icons8-new-tab-48-36x36.png 36w\" sizes=\"auto, (max-width: 18px) 100vw, 18px\" \/><\/p>\n<\/div><\/section>\n<div  class='togglecontainer av-mdag96mv-5d395681b0e87be40fc62ea6989f122e  avia-builder-el-1  el_after_av_textblock  avia-builder-el-last  toggle_close_all' >\n<section class='av_toggle_section av-mdagcray-fce69e2e1cc11583bd299ee610e77b9d'  itemscope=\"itemscope\" itemtype=\"https:\/\/schema.org\/CreativeWork\" ><div role=\"tablist\" class=\"single_toggle\" data-tags=\"{Alle} \"  ><p id='toggle-toggle-id-1' data-fake-id='#toggle-id-1' class='toggler  av-title-above '  itemprop=\"headline\"  role='tab' tabindex='0' aria-controls='toggle-id-1' data-slide-speed=\"200\" data-title=\"Tipps f\u00fcr den \u00dcbertritt\" data-title-open=\"\" data-aria_collapsed=\"Click to expand: Tipps f\u00fcr den \u00dcbertritt\" data-aria_expanded=\"Click to collapse: Tipps f\u00fcr den \u00dcbertritt\">Tipps f\u00fcr den \u00dcbertritt<span class=\"toggle_icon\"><span class=\"vert_icon\"><\/span><span class=\"hor_icon\"><\/span><\/span><\/p><div id='toggle-id-1' aria-labelledby='toggle-toggle-id-1' role='region' class='toggle_wrap  av-title-above'  ><div class='toggle_content invers-color '  itemprop=\"text\" ><p>Die Eltern bitten wir mitzuhelfen, damit der schulische Erfolg und damit die Lernfreude ihrer Kinder erhalten bleiben. Wiederholen, \u00fcben und sichern Sie mit Ihrem Kind folgende Punkte gerade zum Beginn des neuen Schuljahres hin. So geben Sie lhrem Kind Sicherheit und Selbstvertrauen f\u00fcr den Start in diesen neuen Lebensabschnitt.<br \/>\nFolgende Kompetenzen setzen wir voraus:<\/p>\n<p><strong>1. Fachliche Kompetenzen<\/strong><\/p>\n<p>Mathematik:<\/p>\n<ul>\n<li>automatisiertes Einmaleins<\/li>\n<li>Beherrschung der schriftlichen Rechenverfahren aller Grundrechenarten (auch das schriftliche Divisionsverfahren, das meist erst nach dem \u00dcbertrittszeugnis behandelt wird)<\/li>\n<li>gesicherte Rechenfertigkeit (Kopfrechnen)<\/li>\n<\/ul>\n<p>Deutsch:<\/p>\n<ul>\n<li>Rechtschreibsicherheit in ge\u00fcbten und freien Texten<\/li>\n<li>Lesekompetenz<\/li>\n<li>Kenntnis lateinischer Fachbegriffe (Wortarten, F\u00e4lle, Satzglieder)<\/li>\n<\/ul>\n<p><strong>2. Arbeits- und Methodenkompetenzen<\/strong><\/p>\n<ul>\n<li>selbstst\u00e4ndiges F\u00fchren des Hausaufgabenheftes<\/li>\n<li>konsequente, vollst\u00e4ndige und \u00fcberwiegend selbstst\u00e4ndige Erledigung der Hausaufgaben<\/li>\n<li>saubere, ordentliche Schrift und \u00fcbersichtliche Heftf\u00fchrung<\/li>\n<li>Selbstst\u00e4ndigkeit beim Packen des Schulranzens<\/li>\n<li>zuverl\u00e4ssiges Mitbringen von Arbeitsmaterialien<\/li>\n<li>eigenst\u00e4ndige lnformationsbeschaffung (Duden, Lexikon, Internet)<\/li>\n<li>Konzentrationsf\u00e4higkeit<\/li>\n<li>Zuh\u00f6rf\u00e4higkeit im Unterrichtsgespr\u00e4ch<\/li>\n<li>Arbeitstempo<\/li>\n<\/ul>\n<\/div><\/div><\/div><\/section>\n<section class='av_toggle_section av-mdagd8th-7ab847836e51ee5241ce790c8c4a1ca6'  itemscope=\"itemscope\" itemtype=\"https:\/\/schema.org\/CreativeWork\" ><div role=\"tablist\" class=\"single_toggle\" data-tags=\"{Alle} \"  ><p id='toggle-toggle-id-2' data-fake-id='#toggle-id-2' class='toggler  av-title-above '  itemprop=\"headline\"  role='tab' tabindex='0' aria-controls='toggle-id-2' data-slide-speed=\"200\" data-title=\"Fremdsprachenprofil\" data-title-open=\"\" data-aria_collapsed=\"Click to expand: Fremdsprachenprofil\" data-aria_expanded=\"Click to collapse: Fremdsprachenprofil\">Fremdsprachenprofil<span class=\"toggle_icon\"><span class=\"vert_icon\"><\/span><span class=\"hor_icon\"><\/span><\/span><\/p><div id='toggle-id-2' aria-labelledby='toggle-toggle-id-2' role='region' class='toggle_wrap  av-title-above'  ><div class='toggle_content invers-color '  itemprop=\"text\" ><p>F\u00fcr die sprachinteressierten Sch\u00fclerinnen und Sch\u00fcler bietet das Gabriel-von-Seidl-Gymnasium ein an ihren F\u00e4higkeiten orientiertes, in sich abgestimmtes Konzept zum Erlernen moderner Fremdsprachen mit dem Ziel gymnasialer Bildung: der Beherrschung von mindestens zwei Fremdsprachen. Alle Sch\u00fcler beginnen in der 5. Jahrgangsstufe mit Englisch. In der 6. Jahrgangsstufe kommt Franz\u00f6sisch oder Latein hinzu. Sollten sie sich f\u00fcr die sprachliche Ausbildungsrichtung entscheiden, erweitern sie ab der 8. Jahrgangsstufe die Fremdsprachenfolge Englisch \u2013 Latein mit Franz\u00f6sisch als 3. Fremdsprache. Ab der 11. Jahrgangsstufe kann Latein oder Franz\u00f6sisch durch Italienisch ersetzt werden. Sprachbegabte und zugleich geschichtsinteressierte Sch\u00fcler erhalten in der 8. und 9. Jahrgangsstufe Geschichte zweisprachig mit Englisch als Unterrichtssprache.<br \/>\nWir leben in einer international verflochtenen Welt. Aus diesem Grund legt das GVS gro\u00dfen Wert auf praktische Spracherfahrung. Die Austauschprogramme sind eines unserer vielen Qualit\u00e4tsmerkmale. Unsere Sch\u00fcler erweitern dadurch zum einen ihre Sprechfertigkeit, lernen zum anderen aber auch Land und Leute kennen.<br \/>\nIn einem auf die verschiedenen Altersstufen und jeweiligen Sprachniveaus abgestimmten Angebot werden alle bei uns gelehrten, modernen Fremdsprachen ber\u00fccksichtigt. Im zweiten Lernjahr Franz\u00f6sisch besuchen die Siebtkl\u00e4ssler das Coll\u00e8ge les C\u00e9lestins (Vichy, Frankreich); Sch\u00fcler mit Franz\u00f6sisch als dritter Fremdsprache reisen in der 9. Jahrgangsstufe in die Normandie an das Lyc\u00e9e Rabelais (Saint Brieuc, Frankreich). Zur Verbesserung der englischen Sprache bieten wir in der 11. Jahrgangsstufe einen Besuch der Timber Creek High School und der Keller High School (Fort Worth, Texas, USA), oder des Paul Roos Gimnasiums (Stellenbosch, S\u00fcdafrika) an. Abgerundet wird unser Austauschprogramm durch den j\u00e4hrlichen Austausch mit dem Liceo Scientifico (Pisa, Italien), um die Sprach- und Kulturkenntnisse des Italienischen zu vertiefen.<br \/>\nBesonders an Franz\u00f6sisch interessierten Sch\u00fclern werden jedes Jahr Vorbereitung und Teilnahme an der DELF-Pr\u00fcfung des franz\u00f6sischen Bildungsministeriums angeboten. Besonders sprachtalentierte und zugleich politikinteressierte Sch\u00fcler nehmen ab der 9. Jahrgangsstufe am vorbereitenden Wahlunterricht und den auf h\u00f6chstem englischen Sprachniveau stattfindenden internationalen Veranstaltungen \u201eModel United Nations\u201c in Kopenhagen (D\u00e4nemark), Haarlem (Niederlande) und Istanbul (T\u00fcrkei) teil.<br \/>\nDas Fremdsprachenkonzept wird abgerundet durch eine gezielte Unterst\u00fctzung bei der Teilnahme am Bundeswettbewerb Fremdsprachen. Hier hat das GvS in den letzten Jahren \u00fcberdurchschnittlich viele Sch\u00fcler bis zum Landesfinale und einige sogar bis zum Bundesfinale f\u00fchren k\u00f6nnen und ist daf\u00fcr 2015 mit dem Schulpreis des Kultusministeriums ausgezeichnet worden.<\/p>\n<\/div><\/div><\/div><\/section>\n<\/div>\n","protected":false},"excerpt":{"rendered":"","protected":false},"author":3,"featured_media":0,"parent":29,"menu_order":5,"comment_status":"closed","ping_status":"closed","template":"","meta":{"footnotes":""},"class_list":["post-366","page","type-page","status-publish","hentry"],"_links":{"self":[{"href":"https:\/\/www.gym-toelz.de\/index.php\/wp-json\/wp\/v2\/pages\/366","targetHints":{"allow":["GET"]}}],"collection":[{"href":"https:\/\/www.gym-toelz.de\/index.php\/wp-json\/wp\/v2\/pages"}],"about":[{"href":"https:\/\/www.gym-toelz.de\/index.php\/wp-json\/wp\/v2\/types\/page"}],"author":[{"embeddable":true,"href":"https:\/\/www.gym-toelz.de\/index.php\/wp-json\/wp\/v2\/users\/3"}],"replies":[{"embeddable":true,"href":"https:\/\/www.gym-toelz.de\/index.php\/wp-json\/wp\/v2\/comments?post=366"}],"version-history":[{"count":40,"href":"https:\/\/www.gym-toelz.de\/index.php\/wp-json\/wp\/v2\/pages\/366\/revisions"}],"predecessor-version":[{"id":2907,"href":"https:\/\/www.gym-toelz.de\/index.php\/wp-json\/wp\/v2\/pages\/366\/revisions\/2907"}],"up":[{"embeddable":true,"href":"https:\/\/www.gym-toelz.de\/index.php\/wp-json\/wp\/v2\/pages\/29"}],"wp:attachment":[{"href":"https:\/\/www.gym-toelz.de\/index.php\/wp-json\/wp\/v2\/media?parent=366"}],"curies":[{"name":"wp","href":"https:\/\/api.w.org\/{rel}","templated":true}]}}