{"id":32,"date":"2025-05-15T15:33:39","date_gmt":"2025-05-15T15:33:39","guid":{"rendered":"https:\/\/www.gym-toelz.de\/?page_id=32"},"modified":"2026-01-28T16:35:23","modified_gmt":"2026-01-28T15:35:23","slug":"unsere-schule","status":"publish","type":"page","link":"https:\/\/www.gym-toelz.de\/index.php\/unsere-schule\/","title":{"rendered":"Unsere Schule"},"content":{"rendered":"<section  class='av_textblock_section av-osm8-32f23671b47d81e6398bb02b9d1b5ea0 '   itemscope=\"itemscope\" itemtype=\"https:\/\/schema.org\/CreativeWork\" ><div class='avia_textblock'  itemprop=\"text\" ><h2>Das Gabriel-von-Seidl-Gymnasium Bad T\u00f6lz<\/h2>\n<p>Das Gabriel-von-Seidl-Gymnasium Bad T\u00f6lz zeichnet sich durch eine Vielzahl p\u00e4dagogischer Bausteine aus, durch die der gesetzliche Bildungs- und Erziehungsauftrag \u00fcber den gew\u00f6hnlichen Rahmen eines bayerischen Gymnasiums hinaus besonders erfolgreich umgesetzt wird. Wir nehmen Art. 131 Bayerische Verfassung sehr ernst, indem wir nicht nur Wissen und K\u00f6nnen vermitteln, sondern auch Herz und Hand bilden.<\/p>\n<p>Bildung ist f\u00fcr uns ein wertvolles Gut. Wir versuchen t\u00e4glich, die vielen klugen K\u00f6pfe unserer Schule zu fordern und zu f\u00f6rdern, sie zu hohen kognitiven Leistungen zu bef\u00e4higen. Als Referenzschule f\u00fcr Medienbildung und als vom Ministerium ausgew\u00e4hltem Regionalzentrum f\u00fcr Begabtenf\u00f6rderung liegt uns die systematische Individualisierung und Unterst\u00fctzung von Lehr-Lern-Prozessen besonders am Herzen. Naturwissenschaftlich begabte Sch\u00fclerinnen und Sch\u00fcler werden \u00fcber den t\u00e4glichen Unterricht hinaus in Forschergruppen gef\u00f6rdert, besonders talentierte bereiten sich auf die Teilnahme an Wettbewerben wie \u201eJugend forscht\u201c vor. Sprachlich begabte Sch\u00fcler erhalten die M\u00f6glichkeit, in Franz\u00f6sisch ein zus\u00e4tzliches Sprachdiplom (DELF) zu absolvieren oder k\u00f6nnen an den zahlreichen internationalen Austauschprogrammen mit unseren Partnerschulen, an den Erasmus+-Projekten, an Model United Nations oder am Bundeswettbewerb Fremdsprachen teilnehmen.<\/p>\n<p style=\"text-align: center;\"><a href=\"https:\/\/www.gym-toelz.de\/index.php\/angebote-aktivitaeten\/partner-projekte\/\">Hier k\u00f6nnen Sie mehr \u00fcber unsere Partner &amp; Projekte erfahren <img loading=\"lazy\" decoding=\"async\" class=\"alignnone wp-image-1873\" src=\"https:\/\/www.gym-toelz.de\/wp-content\/uploads\/2025\/07\/icons8-new-tab-48.png\" alt=\"\" width=\"18\" height=\"18\" srcset=\"https:\/\/www.gym-toelz.de\/wp-content\/uploads\/2025\/07\/icons8-new-tab-48.png 48w, https:\/\/www.gym-toelz.de\/wp-content\/uploads\/2025\/07\/icons8-new-tab-48-36x36.png 36w\" sizes=\"auto, (max-width: 18px) 100vw, 18px\" \/><\/a><\/p>\n<p>Zudem haben sie die M\u00f6glichkeit, in der 8. und 9. Jahrgangsstufe Geschichte bilingual auf Deutsch und Englisch zu lernen.<\/p>\n<p>Gymnasialer Bildungsanspruch umfasst neben hohen intellektuellen Herausforderungen die Entfaltung k\u00fcnstlerischer und sportlicher Begabungen. Dazu bieten wir vielf\u00e4ltige M\u00f6glichkeiten \u00fcber die musische Ausbildungsrichtung hinaus durch eine breite Palette musikalischer Ensembles von der Rock Band \u00fcber die Ch\u00f6re bis zum Gro\u00dfen Sinfonieorchester. Vielf\u00e4ltige Angebote des Wahlunterrichts gehen auf die verschiedensten Interessen. Als Partnerzentrum des Wintersports unterst\u00fctzen wir leistungssportorientierte Nachwuchskaderathleten bei der Vereinbarkeit von Leistungssport und gymnasialer Bildung. Unsere Wettkampfmannschaften im Skilanglauf, Volleyball, Mountainbike und Tanz erreichen immer wieder vordere Pl\u00e4tze auf Bezirks-, Landes- und Bundesmeisterschaften.<\/p>\n<\/div><\/section>\n","protected":false},"excerpt":{"rendered":"","protected":false},"author":2,"featured_media":0,"parent":0,"menu_order":10,"comment_status":"closed","ping_status":"closed","template":"","meta":{"footnotes":""},"class_list":["post-32","page","type-page","status-publish","hentry"],"_links":{"self":[{"href":"https:\/\/www.gym-toelz.de\/index.php\/wp-json\/wp\/v2\/pages\/32","targetHints":{"allow":["GET"]}}],"collection":[{"href":"https:\/\/www.gym-toelz.de\/index.php\/wp-json\/wp\/v2\/pages"}],"about":[{"href":"https:\/\/www.gym-toelz.de\/index.php\/wp-json\/wp\/v2\/types\/page"}],"author":[{"embeddable":true,"href":"https:\/\/www.gym-toelz.de\/index.php\/wp-json\/wp\/v2\/users\/2"}],"replies":[{"embeddable":true,"href":"https:\/\/www.gym-toelz.de\/index.php\/wp-json\/wp\/v2\/comments?post=32"}],"version-history":[{"count":10,"href":"https:\/\/www.gym-toelz.de\/index.php\/wp-json\/wp\/v2\/pages\/32\/revisions"}],"predecessor-version":[{"id":3574,"href":"https:\/\/www.gym-toelz.de\/index.php\/wp-json\/wp\/v2\/pages\/32\/revisions\/3574"}],"wp:attachment":[{"href":"https:\/\/www.gym-toelz.de\/index.php\/wp-json\/wp\/v2\/media?parent=32"}],"curies":[{"name":"wp","href":"https:\/\/api.w.org\/{rel}","templated":true}]}}

<section  class='av_textblock_section av-osm8-32f23671b47d81e6398bb02b9d1b5ea0 '   itemscope="itemscope" itemtype="https://schema.org/CreativeWork" ><div class='avia_textblock'  itemprop="text" ><h2>Das Gabriel-von-Seidl-Gymnasium Bad Tölz</h2>
<p>Das Gabriel-von-Seidl-Gymnasium Bad Tölz zeichnet sich durch eine Vielzahl pädagogischer Bausteine aus, durch die der gesetzliche Bildungs- und Erziehungsauftrag über den gewöhnlichen Rahmen eines bayerischen Gymnasiums hinaus besonders erfolgreich umgesetzt wird. Wir nehmen Art. 131 Bayerische Verfassung sehr ernst, indem wir nicht nur Wissen und Können vermitteln, sondern auch Herz und Hand bilden.</p>
<p>Bildung ist für uns ein wertvolles Gut. Wir versuchen täglich, die vielen klugen Köpfe unserer Schule zu fordern und zu fördern, sie zu hohen kognitiven Leistungen zu befähigen. Als Referenzschule für Medienbildung und als vom Ministerium ausgewähltem Regionalzentrum für Begabtenförderung liegt uns die systematische Individualisierung und Unterstützung von Lehr-Lern-Prozessen besonders am Herzen. Naturwissenschaftlich begabte Schülerinnen und Schüler werden über den täglichen Unterricht hinaus in Forschergruppen gefördert, besonders talentierte bereiten sich auf die Teilnahme an Wettbewerben wie „Jugend forscht“ vor. Sprachlich begabte Schüler erhalten die Möglichkeit, in Französisch ein zusätzliches Sprachdiplom (DELF) zu absolvieren oder können an den zahlreichen internationalen Austauschprogrammen mit unseren Partnerschulen, an den Erasmus+-Projekten, an Model United Nations oder am Bundeswettbewerb Fremdsprachen teilnehmen.</p>
<p style="text-align: center;"><a href="https://www.gym-toelz.de/index.php/angebote-aktivitaeten/partner-projekte/">Hier können Sie mehr über unsere Partner &amp; Projekte erfahren <img loading="lazy" decoding="async" class="alignnone wp-image-1873" src="https://www.gym-toelz.de/wp-content/uploads/2025/07/icons8-new-tab-48.png" alt="" width="18" height="18" srcset="https://www.gym-toelz.de/wp-content/uploads/2025/07/icons8-new-tab-48.png 48w, https://www.gym-toelz.de/wp-content/uploads/2025/07/icons8-new-tab-48-36x36.png 36w" sizes="auto, (max-width: 18px) 100vw, 18px" /></a></p>
<p>Zudem haben sie die Möglichkeit, in der 8. und 9. Jahrgangsstufe Geschichte bilingual auf Deutsch und Englisch zu lernen.</p>
<p>Gymnasialer Bildungsanspruch umfasst neben hohen intellektuellen Herausforderungen die Entfaltung künstlerischer und sportlicher Begabungen. Dazu bieten wir vielfältige Möglichkeiten über die musische Ausbildungsrichtung hinaus durch eine breite Palette musikalischer Ensembles von der Rock Band über die Chöre bis zum Großen Sinfonieorchester. Vielfältige Angebote des Wahlunterrichts gehen auf die verschiedensten Interessen. Als Partnerzentrum des Wintersports unterstützen wir leistungssportorientierte Nachwuchskaderathleten bei der Vereinbarkeit von Leistungssport und gymnasialer Bildung. Unsere Wettkampfmannschaften im Skilanglauf, Volleyball, Mountainbike und Tanz erreichen immer wieder vordere Plätze auf Bezirks-, Landes- und Bundesmeisterschaften.</p>
</div></section>
