{"id":3,"date":"2025-05-15T13:47:53","date_gmt":"2025-05-15T13:47:25","guid":{"rendered":"https:\/\/www.gym-toelz.de\/?page_id=3"},"modified":"2025-07-04T13:12:48","modified_gmt":"2025-07-04T13:12:48","slug":"privacy-policy","status":"publish","type":"page","link":"https:\/\/www.gym-toelz.de\/index.php\/privacy-policy\/","title":{"rendered":"Datenschutz"},"content":{"rendered":"<h3>Datenschutzerkl\u00e4rung<\/h3>\n<p>Diese Datenschutzerkl\u00e4rung bezieht sich auf die Verarbeitung personenbezogener Daten im Rahmen dieses Internetauftritts, einschlie\u00dflich der dort angebotenen Dienste.<\/p>\n<p>F\u00fcr n\u00e4here Informationen zur Verarbeitung Ihrer personenbezogenen Daten k\u00f6nnen Sie uns unter den unten genannten Kontaktdaten erreichen.<\/p>\n<h4>Allgemeine Hinweise<\/h4>\n<p>Name und Kontaktdaten des Verantwortlichen<\/p>\n<p>Gabriel-von-Seidl-Gymnasium<\/p>\n<p>Postanschrift: Hindenburgstra\u00dfe 26; 83646 Bad T\u00f6lz<\/p>\n<p>Telefon: 08041\/7 99 488 0<\/p>\n<p>Telefax: 08041\/7 99 488 400<\/p>\n<p>sekretariat@gymtoelz.de<\/p>\n<p>Kontaktdaten des Datenschutzbeauftragten<\/p>\n<p>Sie erreichen unseren beh\u00f6rdlichen Datenschutzbeauftragten unter:<\/p>\n<p>Ruprecht Steinh\u00fcbl<\/p>\n<p>Postanschrift: Hindenburgstra\u00dfe 26; 83646 Bad T\u00f6lz<\/p>\n<p>Telefon: 08041\/7 99 488 0<\/p>\n<p>Telefax: &#8211;<\/p>\n<p>datenschutz@gymtoelz.de<\/p>\n<p>Zwecke und Rechtsgrundlagen f\u00fcr die Verarbeitung personenbezogener Daten<\/p>\n<p>Zweck der Verarbeitung ist die Erf\u00fcllung der uns vom Gesetzgeber zugewiesenen \u00f6ffentlichen Aufgaben.<\/p>\n<p>Die Rechtsgrundlage f\u00fcr die Verarbeitung Ihrer Daten ergibt sich, soweit nichts anderes angegeben ist, aus Art. 4 Abs. 1 des Bayerischen Datenschutzgesetzes (BayDSG) in Verbindung mit Art. 6 Abs. 1 Buchstabe e der Datenschutzgrundverordnung (DSGVO). Demnach ist es uns erlaubt, die zur Erf\u00fcllung einer uns obliegenden Aufgabe erforderlichen Daten zu verarbeiten.<\/p>\n<p>Soweit Sie in eine Verarbeitung eingewilligt haben, st\u00fctzt sich die Datenverarbeitung auf Art. 6 Abs. 1 Buchstabe a DSGVO.<\/p>\n<h4>Empf\u00e4nger von personenbezogenen Daten<\/h4>\n<p>Soweit Ihre Daten elektronisch verarbeitet werden, erfolgt der technische Betrieb unserer Datenverarbeitungssysteme durch<\/p>\n<p>das Landratsamt Bad T\u00f6lz<\/p>\n<p>Gegebenenfalls werden Ihre Daten an die zust\u00e4ndigen Aufsichts- und Rechnungspr\u00fcfungsbeh\u00f6rden zur Wahrnehmung der jeweiligen Kontrollrechte \u00fcbermittelt.<\/p>\n<p>Zur Abwehr von Gefahren f\u00fcr die Sicherheit in der Informationstechnik k\u00f6nnen Protokolldaten auf Grundlage von Art. 12 des Bayerischen E-Government-Gesetzes an das Landesamt f\u00fcr Sicherheit in der Informationstechnik weitergeleitet werden (n\u00e4heres siehe unter \u201eProtokollierung\u201c).<\/p>\n<p>Dauer der Speicherung der personenbezogenen Daten<\/p>\n<p>Ihre Daten werden nur so lange gespeichert, wie dies unter Beachtung gesetzlicher Aufbewahrungsfristen f\u00fcr zur Aufgabenerf\u00fcllung erforderlich ist.<\/p>\n<h4>Rechte der betroffenen Person<\/h4>\n<p>Soweit wir von Ihnen personenbezogene Daten verarbeiten, stehen Ihnen als Betroffener nachfolgende Rechte zu:<\/p>\n<p>Werden Ihre personenbezogenen Daten verarbeitet, so haben Sie das Recht, Auskunft \u00fcber die zu Ihrer Person gespeicherten Daten zu erhalten (Art. 15 DSGVO).<\/p>\n<p>Sollten unrichtige personenbezogene Daten verarbeitet werden, steht Ihnen ein Recht auf Berichtigung zu (Art. 16 DSGVO).<\/p>\n<p>Liegen die gesetzlichen Voraussetzungen vor, so k\u00f6nnen Sie die L\u00f6schung oder Einschr\u00e4nkung der Verarbeitung verlangen, sowie Widerspruch gegen die Verarbeitung einlegen (Art. 17, 18 und 21 DSGVO).<\/p>\n<p>Wenn Sie in die Verarbeitung eingewilligt haben oder ein Vertrag zur Datenverarbeitung besteht und die Datenverarbeitung mithilfe automatisierter Verfahren durchgef\u00fchrt wird, steht Ihnen gegebenenfalls ein Recht auf Daten\u00fcbertragbarkeit zu (Art. 20 DSGVO).<\/p>\n<p>Falls Sie in die Verarbeitung eingewilligt haben und die Verarbeitung auf dieser Einwilligung beruht, k\u00f6nnen Sie die Einwilligung jederzeit f\u00fcr die Zukunft widerrufen. Die Rechtm\u00e4\u00dfigkeit der aufgrund der Einwilligung bis zum Widerruf erfolgten Datenverarbeitung wird durch diesen nicht ber\u00fchrt.<\/p>\n<p>Ausf\u00fchrlichere Informationen zu diesen Rechten erteilt Ihnen auch unser beh\u00f6rdlicher Datenschutzbeauftragter.<\/p>\n<h4>Beschwerderecht bei der Aufsichtsbeh\u00f6rde<\/h4>\n<p>Weiterhin besteht ein Beschwerderecht beim Bayerischen Landesbeauftragten f\u00fcr den Datenschutz. Diesen k\u00f6nnen Sie unter folgenden Kontaktdaten erreichen:<\/p>\n<p>Postanschrift: Postfach 22 12 19, 80502 M\u00fcnchen<\/p>\n<p>Adresse: Wagm\u00fcllerstra\u00dfe 18, 80538 M\u00fcnchen<\/p>\n<p>Telefon: 089 212672-0<\/p>\n<p>Telefax: 089 212672-50<\/p>\n<p>E-Mail: poststelle@datenschutz-bayern.de<\/p>\n<p>Internet: https:\/\/www.datenschutz-bayern.de\/<\/p>\n<p>Besondere Hinweise zum Internetangebot<\/p>\n<h4>Technische Umsetzung<\/h4>\n<p>Unser Webserver wird durch publishsoft e. K., Konstanz betrieben. Die von Ihnen im Rahmen des Besuchs unseres Webauftritts \u00fcbermittelten personenbezogenen Daten werden daher in unserem Auftrag durch publishsoft e. K. verarbeitet:<\/p>\n<p>Auftragsverarbeiter: publishsoft Wolfgang Schmitt e. K.<\/p>\n<p>Postanschrift: Siedlerweg 1, 78464 Konstanz, Deutschland<\/p>\n<h4>Protokollierung<\/h4>\n<p>Wenn Sie diese oder andere Internetseiten aufrufen, \u00fcbermitteln Sie \u00fcber Ihren Internetbrowser Daten an unseren Webserver. Die folgenden Daten werden w\u00e4hrend einer laufenden Verbindung zur Kommunikation zwischen Ihrem Internetbrowser und unserem Webserver aufgezeichnet:<\/p>\n<p>Datum und Uhrzeit der Anforderung<\/p>\n<p>Name der angeforderten Datei<\/p>\n<p>Seite, von der aus die Datei angefordert wurde<\/p>\n<p>Zugriffsstatus (Datei \u00fcbertragen, Datei nicht gefunden, etc.)<\/p>\n<p>verwendete Webbrowser und verwendetes Betriebssystem<\/p>\n<p>vollst\u00e4ndige IP-Adresse des anfordernden Rechners<\/p>\n<p>\u00fcbertragene Datenmenge.<\/p>\n<p>Aus Gr\u00fcnden der technischen Sicherheit, insbesondere zur Abwehr von Angriffsversuchen auf unseren Webserver, werden diese Daten von uns gespeichert. Nach sp\u00e4testens sieben Tagen werden die Daten durch Verk\u00fcrzung der IP-Adresse auf Domain-Ebene anonymisiert, so dass es nicht mehr m\u00f6glich ist, einen Bezug auf einzelne Nutzer herzustellen.<\/p>\n<p>Zur Abwehr von Gefahren f\u00fcr die Sicherheit in der Informationstechnik werden diese Daten auf Grundlage von Art. 12 des Bayerischen E-Government-Gesetzes an das Landesamt f\u00fcr Sicherheit in der Informationstechnik weitergeleitet.<\/p>\n<p>Aktive Komponenten<\/p>\n<p>Im Informationsangebot des Gabriel-von-Seidl-Gymnasiums werden aktive Komponenten wie Javascript, Java-Applets oder Active-X-Controls verwendet. Diese Funktion kann durch die Einstellung Ihres Internetbrowsers von Ihnen abgeschaltet werden.<\/p>\n<h4>Cookies<\/h4>\n<p>Auf einigen unserer Seiten verwenden wir allgemeine Cookies, um Ihnen die Nutzung unserer Webseiten zu erleichtern. Dabei handelt es sich um kleine Textdateien, die nur f\u00fcr die Dauer Ihres Besuchs unserer Webseite auf Ihrer Festplatte hinterlegt und abh\u00e4ngig von der Einstellung Ihres Browser-Programms beim Beenden des Browsers wieder gel\u00f6scht werden. Diese Cookies rufen keine auf Ihrer Festplatte \u00fcber Sie gespeicherten Informationen ab und beeintr\u00e4chtigen nicht Ihren PC oder Ihre Dateien. Die meisten Browser sind so eingestellt, dass sie Cookies automatisch akzeptieren. Sie k\u00f6nnen das Speichern von Cookies jedoch deaktivieren oder so einstellen, dass er Sie auf die Sendung von Cookies hinweist.<br \/>\nAusnahmen: Cookies zu Webaccess und Cookie-Consent (Hinweis-Fenster) verbleiben auf Ihrem System. Cookies zur Schriftgr\u00f6\u00dfe werden gel\u00f6scht sobald Sie wieder zur Standardschrift zur\u00fcckkehren.<\/p>\n<p>Auswertung des Nutzerverhaltens (Webtracking-Systeme; Reichweitenmessung)<\/p>\n<p>Programme zur Auswertung des Nutzerverhaltens werden von uns nicht eingesetzt.<\/p>\n<h4>Erhebung weiterer Daten<\/h4>\n<p>Es ist zum jetzigen Zeitpunkt nicht m\u00f6glich in unserem Internetauftritt pers\u00f6nliche oder gesch\u00e4ftliche Daten einzugeben.<br \/>\nSollte sich dies \u00e4ndern wird aber folgender Passus gelten:<br \/>\nSoweit Sie in unserem Internetauftritt pers\u00f6nliche oder gesch\u00e4ftliche Daten (E-Mail-Adressen, Namen, Anschriften, etc.) eingeben, werden diese ausschlie\u00dflich f\u00fcr die \u00dcbersendung der gew\u00fcnschten Informationen oder die im Formular genannten Zwecke verwendet. Ihre Daten werden dabei auf dem Transport unter Verwendung einer Software (SSL) verschl\u00fcsselt und sind vor einer Kenntnisnahme durch Dritte gesch\u00fctzt. Die Daten werden nicht an Dritte weitergegeben. Die Nutzung der dort angebotenen Serviceleistungen und Dienste erfolgt auf freiwilliger Basis.<\/p>\n<h4>Elektronische Post (E-Mail)<\/h4>\n<p>Informationen, die Sie unverschl\u00fcsselt per Elektronische Post (E-Mail) an uns senden, k\u00f6nnen m\u00f6glicherweise auf dem \u00dcbertragungsweg von Dritten gelesen werden. Wir k\u00f6nnen in der Regel auch Ihre Identit\u00e4t nicht \u00fcberpr\u00fcfen und wissen nicht, wer sich hinter einer E-Mail-Adresse verbirgt. Eine rechtssichere Kommunikation durch einfache E-Mail ist daher nicht gew\u00e4hrleistet. Wir setzen &#8211; wie viele E-Mail-Anbieter &#8211; Filter gegen unerw\u00fcnschte Werbung (\u201eSPAM-Filter\u201c) ein, die in seltenen F\u00e4llen auch normale E-Mails f\u00e4lschlicherweise automatisch als unerw\u00fcnschte Werbung einordnen und l\u00f6schen. E-Mails, die sch\u00e4digende Programme (\u201eViren\u201c) enthalten, werden von uns in jedem Fall automatisch gel\u00f6scht.<\/p>\n<p>Wenn Sie schutzw\u00fcrdige Nachrichten an uns senden wollen, empfehlen wir, diese zu verschl\u00fcsseln und zu signieren, um eine unbefugte Kenntnisnahme und Verf\u00e4lschung auf dem \u00dcbertragungsweg zu verhindern oder die Nachricht auf konventionellem Postwege an uns zu senden.<\/p>\n<h4>Fotoaufnahmen<\/h4>\n<p>Im Rahmen unserer Presse- und \u00d6ffentlichkeitsarbeit werden bei Veranstaltungen und Terminen Fotos aufgenommen, auf denen Sie gegebenenfalls erkennbar zu sehen sind. Der Aufnahme und\/oder einer Ver\u00f6ffentlichung k\u00f6nnen Sie widersprechen.<\/p>\n<p>Bitte nutzten Sie f\u00fcr Ihren Widerspruch die oben genannten Kontaktdaten.<\/p>\n","protected":false},"excerpt":{"rendered":"<p>Datenschutzerkl\u00e4rung Diese Datenschutzerkl\u00e4rung bezieht sich auf die Verarbeitung personenbezogener Daten im Rahmen dieses Internetauftritts, einschlie\u00dflich der dort angebotenen Dienste. F\u00fcr n\u00e4here Informationen zur Verarbeitung Ihrer personenbezogenen Daten k\u00f6nnen Sie uns unter den unten genannten Kontaktdaten erreichen. Allgemeine Hinweise Name und Kontaktdaten des Verantwortlichen Gabriel-von-Seidl-Gymnasium Postanschrift: Hindenburgstra\u00dfe 26; 83646 Bad T\u00f6lz Telefon: 08041\/7 99 488 0 [&hellip;]<\/p>\n","protected":false},"author":1,"featured_media":0,"parent":0,"menu_order":3,"comment_status":"closed","ping_status":"open","template":"","meta":{"footnotes":""},"class_list":["post-3","page","type-page","status-publish","hentry"],"_links":{"self":[{"href":"https:\/\/www.gym-toelz.de\/index.php\/wp-json\/wp\/v2\/pages\/3","targetHints":{"allow":["GET"]}}],"collection":[{"href":"https:\/\/www.gym-toelz.de\/index.php\/wp-json\/wp\/v2\/pages"}],"about":[{"href":"https:\/\/www.gym-toelz.de\/index.php\/wp-json\/wp\/v2\/types\/page"}],"author":[{"embeddable":true,"href":"https:\/\/www.gym-toelz.de\/index.php\/wp-json\/wp\/v2\/users\/1"}],"replies":[{"embeddable":true,"href":"https:\/\/www.gym-toelz.de\/index.php\/wp-json\/wp\/v2\/comments?post=3"}],"version-history":[{"count":6,"href":"https:\/\/www.gym-toelz.de\/index.php\/wp-json\/wp\/v2\/pages\/3\/revisions"}],"predecessor-version":[{"id":1294,"href":"https:\/\/www.gym-toelz.de\/index.php\/wp-json\/wp\/v2\/pages\/3\/revisions\/1294"}],"wp:attachment":[{"href":"https:\/\/www.gym-toelz.de\/index.php\/wp-json\/wp\/v2\/media?parent=3"}],"curies":[{"name":"wp","href":"https:\/\/api.w.org\/{rel}","templated":true}]}}

<h3>Datenschutzerklärung</h3>
<p>Diese Datenschutzerklärung bezieht sich auf die Verarbeitung personenbezogener Daten im Rahmen dieses Internetauftritts, einschließlich der dort angebotenen Dienste.</p>
<p>Für nähere Informationen zur Verarbeitung Ihrer personenbezogenen Daten können Sie uns unter den unten genannten Kontaktdaten erreichen.</p>
<h4>Allgemeine Hinweise</h4>
<p>Name und Kontaktdaten des Verantwortlichen</p>
<p>Gabriel-von-Seidl-Gymnasium</p>
<p>Postanschrift: Hindenburgstraße 26; 83646 Bad Tölz</p>
<p>Telefon: 08041/7 99 488 0</p>
<p>Telefax: 08041/7 99 488 400</p>
<p>sekretariat@gymtoelz.de</p>
<p>Kontaktdaten des Datenschutzbeauftragten</p>
<p>Sie erreichen unseren behördlichen Datenschutzbeauftragten unter:</p>
<p>Ruprecht Steinhübl</p>
<p>Postanschrift: Hindenburgstraße 26; 83646 Bad Tölz</p>
<p>Telefon: 08041/7 99 488 0</p>
<p>Telefax: &#8211;</p>
<p>datenschutz@gymtoelz.de</p>
<p>Zwecke und Rechtsgrundlagen für die Verarbeitung personenbezogener Daten</p>
<p>Zweck der Verarbeitung ist die Erfüllung der uns vom Gesetzgeber zugewiesenen öffentlichen Aufgaben.</p>
<p>Die Rechtsgrundlage für die Verarbeitung Ihrer Daten ergibt sich, soweit nichts anderes angegeben ist, aus Art. 4 Abs. 1 des Bayerischen Datenschutzgesetzes (BayDSG) in Verbindung mit Art. 6 Abs. 1 Buchstabe e der Datenschutzgrundverordnung (DSGVO). Demnach ist es uns erlaubt, die zur Erfüllung einer uns obliegenden Aufgabe erforderlichen Daten zu verarbeiten.</p>
<p>Soweit Sie in eine Verarbeitung eingewilligt haben, stützt sich die Datenverarbeitung auf Art. 6 Abs. 1 Buchstabe a DSGVO.</p>
<h4>Empfänger von personenbezogenen Daten</h4>
<p>Soweit Ihre Daten elektronisch verarbeitet werden, erfolgt der technische Betrieb unserer Datenverarbeitungssysteme durch</p>
<p>das Landratsamt Bad Tölz</p>
<p>Gegebenenfalls werden Ihre Daten an die zuständigen Aufsichts- und Rechnungsprüfungsbehörden zur Wahrnehmung der jeweiligen Kontrollrechte übermittelt.</p>
<p>Zur Abwehr von Gefahren für die Sicherheit in der Informationstechnik können Protokolldaten auf Grundlage von Art. 12 des Bayerischen E-Government-Gesetzes an das Landesamt für Sicherheit in der Informationstechnik weitergeleitet werden (näheres siehe unter „Protokollierung“).</p>
<p>Dauer der Speicherung der personenbezogenen Daten</p>
<p>Ihre Daten werden nur so lange gespeichert, wie dies unter Beachtung gesetzlicher Aufbewahrungsfristen für zur Aufgabenerfüllung erforderlich ist.</p>
<h4>Rechte der betroffenen Person</h4>
<p>Soweit wir von Ihnen personenbezogene Daten verarbeiten, stehen Ihnen als Betroffener nachfolgende Rechte zu:</p>
<p>Werden Ihre personenbezogenen Daten verarbeitet, so haben Sie das Recht, Auskunft über die zu Ihrer Person gespeicherten Daten zu erhalten (Art. 15 DSGVO).</p>
<p>Sollten unrichtige personenbezogene Daten verarbeitet werden, steht Ihnen ein Recht auf Berichtigung zu (Art. 16 DSGVO).</p>
<p>Liegen die gesetzlichen Voraussetzungen vor, so können Sie die Löschung oder Einschränkung der Verarbeitung verlangen, sowie Widerspruch gegen die Verarbeitung einlegen (Art. 17, 18 und 21 DSGVO).</p>
<p>Wenn Sie in die Verarbeitung eingewilligt haben oder ein Vertrag zur Datenverarbeitung besteht und die Datenverarbeitung mithilfe automatisierter Verfahren durchgeführt wird, steht Ihnen gegebenenfalls ein Recht auf Datenübertragbarkeit zu (Art. 20 DSGVO).</p>
<p>Falls Sie in die Verarbeitung eingewilligt haben und die Verarbeitung auf dieser Einwilligung beruht, können Sie die Einwilligung jederzeit für die Zukunft widerrufen. Die Rechtmäßigkeit der aufgrund der Einwilligung bis zum Widerruf erfolgten Datenverarbeitung wird durch diesen nicht berührt.</p>
<p>Ausführlichere Informationen zu diesen Rechten erteilt Ihnen auch unser behördlicher Datenschutzbeauftragter.</p>
<h4>Beschwerderecht bei der Aufsichtsbehörde</h4>
<p>Weiterhin besteht ein Beschwerderecht beim Bayerischen Landesbeauftragten für den Datenschutz. Diesen können Sie unter folgenden Kontaktdaten erreichen:</p>
<p>Postanschrift: Postfach 22 12 19, 80502 München</p>
<p>Adresse: Wagmüllerstraße 18, 80538 München</p>
<p>Telefon: 089 212672-0</p>
<p>Telefax: 089 212672-50</p>
<p>E-Mail: poststelle@datenschutz-bayern.de</p>
<p>Internet: https://www.datenschutz-bayern.de/</p>
<p>Besondere Hinweise zum Internetangebot</p>
<h4>Technische Umsetzung</h4>
<p>Unser Webserver wird durch publishsoft e. K., Konstanz betrieben. Die von Ihnen im Rahmen des Besuchs unseres Webauftritts übermittelten personenbezogenen Daten werden daher in unserem Auftrag durch publishsoft e. K. verarbeitet:</p>
<p>Auftragsverarbeiter: publishsoft Wolfgang Schmitt e. K.</p>
<p>Postanschrift: Siedlerweg 1, 78464 Konstanz, Deutschland</p>
<h4>Protokollierung</h4>
<p>Wenn Sie diese oder andere Internetseiten aufrufen, übermitteln Sie über Ihren Internetbrowser Daten an unseren Webserver. Die folgenden Daten werden während einer laufenden Verbindung zur Kommunikation zwischen Ihrem Internetbrowser und unserem Webserver aufgezeichnet:</p>
<p>Datum und Uhrzeit der Anforderung</p>
<p>Name der angeforderten Datei</p>
<p>Seite, von der aus die Datei angefordert wurde</p>
<p>Zugriffsstatus (Datei übertragen, Datei nicht gefunden, etc.)</p>
<p>verwendete Webbrowser und verwendetes Betriebssystem</p>
<p>vollständige IP-Adresse des anfordernden Rechners</p>
<p>übertragene Datenmenge.</p>
<p>Aus Gründen der technischen Sicherheit, insbesondere zur Abwehr von Angriffsversuchen auf unseren Webserver, werden diese Daten von uns gespeichert. Nach spätestens sieben Tagen werden die Daten durch Verkürzung der IP-Adresse auf Domain-Ebene anonymisiert, so dass es nicht mehr möglich ist, einen Bezug auf einzelne Nutzer herzustellen.</p>
<p>Zur Abwehr von Gefahren für die Sicherheit in der Informationstechnik werden diese Daten auf Grundlage von Art. 12 des Bayerischen E-Government-Gesetzes an das Landesamt für Sicherheit in der Informationstechnik weitergeleitet.</p>
<p>Aktive Komponenten</p>
<p>Im Informationsangebot des Gabriel-von-Seidl-Gymnasiums werden aktive Komponenten wie Javascript, Java-Applets oder Active-X-Controls verwendet. Diese Funktion kann durch die Einstellung Ihres Internetbrowsers von Ihnen abgeschaltet werden.</p>
<h4>Cookies</h4>
<p>Auf einigen unserer Seiten verwenden wir allgemeine Cookies, um Ihnen die Nutzung unserer Webseiten zu erleichtern. Dabei handelt es sich um kleine Textdateien, die nur für die Dauer Ihres Besuchs unserer Webseite auf Ihrer Festplatte hinterlegt und abhängig von der Einstellung Ihres Browser-Programms beim Beenden des Browsers wieder gelöscht werden. Diese Cookies rufen keine auf Ihrer Festplatte über Sie gespeicherten Informationen ab und beeinträchtigen nicht Ihren PC oder Ihre Dateien. Die meisten Browser sind so eingestellt, dass sie Cookies automatisch akzeptieren. Sie können das Speichern von Cookies jedoch deaktivieren oder so einstellen, dass er Sie auf die Sendung von Cookies hinweist.<br />
Ausnahmen: Cookies zu Webaccess und Cookie-Consent (Hinweis-Fenster) verbleiben auf Ihrem System. Cookies zur Schriftgröße werden gelöscht sobald Sie wieder zur Standardschrift zurückkehren.</p>
<p>Auswertung des Nutzerverhaltens (Webtracking-Systeme; Reichweitenmessung)</p>
<p>Programme zur Auswertung des Nutzerverhaltens werden von uns nicht eingesetzt.</p>
<h4>Erhebung weiterer Daten</h4>
<p>Es ist zum jetzigen Zeitpunkt nicht möglich in unserem Internetauftritt persönliche oder geschäftliche Daten einzugeben.<br />
Sollte sich dies ändern wird aber folgender Passus gelten:<br />
Soweit Sie in unserem Internetauftritt persönliche oder geschäftliche Daten (E-Mail-Adressen, Namen, Anschriften, etc.) eingeben, werden diese ausschließlich für die Übersendung der gewünschten Informationen oder die im Formular genannten Zwecke verwendet. Ihre Daten werden dabei auf dem Transport unter Verwendung einer Software (SSL) verschlüsselt und sind vor einer Kenntnisnahme durch Dritte geschützt. Die Daten werden nicht an Dritte weitergegeben. Die Nutzung der dort angebotenen Serviceleistungen und Dienste erfolgt auf freiwilliger Basis.</p>
<h4>Elektronische Post (E-Mail)</h4>
<p>Informationen, die Sie unverschlüsselt per Elektronische Post (E-Mail) an uns senden, können möglicherweise auf dem Übertragungsweg von Dritten gelesen werden. Wir können in der Regel auch Ihre Identität nicht überprüfen und wissen nicht, wer sich hinter einer E-Mail-Adresse verbirgt. Eine rechtssichere Kommunikation durch einfache E-Mail ist daher nicht gewährleistet. Wir setzen &#8211; wie viele E-Mail-Anbieter &#8211; Filter gegen unerwünschte Werbung („SPAM-Filter“) ein, die in seltenen Fällen auch normale E-Mails fälschlicherweise automatisch als unerwünschte Werbung einordnen und löschen. E-Mails, die schädigende Programme („Viren“) enthalten, werden von uns in jedem Fall automatisch gelöscht.</p>
<p>Wenn Sie schutzwürdige Nachrichten an uns senden wollen, empfehlen wir, diese zu verschlüsseln und zu signieren, um eine unbefugte Kenntnisnahme und Verfälschung auf dem Übertragungsweg zu verhindern oder die Nachricht auf konventionellem Postwege an uns zu senden.</p>
<h4>Fotoaufnahmen</h4>
<p>Im Rahmen unserer Presse- und Öffentlichkeitsarbeit werden bei Veranstaltungen und Terminen Fotos aufgenommen, auf denen Sie gegebenenfalls erkennbar zu sehen sind. Der Aufnahme und/oder einer Veröffentlichung können Sie widersprechen.</p>
<p>Bitte nutzten Sie für Ihren Widerspruch die oben genannten Kontaktdaten.</p>

<p>Datenschutzerklärung Diese Datenschutzerklärung bezieht sich auf die Verarbeitung personenbezogener Daten im Rahmen dieses Internetauftritts, einschließlich der dort angebotenen Dienste. Für nähere Informationen zur Verarbeitung Ihrer personenbezogenen Daten können Sie uns unter den unten genannten Kontaktdaten erreichen. Allgemeine Hinweise Name und Kontaktdaten des Verantwortlichen Gabriel-von-Seidl-Gymnasium Postanschrift: Hindenburgstraße 26; 83646 Bad Tölz Telefon: 08041/7 99 488 0 [&hellip;]</p>
