{"id":242,"date":"2025-05-16T15:21:26","date_gmt":"2025-05-16T15:21:34","guid":{"rendered":"https:\/\/www.gym-toelz.de\/index.php\/ilv\/"},"modified":"2026-01-28T16:35:24","modified_gmt":"2026-01-28T15:35:24","slug":"ilv","status":"publish","type":"page","link":"https:\/\/www.gym-toelz.de\/index.php\/unterricht\/ilv\/","title":{"rendered":"Individuelle Lernzeitverk\u00fcrzung"},"content":{"rendered":"<p><strong>Individuelle Lernzeitverk\u00fcrzung (ILV) am Gymnasium \u2013 Informationen f\u00fcr Lernende und Eltern<\/strong><\/p>\n<p>Verantwortliche Lehrkraft: Frau Christine Brunner (Kontakt: <a href=\"mailto:brc@brunniversum.de\">brc@brunniversum.de<\/a>)<\/p>\n<p>Am bayerischen Gymnasium bietet das Modell der Individuellen Lernzeitverk\u00fcrzung (ILV) leistungsstarken und motivierten Lernenden die M\u00f6glichkeit, die 11. Jahrgangsstufe zu \u00fcberspringen und direkt in die Qualifikationsphase der Oberstufe (Q12) einzusteigen. Die ILV ist Teil des LehrplanPLUS und er\u00f6ffnet einen alternativen, aber gleichwertigen Weg zum Abitur.<img loading=\"lazy\" decoding=\"async\" class=\"wp-image-2009 alignright\" src=\"https:\/\/www.gym-toelz.de\/wp-content\/uploads\/2025\/07\/Lernzeitverkuerzung2025.png\" alt=\"\" width=\"525\" height=\"350\" srcset=\"https:\/\/www.gym-toelz.de\/wp-content\/uploads\/2025\/07\/Lernzeitverkuerzung2025.png 1536w, https:\/\/www.gym-toelz.de\/wp-content\/uploads\/2025\/07\/Lernzeitverkuerzung2025-300x200.png 300w, https:\/\/www.gym-toelz.de\/wp-content\/uploads\/2025\/07\/Lernzeitverkuerzung2025-1030x687.png 1030w, https:\/\/www.gym-toelz.de\/wp-content\/uploads\/2025\/07\/Lernzeitverkuerzung2025-768x512.png 768w, https:\/\/www.gym-toelz.de\/wp-content\/uploads\/2025\/07\/Lernzeitverkuerzung2025-1500x1000.png 1500w, https:\/\/www.gym-toelz.de\/wp-content\/uploads\/2025\/07\/Lernzeitverkuerzung2025-705x470.png 705w\" sizes=\"auto, (max-width: 525px) 100vw, 525px\" \/><\/p>\n<p><strong>Was ist die ILV?<\/strong><br \/>\nIm Rahmen der ILV wird der Stoff der 11. Klasse nicht regul\u00e4r im Klassenverband, sondern vorbereitend in Kleingruppen in den Jahrgangsstufen 9 und 10 in speziell konzipierten Modulen erarbeitet. Ziel ist ein direkter Einstieg in die Qualifikationsphase (Jahrgangsstufe 12), ohne inhaltliche L\u00fccken zu hinterlassen. Der Weg f\u00fchrt weiterhin zum allgemeinen Abitur.<\/p>\n<p><strong>F\u00fcr wen ist die ILV geeignet?<\/strong><br \/>\nDie ILV richtet sich an Sch\u00fcler*innen, die:<br \/>\n\u2022 gute oder sehr gute schulische Leistungen erbringen,<br \/>\n\u2022 ein hohes Ma\u00df an Selbstst\u00e4ndigkeit, Eigenverantwortung und Durchhalteverm\u00f6gen mitbringen,<br \/>\n\u2022 ihre Schullaufbahn gezielt beschleunigen oder<br \/>\n\u2022 ein Schuljahr im Ausland verbringen m\u00f6chten und danach ohne Zeitverlust in die Oberstufe einsteigen wollen.<\/p>\n<p><strong>Ablauf und Voraussetzungen<\/strong><br \/>\n\u2022 Erstinformation, Beratung und Anmeldung erfolgen bereits in der 8. Jahrgangsstufe. Hier wird nach einem Informationsabend gemeinsam mit den Lernenden und Eltern gepr\u00fcft, ob die Teilnahme an der ILV grunds\u00e4tzlich in Frage kommt.<br \/>\n\u2022 In den Jahrgangsstufen 9 und 10 nehmen ILV-Sch\u00fclerinnen und Sch\u00fcler verpflichtend an w\u00f6chentlichen Modulen in den F\u00e4chern Deutsch, Englisch und Mathematik teil. Diese Module finden im rollierenden System als zus\u00e4tzliche Doppelstunde nachmittags statt.<br \/>\n\u2022 In der 10. Jahrgangsstufe kommt das Profilfach Geschichte als weiteres Modul hinzu.<br \/>\n\u2022 Die Inhalte dieser Module bereiten gezielt auf die Inhalte der 11. Klasse vor und bauen auf den regul\u00e4ren Unterricht auf.<\/p>\n<p>Am Ende der 10. Jahrgangsstufe findet ein einw\u00f6chiges Repetitorium statt, in dem die zentralen Inhalte noch einmal intensiv vertieft und gefestigt werden. Dieses kompakte Trainingsformat dient der gezielten Vorbereitung auf den Einstieg in die Qualifikationsphase.<br \/>\nZu diesem Zeitpunkt findet dann auch eine abschlie\u00dfende Beratung und die endg\u00fcltige Entscheidung \u00fcber den \u00dcbergang direkt in die Q12 statt.<\/p>\n<p><strong>Beratung und Kontakt<\/strong><br \/>\nDie Entscheidung \u00fcber die Aufnahme in die ILV erfolgt im engen Austausch zwischen den Sch\u00fclern und Sch\u00fclerinnen, dem Elternhaus und der Koordinatorin der ILV. F\u00fcr R\u00fcckfragen oder ein pers\u00f6nliches Gespr\u00e4ch stehen die Klassenleitungen und die Koordination der ILV, Frau Christine Brunner (Kontakt: <a href=\"mailto:brc@brunniversum.de\">brc@brunniversum.de<\/a>), gerne zur Verf\u00fcgung.<\/p>\n<p>Weitere Informationen finden Sie mit diesem Link:<\/p>\n<p style=\"text-align: center;\"><a href=\"https:\/\/www.isb.bayern.de\/schularten\/gymnasium\/weitere-informationen\/individuelle-lernzeitverkuerzung\/\" target=\"_blank\" rel=\"noopener\">externer Link <img loading=\"lazy\" decoding=\"async\" class=\"alignnone wp-image-1873\" src=\"https:\/\/www.gym-toelz.de\/wp-content\/uploads\/2025\/07\/icons8-new-tab-48.png\" alt=\"\" width=\"18\" height=\"18\" srcset=\"https:\/\/www.gym-toelz.de\/wp-content\/uploads\/2025\/07\/icons8-new-tab-48.png 48w, https:\/\/www.gym-toelz.de\/wp-content\/uploads\/2025\/07\/icons8-new-tab-48-36x36.png 36w\" sizes=\"auto, (max-width: 18px) 100vw, 18px\" \/><\/a><\/p>\n<p style=\"text-align: left;\">Stimmen aktiver und ehemaliger ILV-Teilnehmer und Teilnehmerinnen:<\/p>\n<p><em>\u201eIch bin in der ILV , weil ich gerne die elfte Klasse \u00fcberspringen m\u00f6chte, ohne nachzulernen. Ich finde besonders sch\u00f6n, dass aufgrund der kleinen Klassenst\u00e4rke so individuell auf die Sch\u00fcler eingegangen wird.\u201c (Nike, 2024\/26)<\/em><\/p>\n<p><em>&#8222;In der 11. Klasse f\u00fcr ein Jahr die Freiheit zu haben, die Welt zu erkunden, motiviert mich jetzt, einmal die Woche nachmittags in der Schule zu bleiben. Das ist es mir definitiv wert.&#8220; (Julius, 24\/26)<\/em><\/p>\n<p><em>&#8222;ILV gibt mir die M\u00f6glichkeit, [lerntechnisch vorentlastet] ein Auslandsjahr durchzuf\u00fchren. F\u00fcr nur eine Doppelstunde die Woche, habe ich die Chance, einen meiner Tr\u00e4ume zu erf\u00fcllen.&#8220; (Christina, 2024\/2026)<\/em><\/p>\n<p><em>\u201eIch habe mich f\u00fcr die ILV entschieden, weil ich den Wunsch hatte, ein Auslandsjahr zu machen. Es war eine Entscheidung, durch die ich unglaublich viel gelernt habe und die mich sowohl schulisch als auch pers\u00f6nlich wirklich bereichert hat.\u201c (Sophia, 2023\/2025)<\/em><\/p>\n<p><em>\u201eIch dachte anfangs, es ist viel, aber es hat eigentlich auch Spa\u00df gemacht, da die Lehrer sehr nett waren und Spa\u00df verstanden haben, allerdings hat man trotzdem etwas gelernt und jetzt habe ich die M\u00f6glichkeit [vorbereitet und begleitet] ein Jahr ins Ausland zu gehen.\u201c (Florentine, 2023\/2025)<\/em><\/p>\n<p>\u201eAls ich dieses Angebot gesehen hatte, wollte ich einfach mal ausprobieren, ob es etwas f\u00fcr mich ist. Mein Plan war, falls es mir nicht gefallen h\u00e4tte, einfach in meinem Jahrgang zu bleiben. Da ich aber bemerkt habe, dass es machbar ist, wollte ich das \u00dcberspringen w\u00e4hlen. Ich finde es ist eine gute M\u00f6glichkeit f\u00fcr alle Sch\u00fcler, auch die, die vielleicht nicht die besten in allen F\u00e4chern sind, au\u00dferdem kann man immer noch sagen, dass man lieber in der alten Klasse bleibt.\u201c (Paula, 2023\/2025)<\/p>\n<p><em>\u201eIch habe die ILV haupts\u00e4chlich gew\u00e4hlt, um auf einen eventuellen Auslandsaufenthalt in der 11. Klasse besser vorbereitet zu sein, und um danach weniger Stress zu haben. Ich fand die ILV insgesamt hilfreich, durch die kleinen Gruppen kann man effektiv lernen und weiterkommen. Allerdings ist die ILV auch eine zus\u00e4tzliche Belastung in der 9. und 10. Dies hat sich meiner Meinung nach aber ausgezahlt, und insbesondere in Mathe hat es mir sehr weitergeholfen.\u201c (Julian, 2022\/2024)<\/em><\/p>\n<p><em>\u201eILV hat mich optimal auf die Oberstufe vorbereitet und mir sowohl bei der Vor- als auch bei der Nachbereitung des Unterrichtsstoffs sehr geholfen. Zwei gezielte Nachmittagsstunden pro Woche haben mir weitaus mehr gebracht, als ein ganzes Schuljahr zu wiederholen \u2013 eine Investition, die sich wirklich gelohnt hat.\u201c (David, 2022\/2024)<\/em><\/p>\n","protected":false},"excerpt":{"rendered":"<p>Individuelle Lernzeitverk\u00fcrzung (ILV) am Gymnasium \u2013 Informationen f\u00fcr Lernende und Eltern Verantwortliche Lehrkraft: Frau Christine Brunner (Kontakt: brc@brunniversum.de) Am bayerischen Gymnasium bietet das Modell der Individuellen Lernzeitverk\u00fcrzung (ILV) leistungsstarken und motivierten Lernenden die M\u00f6glichkeit, die 11. Jahrgangsstufe zu \u00fcberspringen und direkt in die Qualifikationsphase der Oberstufe (Q12) einzusteigen. Die ILV ist Teil des LehrplanPLUS und [&hellip;]<\/p>\n","protected":false},"author":2,"featured_media":0,"parent":38,"menu_order":55,"comment_status":"closed","ping_status":"closed","template":"","meta":{"footnotes":""},"class_list":["post-242","page","type-page","status-publish","hentry"],"_links":{"self":[{"href":"https:\/\/www.gym-toelz.de\/index.php\/wp-json\/wp\/v2\/pages\/242","targetHints":{"allow":["GET"]}}],"collection":[{"href":"https:\/\/www.gym-toelz.de\/index.php\/wp-json\/wp\/v2\/pages"}],"about":[{"href":"https:\/\/www.gym-toelz.de\/index.php\/wp-json\/wp\/v2\/types\/page"}],"author":[{"embeddable":true,"href":"https:\/\/www.gym-toelz.de\/index.php\/wp-json\/wp\/v2\/users\/2"}],"replies":[{"embeddable":true,"href":"https:\/\/www.gym-toelz.de\/index.php\/wp-json\/wp\/v2\/comments?post=242"}],"version-history":[{"count":10,"href":"https:\/\/www.gym-toelz.de\/index.php\/wp-json\/wp\/v2\/pages\/242\/revisions"}],"predecessor-version":[{"id":2333,"href":"https:\/\/www.gym-toelz.de\/index.php\/wp-json\/wp\/v2\/pages\/242\/revisions\/2333"}],"up":[{"embeddable":true,"href":"https:\/\/www.gym-toelz.de\/index.php\/wp-json\/wp\/v2\/pages\/38"}],"wp:attachment":[{"href":"https:\/\/www.gym-toelz.de\/index.php\/wp-json\/wp\/v2\/media?parent=242"}],"curies":[{"name":"wp","href":"https:\/\/api.w.org\/{rel}","templated":true}]}}

Individuelle Lernzeitverkürzung

<p><strong>Individuelle Lernzeitverkürzung (ILV) am Gymnasium – Informationen für Lernende und Eltern</strong></p>
<p>Verantwortliche Lehrkraft: Frau Christine Brunner (Kontakt: <a href="mailto:brc@brunniversum.de">brc@brunniversum.de</a>)</p>
<p>Am bayerischen Gymnasium bietet das Modell der Individuellen Lernzeitverkürzung (ILV) leistungsstarken und motivierten Lernenden die Möglichkeit, die 11. Jahrgangsstufe zu überspringen und direkt in die Qualifikationsphase der Oberstufe (Q12) einzusteigen. Die ILV ist Teil des LehrplanPLUS und eröffnet einen alternativen, aber gleichwertigen Weg zum Abitur.<img loading="lazy" decoding="async" class="wp-image-2009 alignright" src="https://www.gym-toelz.de/wp-content/uploads/2025/07/Lernzeitverkuerzung2025.png" alt="" width="525" height="350" srcset="https://www.gym-toelz.de/wp-content/uploads/2025/07/Lernzeitverkuerzung2025.png 1536w, https://www.gym-toelz.de/wp-content/uploads/2025/07/Lernzeitverkuerzung2025-300x200.png 300w, https://www.gym-toelz.de/wp-content/uploads/2025/07/Lernzeitverkuerzung2025-1030x687.png 1030w, https://www.gym-toelz.de/wp-content/uploads/2025/07/Lernzeitverkuerzung2025-768x512.png 768w, https://www.gym-toelz.de/wp-content/uploads/2025/07/Lernzeitverkuerzung2025-1500x1000.png 1500w, https://www.gym-toelz.de/wp-content/uploads/2025/07/Lernzeitverkuerzung2025-705x470.png 705w" sizes="auto, (max-width: 525px) 100vw, 525px" /></p>
<p><strong>Was ist die ILV?</strong><br />
Im Rahmen der ILV wird der Stoff der 11. Klasse nicht regulär im Klassenverband, sondern vorbereitend in Kleingruppen in den Jahrgangsstufen 9 und 10 in speziell konzipierten Modulen erarbeitet. Ziel ist ein direkter Einstieg in die Qualifikationsphase (Jahrgangsstufe 12), ohne inhaltliche Lücken zu hinterlassen. Der Weg führt weiterhin zum allgemeinen Abitur.</p>
<p><strong>Für wen ist die ILV geeignet?</strong><br />
Die ILV richtet sich an Schüler*innen, die:<br />
• gute oder sehr gute schulische Leistungen erbringen,<br />
• ein hohes Maß an Selbstständigkeit, Eigenverantwortung und Durchhaltevermögen mitbringen,<br />
• ihre Schullaufbahn gezielt beschleunigen oder<br />
• ein Schuljahr im Ausland verbringen möchten und danach ohne Zeitverlust in die Oberstufe einsteigen wollen.</p>
<p><strong>Ablauf und Voraussetzungen</strong><br />
• Erstinformation, Beratung und Anmeldung erfolgen bereits in der 8. Jahrgangsstufe. Hier wird nach einem Informationsabend gemeinsam mit den Lernenden und Eltern geprüft, ob die Teilnahme an der ILV grundsätzlich in Frage kommt.<br />
• In den Jahrgangsstufen 9 und 10 nehmen ILV-Schülerinnen und Schüler verpflichtend an wöchentlichen Modulen in den Fächern Deutsch, Englisch und Mathematik teil. Diese Module finden im rollierenden System als zusätzliche Doppelstunde nachmittags statt.<br />
• In der 10. Jahrgangsstufe kommt das Profilfach Geschichte als weiteres Modul hinzu.<br />
• Die Inhalte dieser Module bereiten gezielt auf die Inhalte der 11. Klasse vor und bauen auf den regulären Unterricht auf.</p>
<p>Am Ende der 10. Jahrgangsstufe findet ein einwöchiges Repetitorium statt, in dem die zentralen Inhalte noch einmal intensiv vertieft und gefestigt werden. Dieses kompakte Trainingsformat dient der gezielten Vorbereitung auf den Einstieg in die Qualifikationsphase.<br />
Zu diesem Zeitpunkt findet dann auch eine abschließende Beratung und die endgültige Entscheidung über den Übergang direkt in die Q12 statt.</p>
<p><strong>Beratung und Kontakt</strong><br />
Die Entscheidung über die Aufnahme in die ILV erfolgt im engen Austausch zwischen den Schülern und Schülerinnen, dem Elternhaus und der Koordinatorin der ILV. Für Rückfragen oder ein persönliches Gespräch stehen die Klassenleitungen und die Koordination der ILV, Frau Christine Brunner (Kontakt: <a href="mailto:brc@brunniversum.de">brc@brunniversum.de</a>), gerne zur Verfügung.</p>
<p>Weitere Informationen finden Sie mit diesem Link:</p>
<p style="text-align: center;"><a href="https://www.isb.bayern.de/schularten/gymnasium/weitere-informationen/individuelle-lernzeitverkuerzung/" target="_blank" rel="noopener">externer Link <img loading="lazy" decoding="async" class="alignnone wp-image-1873" src="https://www.gym-toelz.de/wp-content/uploads/2025/07/icons8-new-tab-48.png" alt="" width="18" height="18" srcset="https://www.gym-toelz.de/wp-content/uploads/2025/07/icons8-new-tab-48.png 48w, https://www.gym-toelz.de/wp-content/uploads/2025/07/icons8-new-tab-48-36x36.png 36w" sizes="auto, (max-width: 18px) 100vw, 18px" /></a></p>
<p style="text-align: left;">Stimmen aktiver und ehemaliger ILV-Teilnehmer und Teilnehmerinnen:</p>
<p><em>„Ich bin in der ILV , weil ich gerne die elfte Klasse überspringen möchte, ohne nachzulernen. Ich finde besonders schön, dass aufgrund der kleinen Klassenstärke so individuell auf die Schüler eingegangen wird.“ (Nike, 2024/26)</em></p>
<p><em>&#8222;In der 11. Klasse für ein Jahr die Freiheit zu haben, die Welt zu erkunden, motiviert mich jetzt, einmal die Woche nachmittags in der Schule zu bleiben. Das ist es mir definitiv wert.&#8220; (Julius, 24/26)</em></p>
<p><em>&#8222;ILV gibt mir die Möglichkeit, [lerntechnisch vorentlastet] ein Auslandsjahr durchzuführen. Für nur eine Doppelstunde die Woche, habe ich die Chance, einen meiner Träume zu erfüllen.&#8220; (Christina, 2024/2026)</em></p>
<p><em>„Ich habe mich für die ILV entschieden, weil ich den Wunsch hatte, ein Auslandsjahr zu machen. Es war eine Entscheidung, durch die ich unglaublich viel gelernt habe und die mich sowohl schulisch als auch persönlich wirklich bereichert hat.“ (Sophia, 2023/2025)</em></p>
<p><em>„Ich dachte anfangs, es ist viel, aber es hat eigentlich auch Spaß gemacht, da die Lehrer sehr nett waren und Spaß verstanden haben, allerdings hat man trotzdem etwas gelernt und jetzt habe ich die Möglichkeit [vorbereitet und begleitet] ein Jahr ins Ausland zu gehen.“ (Florentine, 2023/2025)</em></p>
<p>„Als ich dieses Angebot gesehen hatte, wollte ich einfach mal ausprobieren, ob es etwas für mich ist. Mein Plan war, falls es mir nicht gefallen hätte, einfach in meinem Jahrgang zu bleiben. Da ich aber bemerkt habe, dass es machbar ist, wollte ich das Überspringen wählen. Ich finde es ist eine gute Möglichkeit für alle Schüler, auch die, die vielleicht nicht die besten in allen Fächern sind, außerdem kann man immer noch sagen, dass man lieber in der alten Klasse bleibt.“ (Paula, 2023/2025)</p>
<p><em>„Ich habe die ILV hauptsächlich gewählt, um auf einen eventuellen Auslandsaufenthalt in der 11. Klasse besser vorbereitet zu sein, und um danach weniger Stress zu haben. Ich fand die ILV insgesamt hilfreich, durch die kleinen Gruppen kann man effektiv lernen und weiterkommen. Allerdings ist die ILV auch eine zusätzliche Belastung in der 9. und 10. Dies hat sich meiner Meinung nach aber ausgezahlt, und insbesondere in Mathe hat es mir sehr weitergeholfen.“ (Julian, 2022/2024)</em></p>
<p><em>„ILV hat mich optimal auf die Oberstufe vorbereitet und mir sowohl bei der Vor- als auch bei der Nachbereitung des Unterrichtsstoffs sehr geholfen. Zwei gezielte Nachmittagsstunden pro Woche haben mir weitaus mehr gebracht, als ein ganzes Schuljahr zu wiederholen – eine Investition, die sich wirklich gelohnt hat.“ (David, 2022/2024)</em></p>

<p>Individuelle Lernzeitverkürzung (ILV) am Gymnasium – Informationen für Lernende und Eltern Verantwortliche Lehrkraft: Frau Christine Brunner (Kontakt: brc@brunniversum.de) Am bayerischen Gymnasium bietet das Modell der Individuellen Lernzeitverkürzung (ILV) leistungsstarken und motivierten Lernenden die Möglichkeit, die 11. Jahrgangsstufe zu überspringen und direkt in die Qualifikationsphase der Oberstufe (Q12) einzusteigen. Die ILV ist Teil des LehrplanPLUS und [&hellip;]</p>
