{"id":2152,"date":"2025-08-01T05:14:59","date_gmt":"2025-08-01T05:14:59","guid":{"rendered":"https:\/\/www.gym-toelz.de\/index.php\/unterricht\/faecher\/geographie-2\/"},"modified":"2025-10-13T14:54:33","modified_gmt":"2025-10-13T14:54:33","slug":"geographie","status":"publish","type":"page","link":"https:\/\/www.gym-toelz.de\/index.php\/unterricht\/faecher\/geographie\/","title":{"rendered":"Geographie"},"content":{"rendered":"<div  class='avia-button-wrap av-37x4lq-8365e69f462023c11d1c0a3978eb69bb-wrap avia-button-right  avia-builder-el-0  el_before_av_textblock  avia-builder-el-first '><a href='https:\/\/www.gym-toelz.de\/index.php\/unterricht\/faecher\/'  class='avia-button av-37x4lq-8365e69f462023c11d1c0a3978eb69bb av-link-btn avia-icon_select-no avia-size-medium avia-position-right avia-color-theme-color'   aria-label=\"Zur\u00fcck zu allen F\u00e4chern\"><span class='avia_iconbox_title' >Zur\u00fcck zu allen F\u00e4chern<\/span><\/a><\/div>\n<section  class='av_textblock_section av-mdc18ury-1257f5e7933ebc1975398a04382a7099 '   itemscope=\"itemscope\" itemtype=\"https:\/\/schema.org\/CreativeWork\" ><div class='avia_textblock'  itemprop=\"text\" ><p><strong>Geographie<\/strong><\/p>\n<\/div><\/section>\n\n<div  class='flex_column av-6le75b-c4b17d0cbcf06224bbc64f75fdb5880f av_one_half  avia-builder-el-3  el_after_av_postslider  el_before_av_one_half  first flex_column_div  '     ><section  class='av_textblock_section av-md5m8b02-d8d25be6372ae020d38928aa06f80d47 '   itemscope=\"itemscope\" itemtype=\"https:\/\/schema.org\/CreativeWork\" ><div class='avia_textblock'  itemprop=\"text\" ><p><strong>Das Fach<\/strong><\/p>\n<p class=\"docData;DOCY;v5;4906;BQiAAgAAEYQCAAAGiAIAAAMaEgAABSgSAAAAAAAAAAAAAAAAAAAAAAAAAAAAAAAAAAAAAAAAAAAAAAAAAAAAAAAAAAAAAAAAAAAAAAAAAAAAAAAAAAAAAAAAAAAAAAAAAAAAAAAAAAAAAAAAAAAAAAAAAAAAAAAAAAAAAAAAAAAAAAAAAAAAAAAAAAAAAAAAAAAAAAAAAAAAAAAAAAAAAAAAAAAAAAAAAAAAAAAAAAAAAAAAAAAAAAAAAAAAAAAAAAAAAAAAAAAAAAAAAAAAAAAAAAAAAAAAAAAAAAAAAAAAAAAAAAAAAAAAAAAAAAAAAAAAAAAAAAAAAAAAAAAAAAAAAAAAAAAAAAAAAAAAAAAAAAAAAAAAAAAAAAAAAAAAAAAAAAAAAAAAAAAAAAAAAAAAAAAAAAAAAAAAAAAAAAAAAAAAAAAAAAAAAAAAAAAAAAAAAAAAAAAAAAAAAAAAAAAAAAAAAAAAAAAAAAAAAAAAAAAAAAAAAAAAAAAAAAAAAAAAAAAAAAAAAAAAAAAAAAAAAAAAAAAAAAAAAAAAAAAAAAAAAAAAAAAAAAAAAAAAAAAAAAAAAAAAAAAAAAAAAAAAAAAAAAAAAAAAAAAAAAAAAAAAAAAAAAAAAAAAAAAAAAAAAAAAAAAAAAAAAAAAAAAAAAAAAAAAAAAAAAAAAAAAAAAAAAAAAAAAAAAAAAAAAAAAAAAAAAAAAAAAAAAAAAAAAAAAAAAAAAAAAAAAAAAAAAAAAAAAAAAAAAAAAAAAAAAAAAAAAAAAAAAAAAAAAAAAAAAAAAAAAAAAAAAAAAAAAAAAAAAAAAAAAAAAAAAAAAAAAAAAAAAAAAAAAAAAAAAAAAAAAAAAjg8AAADSBAAAARgAAAABBgAAAAAJBgAAAAAaBgAAAAAbBgAAAAACsAQAAAURAAAAAQAAAAAIBwAAAAACAAAAIAAFEQAAAAEAAAAACAcAAAAAAgAAAB4gBTkAAAABAAAAAAgvAAAAACoAAABBAGwAcwAgAFcAaQBzAHMAZQBuAHMAYwBoAGEAZgB0ACAAdgBvAG4AIAAFDwIAAAEAAAAACAUCAAAAAAIAAGQAZQBuACAAUwB0AG8AZgBmAGUAbgAsACAAaQBoAHIAZQBuACAARQBpAGcAZQBuAHMAYwBoAGEAZgB0AGUAbgAgAHMAbwB3AGkAZQAgAGQAZQBuACAATQD2AGcAbABpAGMAaABrAGUAaQB0AGUAbgAgAHUAbgBkACAATQBlAHQAaABvAGQAZQBuACwAIABTAHQAbwBmAGYAZQAgAHoAdQAgAHYAZQByAOQAbgBkAGUAcgBuACAAdQBuAGQAIAB6AGkAZQBsAGcAZQByAGkAYwBoAHQAZQB0ACAAbgBlAHUAZQAgAFMAdABvAGYAZgBlACAAaABlAHIAegB1AHMAdABlAGwAbABlAG4ALAAgAGkAcwB0ACAAZABpAGUAIABDAGgAZQBtAGkAZQAgAGUAaQBuAGUAIABuAGEAdAB1AHIAdwBpAHMAcwBlAG4AcwBjAGgAYQBmAHQAbABpAGMAaABlACAAQgBhAHMAaQBzAGQAaQBzAHoAaQBwAGwAaQBuACwAIABkAGkAZQAgAGQAZQBuACAATQBlAG4AcwBjAGgAZQBuACAAZABhAHoAdQAgAGQAaQBlAG4AdAAsACAAcwBpAGMAaAAgAGkAbgAgAGQAZQByACAAQQB1AHMAZQBpAG4AYQBuAGQAZQByAHMAZQB0AHoAdQBuAGcAIABtAGkABQ8CAAABAAAAAAgFAgAAAAACAAB0ACAAZABlAHIAIABOAGEAdAB1AHIAIAB6AHUAIABiAGUAaABhAHUAcAB0AGUAbgAgAHUAbgBkACAAZABpAGUAIABMAGUAYgBlAG4AcwBiAGUAZABpAG4AZwB1AG4AZwBlAG4AIABnAGUAegBpAGUAbAB0ACAAegB1ACAAdgBlAHIAYgBlAHMAcwBlAHIAbgAuACAAQwBoAGUAbQBpAHMAYwBoAGUAIABFAHIAawBlAG4AbgB0AG4AaQBzAHMAZQAgAHAAcgDkAGcAZQBuACAAbQBhAN8AZwBlAGIAbABpAGMAaAAgAGQAaQBlACAARwBlAHMAdABhAGwAdAB1AG4AZwAgAGQAZQByACAAbQBvAGQAZQByAG4AZQBuACAATABlAGIAZQBuAHMAdwBlAGwAdAAgAHUAbgBkACAAcwBpAG4AZAAgAGYA\/AByACAAZABpAGUAIAB0AGUAYwBoAG4AaQBzAGMAaABlACwAIAB3AGkAcgB0AHMAYwBoAGEAZgB0AGwAaQBjAGgAZQAgAHUAbgBkACAAbQBlAGQAaQB6AGkAbgBpAHMAYwBoAGUAIABFAG4AdAB3AGkAYwBrAGwAdQBuAGcAIAB2AG8AbgAgAGcAcgB1AG4AZABsAGUAZwBlAG4AZABlAHIAIABCAGUAZABlAHUAdAB1AG4AZwAuAAUKAAAAAQAAAAAIAAAAAAUKAAAAAQAAAAAIAAAAAACCAAAAARgAAAABBgAAAAAJBgAAAAAaBgAAAAAbBgAAAAACYAAAAAURAAAAAQAAAAAIBwAAAAACAAAAKAAFEQAAAAEAAAAACAcAAAAAAgAAACYgBREAAAABAAAAAAgHAAAAAAIAAAApAAUKAAAAAQAAAAAIAAAAAAUKAAAAAQAAAAAIAAAAAAB0AQAAARgAAAABBgAAAAAJBgAAAAAaBgAAAAAbBgAAAAACUgEAAAUvAQAAAQAAAAAIJQEAAAAgAQAARQBpAG4AIABDAGgAYQByAGEAawB0AGUAcgBpAHMAdABpAGsAdQBtACAAZABlAHMAIABGAGEAYwBoAGUAcwAgAEMAaABlAG0AaQBlACAAaQBzAHQAIABkAGUAcgAgAGEAdQBmACAAYgBlAHMAbwBuAGQAZQByAGUAIABXAGUAaQBzAGUAIABoAGEAbgBkAGwAdQBuAGcAcwBvAHIAaQBlAG4AdABpAGUAcgB0AGUAIABVAG0AZwBhAG4AZwAgAGQAZQByACAATABlAHIAbgBlAG4AZABlAG4AIABtAGkAdAAgAFMAdABvAGYAZgBlAG4AIABhAHUAcwAgAEEAbABsAHQAYQBnACAAdQBuAGQAIABUAGUAYwBoAG4AaQBrAC4ABQoAAAABAAAAAAgAAAAABQoAAAABAAAAAAgAAAAAAIIAAAABGAAAAAEGAAAAAAkGAAAAABoGAAAAABsGAAAAAAJgAAAABREAAAABAAAAAAgHAAAAAAIAAAAoAAURAAAAAQAAAAAIBwAAAAACAAAAJiAFEQAAAAEAAAAACAcAAAAAAgAAACkABQoAAAABAAAAAAgAAAAABQoAAAABAAAAAAgAAAAAAOoCAAABGAAAAAEGAAAAAAkGAAAAABoGAAAAABsGAAAAAALIAgAABZEAAAABAAAAAAiHAAAAAIIAAABEAGUAbQAgAEUAeABwAGUAcgBpAG0AZQBuAHQAIAB1AG4AZAAgAGQAZQByACAATQBvAGQAZQBsAGwAaQBlAHIAdQBuAGcAIABhAHUAYwBoACAAbQBpAHQAaABpAGwAZgBlACAAZABpAGcAaQB0AGEAbABlAHIAIABXAGUAcgBrAHoABQ8CAAABAAAAAAgFAgAAAAACAABlAHUAZwBlACAAYQBsAHMAIABNAGUAdABoAG8AZABlAG4AIABkAGUAcgAgAG4AYQB0AHUAcgB3AGkAcwBzAGUAbgBzAGMAaABhAGYAdABsAGkAYwBoAGUAbgAgAFcAZQBsAHQAZQByAHMAYwBoAGwAaQBlAN8AdQBuAGcAIABrAG8AbQBtAHQAIABkAGEAYgBlAGkAIABlAGkAbgBlACAAZQBiAGUAbgBzAG8AIAB6AGUAbgB0AHIAYQBsAGUAIABCAGUAZABlAHUAdAB1AG4AZwAgAHoAdQAsACAAdwBpAGUAIABkAGUAcgAgAFYAZQByAGsAbgD8AHAAZgB1AG4AZwAgAGUAeABwAGUAcgBpAG0AZQBuAHQAZQBsAGwAZQByACAARQByAGcAZQBiAG4AaQBzAHMAZQAgAG0AaQB0ACAATQBvAGQAZQBsAGwAdgBvAHIAcwB0AGUAbABsAHUAbgBnAGUAbgAgAHMAbwB3AGkAZQAgAGQAZQBtACAAQgBlAHcAdQBzAHMAdABzAGUAaQBuACAAZABlAHIAIABWAG8AcgBsAOQAdQBmAGkAZwBrAGUAaQB0ACAAdgBvAG4AIABuAGEAdAB1AHIAdwBpAHMAcwBlAG4AcwBjAGgAYQBmAHQAbABpAGMAaABlAG0AIABXAGkAcwBzAGUAbgAuAAUKAAAAAQAAAAAIAAAAAAUKAAAAAQAAAAAIAAAAAADEAgAAARgAAAABBgAAAAAJBgAAAAAaBgAAAAAbBgAAAAACogIAAAU\/AAAAAQAAAAAINQAAAAAwAAAARABpAGUAIABpAG0AIABDAGgAZQBtAGkAZQB1AG4AdABlAHIAcgBpAGMAaAB0ACAABQ8CAAABAAAAAAgFAgAAAAACAABlAHIAdwBvAHIAYgBlAG4AZQBuACAASwBvAG0AcABlAHQAZQBuAHoAZQBuACAAcwBpAG4AZAAgAGcAcgB1AG4AZABsAGUAZwBlAG4AZAAgAGYA\/AByACAAZABhAHMAIABWAGUAcgBzAHQA5ABuAGQAbgBpAHMAIAB2AG8AbgAgAE4AYQB0AHUAcgB2AG8AcgBnAOQAbgBnAGUAbgAgAHUAbgBkACAAdABlAGMAaABuAGkAcwBjAGgAZQBuACAAUAByAG8AegBlAHMAcwBlAG4AIABzAG8AdwBpAGUAIABkAGkAZQAgAHYAbwByAGEAdQBzAHMAYwBoAGEAdQBlAG4AZABlACAAQgBlAHUAcgB0AGUAaQBsAHUAbgBnACAAdgBvAG4AIABUAGUAYwBoAG4AaQBrAGYAbwBsAGcAZQBuACAAdQBuAGQAIABmAPwAcgAgAG4AYQBjAGgAaABhAGwAdABpAGcAZQBzACAAVwBpAHIAdABzAGMAaABhAGYAdABlAG4AIAB2AG8AcgAgAGQAZQBtACAASABpAG4AdABlAHIAZwByAHUAbgBkACAAawBuAGEAcABwAGUAcgAgAHcAZQByAGQAZQBuAGQAZQByACAAbgBhAHQA\/AByAGwAaQBjAGgAZQByACAAUgBlAHMAcwBvAHUAcgBjAGUAbgAuAAURAAAAAQAAAAAIBwAAAAACAAAAHCAFEQAAAAEAAAAACAcAAAAAAgAAACAABQoAAAABAAAAAAgAAAAABQoAAAABAAAAAAgAAAAAAHMCAAABGAAAAAEGAAAAAAkGAAAAABoGAAAAABsGAAAAAAJRAgAABRsAAAABAAAAAAgRAAAAAAwAAAAoAEEAdQBzADoAIAAK+AEAAAF8AAAAaAB0AHQAcABzADoALwAvAHcAdwB3AC4AbABlAGgAcgBwAGwAYQBuAHAAbAB1AHMALgBiAGEAeQBlAHIAbgAuAGQAZQAvAGYAYQBjAGgAcAByAG8AZgBpAGwALwBnAHkAbQBuAGEAcwBpAHUAbQAvAGMAaABlAG0AaQBlAAN8AAAAaAB0AHQAcABzADoALwAvAHcAdwB3AC4AbABlAGgAcgBwAGwAYQBuAHAAbAB1AHMALgBiAGEAeQBlAHIAbgAuAGQAZQAvAGYAYQBjAGgAcAByAG8AZgBpAGwALwBnAHkAbQBuAGEAcwBpAHUAbQAvAGMAaABlAG0AaQBlAAQBAAAAAQDrAAAABZUAAAABDAAAAA0GBgAAADYANQAwAAh\/AAAAAHoAAABoAHQAdABwAHMAOgAvAC8AdwB3AHcALgBsAGUAaAByAHAAbABhAG4AcABsAHUAcwAuAGIAYQB5AGUAcgBuAC4AZABlAC8AZgBhAGMAaABwAHIAbwBmAGkAbAAvAGcAeQBtAG4AYQBzAGkAdQBtAC8AYwBoAGUAbQBpABccAAAAAAQAAAAAAAAAAQ4AAABfAEcAbwBCAGEAYwBrABgJAAAAAAQAAAAAAAAABR0AAAABDAAAAA0GBgAAADYANQAwAAgHAAAAAAIAAABlAAURAAAAAQAAAAAIBwAAAAACAAAAKQAFCgAAAAEAAAAACAAAAAAFCgAAAAEAAAAACAAAAAAKAAAAAAAAAAARAAAAAP4AAAAALQAAAAEGAAAAAAkGGwAAACcEFgEAAAsBARwBACgEAAAAAB0BACkEoAAAABsGAAAAAAFOAAAAKAEHKQEHKgEHKwEFEwEBCAQYAAAAFgQYAAAAGQYKAAAAZABlAC0ARABFABoGCgAAAGEAcgAtAFMAQQAbBgoAAABlAG4ALQBVAFMALgEDAnQAAAAAbwAAAAEGAAAANgA1ADAAAhIAAABIAHkAcABlAHIAbABpAG4AawAJAQAAAAEDBgAAADYAMgA3AAsEAAAAYwAAAA4BAAAAAQURAAAAAgEMCQNGeIYcBgMAAAABAQsGEgAAAAEGAAAAAAkGAAAAABsGAAAAAA==\">Geographie ist ein integrierendes Fach am Gymnasium, das natur- und gesellschaftswissenschaftliche Inhalte vermittelt, um Sch\u00fclerinnen und Sch\u00fcler zu bef\u00e4higen, die Erde als ihre Lebensgrundlage verantwortungsbewusst zu begreifen und nachhaltig zu handeln.<br \/>\nDer Unterricht erweitert den Blick schrittweise im Lauf der Schuljahre von der lokalen Ebene, der Heimat Bayern \u00fcber Deutschland und Europa bis hin zu globalen Zusammenh\u00e4ngen und Themenbereichen.<br \/>\nDabei werden sowohl die \u201ePhysische Geographie\u201c (Naturraum, Landschaftsformen, Genese), als auch die \u201eAnthropogeographie\u201c (L\u00e4ndliche und st\u00e4dtische Siedlungen, Kulturr\u00e4ume) und die \u201eRegionale Geographie\u201c (L\u00e4nderkunde) behandelt und durch geographische Methoden und Arbeitsweisen (z.B. Kartenlesen, Digitale Medien, Erstellen und Analysieren von Diagrammen, etc.) unterst\u00fctzt.<br \/>\nExkursionen und Unterrichtsg\u00e4nge erm\u00f6glichen zudem eine praxisnahe Anwendung des erworbenen Wissens in der realen Welt, wie z.B. im Rahmen von Projektseminaren (11). In der Qualifikationsphase der Oberstufe ist Geographie als Leistungsfach w\u00e4hlbar, ebenso besteht die Option ein W- Seminar (\u201eWissenschaftsprop\u00e4deutisches Seminar\u201c) zu belegen.<br \/>\nLernziele sind u.a.:<br \/>\nEin Verst\u00e4ndnis f\u00fcr die Einzigartigkeit und Vielfalt des Planeten Erde entwickeln.<br \/>\nDie komplexen Zusammenh\u00e4nge zwischen menschlichen Handlungen und ihren Auswirkungen auf den Planeten verstehen.<br \/>\nKompetenzen f\u00fcr einen verantwortungsbewussten Umgang mit der Umwelt und Ressourcen entwickeln.<\/p>\n<\/div><\/section><\/div>\n<div  class='flex_column av-4l46b3-a0225c42bbaf70a50f43e4a0a1be8a36 av_one_half  avia-builder-el-5  el_after_av_one_half  el_before_av_toggle_container  flex_column_div  '     ><section  class='av_textblock_section av-md5m9yeg-a9d28fd7cdae222de796d850bdc4be30 '   itemscope=\"itemscope\" itemtype=\"https:\/\/schema.org\/CreativeWork\" ><div class='avia_textblock'  itemprop=\"text\" ><p><strong>Fachschaftsleitung<\/strong><\/p>\n<p>M.A. Cornelius von der Heyden, OStR<\/p>\n<p><strong>Lehrwerke<\/strong><\/p>\n<p>Reihe \u201eUnsere Erde\u201c, aus dem Cornelsen- Verlag (Jahrgangsstufen 5, 7, 10, 11)<br \/>\nReihe \u201eDiercke\u201c, aus dem Westermann- Verlag (Oberstufe 12, 13)<br \/>\n\u201eDiercke- Weltatlas\u201c, aus dem Westermann- Verlag, Ausgabe Bayern<br \/>\n\u201eHaack- Weltatlas\u201c, aus dem Klett-Verlag<\/p>\n<p><strong>Schulaufgaben<\/strong><\/p>\n<p class=\"docData;DOCY;v5;1809;BQiAAgAAEYQCAAAGiAIAAAN1BgAABYMGAAAAAAAAAAAAAAAAAAAAAAAAAAAAAAAAAAAAAAAAAAAAAAAAAAAAAAAAAAAAAAAAAAAAAAAAAAAAAAAAAAAAAAAAAAAAAAAAAAAAAAAAAAAAAAAAAAAAAAAAAAAAAAAAAAAAAAAAAAAAAAAAAAAAAAAAAAAAAAAAAAAAAAAAAAAAAAAAAAAAAAAAAAAAAAAAAAAAAAAAAAAAAAAAAAAAAAAAAAAAAAAAAAAAAAAAAAAAAAAAAAAAAAAAAAAAAAAAAAAAAAAAAAAAAAAAAAAAAAAAAAAAAAAAAAAAAAAAAAAAAAAAAAAAAAAAAAAAAAAAAAAAAAAAAAAAAAAAAAAAAAAAAAAAAAAAAAAAAAAAAAAAAAAAAAAAAAAAAAAAAAAAAAAAAAAAAAAAAAAAAAAAAAAAAAAAAAAAAAAAAAAAAAAAAAAAAAAAAAAAAAAAAAAAAAAAAAAAAAAAAAAAAAAAAAAAAAAAAAAAAAAAAAAAAAAAAAAAAAAAAAAAAAAAAAAAAAAAAAAAAAAAAAAAAAAAAAAAAAAAAAAAAAAAAAAAAAAAAAAAAAAAAAAAAAAAAAAAAAAAAAAAAAAAAAAAAAAAAAAAAAAAAAAAAAAAAAAAAAAAAAAAAAAAAAAAAAAAAAAAAAAAAAAAAAAAAAAAAAAAAAAAAAAAAAAAAAAAAAAAAAAAAAAAAAAAAAAAAAAAAAAAAAAAAAAAAAAAAAAAAAAAAAAAAAAAAAAAAAAAAAAAAAAAAAAAAAAAAAAAAAAAAAAAAAAAAAAAAAAAAAAAAAAAAAAAAAAAAAAAAAAAAAAAAAAAAAAAAAAAAAAAAAAAAAAA6QMAAAASAQAAAR4AAAABBgAAAAAJBgAAAAAaBgYAAAABAQEVAQEbBgAAAAAC6gAAAAUnAAAAAQYAAAABAQEVAQEIFwAAAAASAAAAOAAuACAALQAgADEAMQAuACAABR0AAAABBgAAAAEBARUBAQgNAAAAAAgAAABKAGcAcwB0AAVtAAAAAQYAAAABAQEVAQEIXQAAAABYAAAALgAgAE4AVABHADoAIABqAGUAdwBlAGkAbABzACAAMgAgAFMAYwBoAHUAbABhAHUAZgBnAGEAYgBlAG4AIABwAHIAbwAgAFMAYwBoAHUAbABqAGEAaAByAAUQAAAAAQYAAAABAQEVAQEIAAAAAAUQAAAAAQYAAAABAQEVAQEIAAAAAAC2AQAAAR4AAAABBgAAAAAJBgAAAAAaBgYAAAABAQEVAQEbBgAAAAACjgEAAAUbAAAAAQYAAAABAQEVAQEICwAAAAAGAAAAOQAuACAABRsAAAABBgAAAAEBARUBAQgLAAAAAAYAAAB1AG4AZAAFHwAAAAEGAAAAAQEBFQEBCA8AAAAACgAAACAAMQAwAC4AIAAFHQAAAAEGAAAAAQEBFQEBCA0AAAAACAAAAEoAZwBzAHQABRkAAAABBgAAAAEBARUBAQgJAAAAAAQAAAAuACAABRcAAAABBgAAAAEBARUBAQgHAAAAAAIAAABNAAUZAAAAAQYAAAABAQEVAQEICQAAAAAEAAAAdQBHAAVRAAAAAQYAAAABAQEVAQEIQQAAAAA8AAAALwBTAEcAOgAgAGoAZQB3AGUAaQBsAHMAIAAyACAASwB1AHIAegBhAHIAYgBlAGkAdABlAG4AIABwAHIABSsAAAABBgAAAAEBARUBAQgbAAAAABYAAABvACAAUwBjAGgAdQBsAGoAYQBoAHIABRAAAAABBgAAAAEBARUBAQgAAAAABRAAAAABBgAAAAEBARUBAQgAAAAAABIBAAABHgAAAAEGAAAAAAkGAAAAABoGBgAAAAEBARUBARsGAAAAAALqAAAABS0AAAABBgAAAAEBARUBAQgdAAAAABgAAAAxADIALgAgAHUAbgBkACAAMQAzAC4AIAAFHQAAAAEGAAAAAQEBFQEBCA0AAAAACAAAAEoAZwBzAHQABWcAAAABBgAAAAEBARUBAQhXAAAAAFIAAAAuADoAIABqAGUAdwBlAGkAbABzACAAZQBpAG4AZQAgAFMAYwBoAHUAbABhAHUAZgBnAGEAYgBlACAAcAByAG8AIABIAGEAbABiAGoAYQBoAHIABRAAAAABBgAAAAEBARUBAQgAAAAABRAAAAABBgAAAAEBARUBAQgAAAAACgAAAAAAAAAAEQAAAACKAAAAAC0AAAABBgAAAAAJBhsAAAAnBBYBAAALAQEcAQAoBAAAAAAdAQApBKAAAAAbBgAAAAABTgAAACgBBykBByoBBysBBRMBAQgEGAAAABYEGAAAABkGCgAAAGQAZQAtAEQARQAaBgoAAABhAHIALQBTAEEAGwYKAAAAZQBuAC0AVQBTAC4BAwIAAAAA\">In der Qualifikationsphase 12\/13: Je eine Schulaufgabe pro Semester<br \/>\nIn den Jahrgangsstufen 5, 7, 10, 11 werden nur \u201eKleine Leistungsnachweise\u201c erhoben.<\/p>\n<\/div><\/section><\/div>\n<div  class='togglecontainer av-md8z71fw-9c68f11392c0a375f96ba079024b62d4  avia-builder-el-7  el_after_av_one_half  avia-builder-el-last  toggle_close_all' >\n<section class='av_toggle_section av-md8z1mib-4a3894d24d353d5dbbeb8b204b7f2880'  itemscope=\"itemscope\" itemtype=\"https:\/\/schema.org\/CreativeWork\" ><div role=\"tablist\" class=\"single_toggle\" data-tags=\"{Alle} \"  ><p id='toggle-toggle-id-1' data-fake-id='#toggle-id-1' class='toggler  av-title-above '  itemprop=\"headline\"  role='tab' tabindex='0' aria-controls='toggle-id-1' data-slide-speed=\"200\" data-title=\"Sonstiges\" data-title-open=\"\" data-aria_collapsed=\"Click to expand: Sonstiges\" data-aria_expanded=\"Click to collapse: Sonstiges\">Sonstiges<span class=\"toggle_icon\"><span class=\"vert_icon\"><\/span><span class=\"hor_icon\"><\/span><\/span><\/p><div id='toggle-id-1' aria-labelledby='toggle-toggle-id-1' role='region' class='toggle_wrap  av-title-above'  ><div class='toggle_content invers-color '  itemprop=\"text\" ><p>Studienreferendare erg\u00e4nzen epochal die Fachschaft im Rahmen ihres Zweigschuleinsatzes.<\/p>\n<\/div><\/div><\/div><\/section>\n<section class='av_toggle_section av-md8z1mib-2-bf70136f85f532299468575d4e4c4b34'  itemscope=\"itemscope\" itemtype=\"https:\/\/schema.org\/CreativeWork\" ><div role=\"tablist\" class=\"single_toggle\" data-tags=\"{Alle} \"  ><p id='toggle-toggle-id-2' data-fake-id='#toggle-id-2' class='toggler  av-title-above '  itemprop=\"headline\"  role='tab' tabindex='0' aria-controls='toggle-id-2' data-slide-speed=\"200\" data-title=\"Besonderheiten\" data-title-open=\"\" data-aria_collapsed=\"Click to expand: Besonderheiten\" data-aria_expanded=\"Click to collapse: Besonderheiten\">Besonderheiten<span class=\"toggle_icon\"><span class=\"vert_icon\"><\/span><span class=\"hor_icon\"><\/span><\/span><\/p><div id='toggle-id-2' aria-labelledby='toggle-toggle-id-2' role='region' class='toggle_wrap  av-title-above'  ><div class='toggle_content invers-color '  itemprop=\"text\" ><p>Das \u201eProjektseminar Geographie\u201c, mit dem Dokumentarfilm \u201eVerschwundene D\u00f6rfer, vergessene Geschichten- auf Spurensuche im B\u00f6hmerwald\u201c, wurde nachfolgend mit dem \u201eP-Seminar- Preis 2024\u201c der MB Oberbayern- West ausgezeichnet und vom Bayerischen Familien- und Sozialministerium, dem BDV Bayern, dem Haus des Deutschen Ostens und der Sudetendeutschen Landsmannschaft unterst\u00fctzt.<\/p>\n<\/div><\/div><\/div><\/section>\n<section class='av_toggle_section av-md8z1mib-1-a31a0905661049439f81de3f53867df0'  itemscope=\"itemscope\" itemtype=\"https:\/\/schema.org\/CreativeWork\" ><div role=\"tablist\" class=\"single_toggle\" data-tags=\"{Alle} \"  ><p id='toggle-toggle-id-3' data-fake-id='#toggle-id-3' class='toggler  av-title-above '  itemprop=\"headline\"  role='tab' tabindex='0' aria-controls='toggle-id-3' data-slide-speed=\"200\" data-title=\"Filmographie - Projektseminare\" data-title-open=\"\" data-aria_collapsed=\"Click to expand: Filmographie - Projektseminare\" data-aria_expanded=\"Click to collapse: Filmographie - Projektseminare\">Filmographie - Projektseminare<span class=\"toggle_icon\"><span class=\"vert_icon\"><\/span><span class=\"hor_icon\"><\/span><\/span><\/p><div id='toggle-id-3' aria-labelledby='toggle-toggle-id-3' role='region' class='toggle_wrap  av-title-above'  ><div class='toggle_content invers-color '  itemprop=\"text\" ><p>Leitung: Cornelius Von der Heyden<\/p>\n<p>\u201e100 Jahre Dolomitenfront- der Gebirgskrieg im heutigen UNESCO- Weltnaturerbe Dolomiten\u201c (2015 \/2016)<br \/>\n<a href=\"https:\/\/youtu.be\/6qlB3ejenr0\" target=\"_blank\" rel=\"noopener\">externer YouTube-Link <img loading=\"lazy\" decoding=\"async\" class=\"alignnone wp-image-1873\" src=\"https:\/\/www.gym-toelz.de\/wp-content\/uploads\/2025\/07\/icons8-new-tab-48.png\" alt=\"\" width=\"18\" height=\"18\" srcset=\"https:\/\/www.gym-toelz.de\/wp-content\/uploads\/2025\/07\/icons8-new-tab-48.png 48w, https:\/\/www.gym-toelz.de\/wp-content\/uploads\/2025\/07\/icons8-new-tab-48-36x36.png 36w\" sizes=\"auto, (max-width: 18px) 100vw, 18px\" \/><\/a><\/p>\n<p>\u201eAuf den Spuren der ehem. Diktaturen in der Bundeshauptstadt Berlin- 30 Jahre Mauerfall und Wiedervereinigung\u201c (2019\/ 2020)<br \/>\n<a href=\"https:\/\/www.youtube.com\/watch?v=MkAJkbCrf2g&amp;t=32s\" target=\"_blank\" rel=\"noopener\">externer YouTube-Link <img loading=\"lazy\" decoding=\"async\" class=\"alignnone wp-image-1873\" src=\"https:\/\/www.gym-toelz.de\/wp-content\/uploads\/2025\/07\/icons8-new-tab-48.png\" alt=\"\" width=\"18\" height=\"18\" srcset=\"https:\/\/www.gym-toelz.de\/wp-content\/uploads\/2025\/07\/icons8-new-tab-48.png 48w, https:\/\/www.gym-toelz.de\/wp-content\/uploads\/2025\/07\/icons8-new-tab-48-36x36.png 36w\" sizes=\"auto, (max-width: 18px) 100vw, 18px\" \/><\/a><\/p>\n<\/div><\/div><\/div><\/section>\n<\/div>\n","protected":false},"excerpt":{"rendered":"","protected":false},"author":1,"featured_media":0,"parent":240,"menu_order":7,"comment_status":"closed","ping_status":"closed","template":"","meta":{"footnotes":""},"class_list":["post-2152","page","type-page","status-publish","hentry"],"_links":{"self":[{"href":"https:\/\/www.gym-toelz.de\/index.php\/wp-json\/wp\/v2\/pages\/2152","targetHints":{"allow":["GET"]}}],"collection":[{"href":"https:\/\/www.gym-toelz.de\/index.php\/wp-json\/wp\/v2\/pages"}],"about":[{"href":"https:\/\/www.gym-toelz.de\/index.php\/wp-json\/wp\/v2\/types\/page"}],"author":[{"embeddable":true,"href":"https:\/\/www.gym-toelz.de\/index.php\/wp-json\/wp\/v2\/users\/1"}],"replies":[{"embeddable":true,"href":"https:\/\/www.gym-toelz.de\/index.php\/wp-json\/wp\/v2\/comments?post=2152"}],"version-history":[{"count":6,"href":"https:\/\/www.gym-toelz.de\/index.php\/wp-json\/wp\/v2\/pages\/2152\/revisions"}],"predecessor-version":[{"id":2926,"href":"https:\/\/www.gym-toelz.de\/index.php\/wp-json\/wp\/v2\/pages\/2152\/revisions\/2926"}],"up":[{"embeddable":true,"href":"https:\/\/www.gym-toelz.de\/index.php\/wp-json\/wp\/v2\/pages\/240"}],"wp:attachment":[{"href":"https:\/\/www.gym-toelz.de\/index.php\/wp-json\/wp\/v2\/media?parent=2152"}],"curies":[{"name":"wp","href":"https:\/\/api.w.org\/{rel}","templated":true}]}}