{"id":2145,"date":"2025-08-01T05:11:35","date_gmt":"2025-08-01T05:11:35","guid":{"rendered":"https:\/\/www.gym-toelz.de\/index.php\/unterricht\/faecher\/franzoesisch-2\/"},"modified":"2025-10-08T09:08:02","modified_gmt":"2025-10-08T09:08:02","slug":"franzoesisch","status":"publish","type":"page","link":"https:\/\/www.gym-toelz.de\/index.php\/unterricht\/faecher\/franzoesisch\/","title":{"rendered":"Franz\u00f6sisch"},"content":{"rendered":"<div  class='avia-button-wrap av-37x4lq-8365e69f462023c11d1c0a3978eb69bb-wrap avia-button-right  avia-builder-el-0  el_before_av_textblock  avia-builder-el-first '><a href='https:\/\/www.gym-toelz.de\/index.php\/unterricht\/faecher\/'  class='avia-button av-37x4lq-8365e69f462023c11d1c0a3978eb69bb av-link-btn avia-icon_select-no avia-size-medium avia-position-right avia-color-theme-color'   aria-label=\"Zur\u00fcck zu allen F\u00e4chern\"><span class='avia_iconbox_title' >Zur\u00fcck zu allen F\u00e4chern<\/span><\/a><\/div>\n<section  class='av_textblock_section av-mdc18ury-1257f5e7933ebc1975398a04382a7099 '   itemscope=\"itemscope\" itemtype=\"https:\/\/schema.org\/CreativeWork\" ><div class='avia_textblock'  itemprop=\"text\" ><p><strong>Franz\u00f6sisch<\/strong><\/p>\n<\/div><\/section>\n<div  data-slideshow-options=\"{&quot;animation&quot;:&quot;fade&quot;,&quot;autoplay&quot;:false,&quot;loop_autoplay&quot;:&quot;once&quot;,&quot;interval&quot;:&quot;5&quot;,&quot;loop_manual&quot;:&quot;manual-endless&quot;,&quot;autoplay_stopper&quot;:false,&quot;noNavigation&quot;:false,&quot;show_slide_delay&quot;:90}\" class='avia-content-slider avia-content-slider-active avia-content-slider1 avia-content-slider-odd  avia-builder-el-2  el_after_av_textblock  el_before_av_one_half  av-slideshow-ui av-control-default   av-no-slider-navigation av-slideshow-manual av-loop-once av-loop-manual-endless '  itemscope=\"itemscope\" itemtype=\"https:\/\/schema.org\/Blog\" ><div class=\"avia-content-slider-inner\"><div class=\"slide-entry-wrap\"><article class='slide-entry flex_column  post-entry post-entry-3688 slide-entry-overview slide-loop-1 slide-parity-odd  av_one_third first real-thumbnail posttype-post post-format-standard'  itemscope=\"itemscope\" itemtype=\"https:\/\/schema.org\/CreativeWork\" ><a href='https:\/\/www.gym-toelz.de\/index.php\/2026\/02\/07\/hol-dir-die-welt-ins-klassenzimmer\/' data-rel='slide-1' class='slide-image' title='Hol dir die Welt ins Klassenzimmer!'><img decoding=\"async\" fetchpriority=\"high\" width=\"495\" height=\"400\" src=\"https:\/\/www.gym-toelz.de\/wp-content\/uploads\/2026\/02\/welt-klassenzimmer-2026b-495x400.png\" class=\"wp-image-3687 avia-img-lazy-loading-not-3687 attachment-portfolio size-portfolio wp-post-image\" alt=\"\" \/><\/a><div class=\"slide-content\"><header class=\"entry-content-header\" aria-label=\"Slide: Hol dir die Welt ins Klassenzimmer!\"><h3 class='slide-entry-title entry-title '  itemprop=\"headline\" ><a href='https:\/\/www.gym-toelz.de\/index.php\/2026\/02\/07\/hol-dir-die-welt-ins-klassenzimmer\/' title='Hol dir die Welt ins Klassenzimmer!'>Hol dir die Welt ins Klassenzimmer!<\/a><\/h3><span class=\"av-vertical-delimiter\"><\/span><\/header><div class=\"slide-meta\"><time class='slide-meta-time updated'  itemprop=\"datePublished\" datetime=\"2026-02-07T08:52:19+01:00\" >Samstag, Februar 7, 2026<\/time><\/div><div class='slide-entry-excerpt entry-content'  itemprop=\"text\" >\u201eEuropa macht Schule\u201c \u2013 auch bei uns am Gabriel-von-Seidl-Gymnasium\r\n\u201eEuropa\u2026<\/div><\/div><footer class=\"entry-footer\"><\/footer><span class='hidden'>\n\t\t\t\t<span class='av-structured-data'  itemprop=\"image\" itemscope=\"itemscope\" itemtype=\"https:\/\/schema.org\/ImageObject\" >\n\t\t\t\t\t\t<span itemprop='url'>https:\/\/www.gym-toelz.de\/wp-content\/uploads\/2026\/02\/welt-klassenzimmer-2026b.png<\/span>\n\t\t\t\t\t\t<span itemprop='height'>684<\/span>\n\t\t\t\t\t\t<span itemprop='width'>763<\/span>\n\t\t\t\t<\/span>\n\t\t\t\t<span class='av-structured-data'  itemprop=\"publisher\" itemtype=\"https:\/\/schema.org\/Organization\" itemscope=\"itemscope\" >\n\t\t\t\t\t\t<span itemprop='name'>Hanno Froehlich<\/span>\n\t\t\t\t\t\t<span itemprop='logo' itemscope itemtype='https:\/\/schema.org\/ImageObject'>\n\t\t\t\t\t\t\t<span itemprop='url'>https:\/\/www.gym-toelz.de\/wp-content\/uploads\/2025\/06\/schriftzug-Kopf-weissGVS_Logo-klein-300x114.png<\/span>\n\t\t\t\t\t\t<\/span>\n\t\t\t\t<\/span><span class='av-structured-data'  itemprop=\"author\" itemscope=\"itemscope\" itemtype=\"https:\/\/schema.org\/Person\" ><span itemprop='name'>Hanno Froehlich<\/span><\/span><span class='av-structured-data'  itemprop=\"datePublished\" datetime=\"2025-08-01T05:11:35+02:00\" >2026-02-07 08:52:19<\/span><span class='av-structured-data'  itemprop=\"dateModified\" itemtype=\"https:\/\/schema.org\/dateModified\" >2026-02-07 08:53:28<\/span><span class='av-structured-data'  itemprop=\"mainEntityOfPage\" itemtype=\"https:\/\/schema.org\/mainEntityOfPage\" ><span itemprop='name'>Hol dir die Welt ins Klassenzimmer!<\/span><\/span><\/span><\/article><article class='slide-entry flex_column  post-entry post-entry-3638 slide-entry-overview slide-loop-2 slide-parity-even  post-entry-last  av_one_third  real-thumbnail posttype-post post-format-standard'  itemscope=\"itemscope\" itemtype=\"https:\/\/schema.org\/CreativeWork\" ><a href='https:\/\/www.gym-toelz.de\/index.php\/2026\/01\/28\/tag-der-deutsch-franzoesischen-freundschaft\/' data-rel='slide-1' class='slide-image' title='Tag der deutsch-franz\u00f6sischen Freundschaft'><img decoding=\"async\" fetchpriority=\"high\" width=\"495\" height=\"400\" src=\"https:\/\/www.gym-toelz.de\/wp-content\/uploads\/2026\/01\/DeutschFrzTagBuffet2025-495x400.jpg\" class=\"wp-image-3634 avia-img-lazy-loading-not-3634 attachment-portfolio size-portfolio wp-post-image\" alt=\"\" srcset=\"https:\/\/www.gym-toelz.de\/wp-content\/uploads\/2026\/01\/DeutschFrzTagBuffet2025-495x400.jpg 495w, https:\/\/www.gym-toelz.de\/wp-content\/uploads\/2026\/01\/DeutschFrzTagBuffet2025-845x684.jpg 845w\" sizes=\"(max-width: 495px) 100vw, 495px\" \/><\/a><div class=\"slide-content\"><header class=\"entry-content-header\" aria-label=\"Slide: Tag der deutsch-franz\u00f6sischen Freundschaft\"><h3 class='slide-entry-title entry-title '  itemprop=\"headline\" ><a href='https:\/\/www.gym-toelz.de\/index.php\/2026\/01\/28\/tag-der-deutsch-franzoesischen-freundschaft\/' title='Tag der deutsch-franz\u00f6sischen Freundschaft'>Tag der deutsch-franz\u00f6sischen Freundschaft<\/a><\/h3><span class=\"av-vertical-delimiter\"><\/span><\/header><div class=\"slide-meta\"><time class='slide-meta-time updated'  itemprop=\"datePublished\" datetime=\"2026-01-28T16:08:51+01:00\" >Mittwoch, Januar 28, 2026<\/time><\/div><div class='slide-entry-excerpt entry-content'  itemprop=\"text\" >Tag der deutsch-franz\u00f6sischen Freundschaft am 22. Januar 2026\r\nFachschaft\u2026<\/div><\/div><footer class=\"entry-footer\"><\/footer><span class='hidden'>\n\t\t\t\t<span class='av-structured-data'  itemprop=\"image\" itemscope=\"itemscope\" itemtype=\"https:\/\/schema.org\/ImageObject\" >\n\t\t\t\t\t\t<span itemprop='url'>https:\/\/www.gym-toelz.de\/wp-content\/uploads\/2026\/01\/DeutschFrzTagBuffet2025-scaled.jpg<\/span>\n\t\t\t\t\t\t<span itemprop='height'>1920<\/span>\n\t\t\t\t\t\t<span itemprop='width'>2560<\/span>\n\t\t\t\t<\/span>\n\t\t\t\t<span class='av-structured-data'  itemprop=\"publisher\" itemtype=\"https:\/\/schema.org\/Organization\" itemscope=\"itemscope\" >\n\t\t\t\t\t\t<span itemprop='name'>Hanno Froehlich<\/span>\n\t\t\t\t\t\t<span itemprop='logo' itemscope itemtype='https:\/\/schema.org\/ImageObject'>\n\t\t\t\t\t\t\t<span itemprop='url'>https:\/\/www.gym-toelz.de\/wp-content\/uploads\/2025\/06\/schriftzug-Kopf-weissGVS_Logo-klein-300x114.png<\/span>\n\t\t\t\t\t\t<\/span>\n\t\t\t\t<\/span><span class='av-structured-data'  itemprop=\"author\" itemscope=\"itemscope\" itemtype=\"https:\/\/schema.org\/Person\" ><span itemprop='name'>Hanno Froehlich<\/span><\/span><span class='av-structured-data'  itemprop=\"datePublished\" datetime=\"2025-08-01T05:11:35+02:00\" >2026-01-28 16:08:51<\/span><span class='av-structured-data'  itemprop=\"dateModified\" itemtype=\"https:\/\/schema.org\/dateModified\" >2026-01-28 16:09:28<\/span><span class='av-structured-data'  itemprop=\"mainEntityOfPage\" itemtype=\"https:\/\/schema.org\/mainEntityOfPage\" ><span itemprop='name'>Tag der deutsch-franz\u00f6sischen Freundschaft<\/span><\/span><\/span><\/article><\/div><\/div><\/div>\n<div  class='flex_column av-6le75b-c4b17d0cbcf06224bbc64f75fdb5880f av_one_half  avia-builder-el-3  el_after_av_postslider  el_before_av_one_half  first flex_column_div  '     ><section  class='av_textblock_section av-md5m8b02-d8d25be6372ae020d38928aa06f80d47 '   itemscope=\"itemscope\" itemtype=\"https:\/\/schema.org\/CreativeWork\" ><div class='avia_textblock'  itemprop=\"text\" ><p><strong>Das Fach<\/strong><\/p>\n<p>Franz\u00f6sisch wird an unserem Gymnasium als zweite, als dritte\u00a0und als sp\u00e4tbeginnende Fremdsprache unterrichtet. Als Sprache mehrerer Nachbarl\u00e4nder Deutschlands, der europ\u00e4ischen Union, vieler L\u00e4nder Afrikas und eines Teils von Kanada hat es eine gro\u00dfe Bedeutung in der Welt.<\/p>\n<p>Unser Ziel ist es, den Sch\u00fclerinnen und Sch\u00fclern nicht nur sprachliche F\u00e4higkeiten, sondern auch viel interkulturelles Wissen mitzugeben und sie zum selbstst\u00e4ndigen Gebrauch des Franz\u00f6sischen zu motivieren.<\/p>\n<p>Im Unterricht werden vier Kompetenzbereiche, das H\u00f6ren, das Lesen, das Sprechen und das Schreiben gleicherma\u00dfen ber\u00fccksichtigt. In den ersten Lernjahren besch\u00e4ftigen wir uns vor allem mit Alltagssituationen und deren sprachlicher Bew\u00e4ltigung. Sp\u00e4ter k\u00f6nnen die Sch\u00fclerinnen und Sch\u00fcler ihre Kenntnisse in den Bereichen Kultur und Literatur, Geschichte und Gesellschaft vertiefen. Mit Theater- und Kinobesuchen und der Verwendung von franz\u00f6sischsprachigen Medien wollen wir die Sch\u00fclerinnen und Sch\u00fcler beim Lernen unterst\u00fctzen und ihren Horizont erweitern.<\/p>\n<p>Seit mehreren Jahren wird an unserem Gymnasium das DELF auf zwei Niveaus, B1 und B2, abgenommen. Dabei handelt es sich um ein international anerkanntes Sprachdiplom, das zum Studium in frankophonen L\u00e4ndern berechtigt und ein zus\u00e4tzliches Plus\u00a0in einer Bewerbungsmappe darstellt.<\/p>\n<p>\u00dcber unsere Austauschprogramme k\u00f6nnen unsere Sch\u00fclerinnen und Sch\u00fcler ihre Kenntnisse im Ausland erproben.<\/p>\n<\/div><\/section><\/div>\n<div  class='flex_column av-4l46b3-a0225c42bbaf70a50f43e4a0a1be8a36 av_one_half  avia-builder-el-5  el_after_av_one_half  el_before_av_toggle_container  flex_column_div  '     ><section  class='av_textblock_section av-md5m9yeg-a9d28fd7cdae222de796d850bdc4be30 '   itemscope=\"itemscope\" itemtype=\"https:\/\/schema.org\/CreativeWork\" ><div class='avia_textblock'  itemprop=\"text\" ><p><strong>Fachschaftsleitung<\/strong><\/p>\n<p>Brigitte Braun<\/p>\n<p><strong>Lehrwerke<\/strong><\/p>\n<p>\u201eD\u00e9couvertes\u201c (Klett) f\u00fcr Franz\u00f6sisch als 2. Fremdsprache (6. \u2013 10. Jgst.)<br \/>\n\u201eCours Intensif\u201c (Klett) f\u00fcr Franz\u00f6sisch als 3. Fremdsprache (8.-10. Jgst)<br \/>\n\u201eTransitions\u201c (Klett) f\u00fcr Franz\u00f6sisch als 2. und 3. Fremdsprache (11. Jgst.)<br \/>\n\u201eG\u00e9n\u00e9ration Pro\u201c (Klett) f\u00fcr Frz. sp\u00e4tbeginnend (Einf\u00fchrungsklasse, 11. \u2013 13. Jgst.)<br \/>\n\u201eD\u00e9couvertes Oberstufe\u201c (Klett) und \u201eA plus Oberstufe\u201c (Cornelsen) (12. und 13. Jgst.) f\u00fcr grundlegendes (gA) und erh\u00f6htes Anforderungsniveau (eA)<\/p>\n<p><strong>Schulaufgaben<\/strong><\/p>\n<p>Um die M\u00fcndlichkeit in allen Jahrgangsstufen zu st\u00e4rken, werden nur im Fach Franz\u00f6sisch in denjenigen Jahrgangsstufen, in denen keine m\u00fcndlichen Schulaufgaben stattfinden, die gro\u00dfen zu den kleinen Leistungsnachweisen nicht mit der Gewichtung \u201e2:1\u201c, sondern mit der Gewichtung \u201e3:2\u201c gewertet.<\/p>\n<p>6. + 8. Klasse (Frz. als zweite Fremdsprache): 4 Schulaufgaben<\/p>\n<p>7. Klasse (Frz. als zweite Fremdsprache): 4 Schulaufgaben, davon 1 m\u00fcndlich<\/p>\n<p>8. Klasse (Frz. als dritte Fremdsprache): 4 Schulaufgaben, davon 1 m\u00fcndlich<\/p>\n<p>9. Klasse (Frz. als zweite und als dritte Fremdsprache): 3 Schulaufgaben<\/p>\n<p>10. Klasse (Frz. als zweite und als dritte Fremdsprache): 3 Schulaufgaben, davon 1 m\u00fcndlich<\/p>\n<p>11. Klasse (Frz. als zweite und als dritte Fremdsprache): 3 Schulaufgaben<\/p>\n<p>11. Klasse (Einf\u00fchrungsklasse): 4 Schulaufgaben, davon 1 m\u00fcndlich<\/p>\n<p>Q12\/1<br \/>\nGrundlegendes und erh\u00f6htes Anforderungsniveau: 1 Schulaufgabe<\/p>\n<p>Q12\/2<br \/>\nGrundlegendes und erh\u00f6htes Anforderungsniveau: 1 m\u00fcndliche Schulaufgabe<\/p>\n<p>Q13\/1<br \/>\nGrundlegendes und erh\u00f6htes Anforderungsniveau: 1 Schulaufgabe<\/p>\n<p>Q13\/2<br \/>\nGrundlegendes Anforderungsniveau: Kurzarbeit(en); Erh\u00f6htes Anforderungsniveau: 1 Schulaufgabe<\/p>\n<\/div><\/section><\/div><div  class='togglecontainer av-md8z71fw-9c68f11392c0a375f96ba079024b62d4  avia-builder-el-7  el_after_av_one_half  avia-builder-el-last  toggle_close_all' >\n<section class='av_toggle_section av-md8z1mib-09bdfb52cacb97c0dfa3d91a4ef02b20'  itemscope=\"itemscope\" itemtype=\"https:\/\/schema.org\/CreativeWork\" ><div role=\"tablist\" class=\"single_toggle\" data-tags=\"{Alle} \"  ><p id='toggle-toggle-id-1' data-fake-id='#toggle-id-1' class='toggler  av-title-above '  itemprop=\"headline\"  role='tab' tabindex='0' aria-controls='toggle-id-1' data-slide-speed=\"200\" data-title=\"Austauschprogramme\" data-title-open=\"\" data-aria_collapsed=\"Click to expand: Austauschprogramme\" data-aria_expanded=\"Click to collapse: Austauschprogramme\">Austauschprogramme<span class=\"toggle_icon\"><span class=\"vert_icon\"><\/span><span class=\"hor_icon\"><\/span><\/span><\/p><div id='toggle-id-1' aria-labelledby='toggle-toggle-id-1' role='region' class='toggle_wrap  av-title-above'  ><div class='toggle_content invers-color '  itemprop=\"text\" ><ul>\n<li>Vichy (8. Jgst.)<\/li>\n<li>Saint-Brieuc (10. und 11. Jgst.)<\/li>\n<\/ul>\n<p style=\"text-align: center;\"><a href=\"https:\/\/www.gym-toelz.de\/index.php\/angebote-aktivitaeten\/austauschprogramme\/\" target=\"_blank\" rel=\"noopener\">interner Link zu den Austauschprogrammen <img loading=\"lazy\" decoding=\"async\" class=\"alignnone wp-image-1873\" src=\"https:\/\/www.gym-toelz.de\/wp-content\/uploads\/2025\/07\/icons8-new-tab-48.png\" alt=\"\" width=\"18\" height=\"18\" srcset=\"https:\/\/www.gym-toelz.de\/wp-content\/uploads\/2025\/07\/icons8-new-tab-48.png 48w, https:\/\/www.gym-toelz.de\/wp-content\/uploads\/2025\/07\/icons8-new-tab-48-36x36.png 36w\" sizes=\"auto, (max-width: 18px) 100vw, 18px\" \/><\/a><\/p>\n<\/div><\/div><\/div><\/section>\n<section class='av_toggle_section av-mggur722-6db3fe60bc8b83c985d6376d4ce65dff'  itemscope=\"itemscope\" itemtype=\"https:\/\/schema.org\/CreativeWork\" ><div role=\"tablist\" class=\"single_toggle\" data-tags=\"{Alle} \"  ><p id='toggle-toggle-id-2' data-fake-id='#toggle-id-2' class='toggler  av-title-above '  itemprop=\"headline\"  role='tab' tabindex='0' aria-controls='toggle-id-2' data-slide-speed=\"200\" data-title=\"DELF\" data-title-open=\"\" data-aria_collapsed=\"Click to expand: DELF\" data-aria_expanded=\"Click to collapse: DELF\">DELF<span class=\"toggle_icon\"><span class=\"vert_icon\"><\/span><span class=\"hor_icon\"><\/span><\/span><\/p><div id='toggle-id-2' aria-labelledby='toggle-toggle-id-2' role='region' class='toggle_wrap  av-title-above'  ><div class='toggle_content invers-color '  itemprop=\"text\" ><p style=\"text-align: left;\"><a href=\"https:\/\/www.gym-toelz.de\/index.php\/angebote-aktivitaeten\/wahlkurse\/#Sprachen\" target=\"_blank\" rel=\"noopener\">interner Link zu den DELF-Kursen <img loading=\"lazy\" decoding=\"async\" class=\"alignnone wp-image-1873\" src=\"https:\/\/www.gym-toelz.de\/wp-content\/uploads\/2025\/07\/icons8-new-tab-48.png\" alt=\"\" width=\"18\" height=\"18\" srcset=\"https:\/\/www.gym-toelz.de\/wp-content\/uploads\/2025\/07\/icons8-new-tab-48.png 48w, https:\/\/www.gym-toelz.de\/wp-content\/uploads\/2025\/07\/icons8-new-tab-48-36x36.png 36w\" sizes=\"auto, (max-width: 18px) 100vw, 18px\" \/><\/a><\/p>\n<\/div><\/div><\/div><\/section>\n<section class='av_toggle_section av-mggurmk6-89965cee580c38eae7882ee9e098176e'  itemscope=\"itemscope\" itemtype=\"https:\/\/schema.org\/CreativeWork\" ><div role=\"tablist\" class=\"single_toggle\" data-tags=\"{Alle} \"  ><p id='toggle-toggle-id-3' data-fake-id='#toggle-id-3' class='toggler  av-title-above '  itemprop=\"headline\"  role='tab' tabindex='0' aria-controls='toggle-id-3' data-slide-speed=\"200\" data-title=\"Fremdsprachenwettbewerbe\" data-title-open=\"\" data-aria_collapsed=\"Click to expand: Fremdsprachenwettbewerbe\" data-aria_expanded=\"Click to collapse: Fremdsprachenwettbewerbe\">Fremdsprachenwettbewerbe<span class=\"toggle_icon\"><span class=\"vert_icon\"><\/span><span class=\"hor_icon\"><\/span><\/span><\/p><div id='toggle-id-3' aria-labelledby='toggle-toggle-id-3' role='region' class='toggle_wrap  av-title-above'  ><div class='toggle_content invers-color '  itemprop=\"text\" ><p><a href=\"https:\/\/www.gym-toelz.de\/index.php\/angebote-aktivitaeten\/wettbewerbe\/\" target=\"_blank\" rel=\"noopener\">interner Link zu den Wettbewerben <img loading=\"lazy\" decoding=\"async\" class=\"alignnone wp-image-1873\" src=\"https:\/\/www.gym-toelz.de\/wp-content\/uploads\/2025\/07\/icons8-new-tab-48.png\" alt=\"\" width=\"18\" height=\"18\" srcset=\"https:\/\/www.gym-toelz.de\/wp-content\/uploads\/2025\/07\/icons8-new-tab-48.png 48w, https:\/\/www.gym-toelz.de\/wp-content\/uploads\/2025\/07\/icons8-new-tab-48-36x36.png 36w\" sizes=\"auto, (max-width: 18px) 100vw, 18px\" \/><\/a><\/p>\n<\/div><\/div><\/div><\/section>\n<\/div><\/p>\n","protected":false},"excerpt":{"rendered":"","protected":false},"author":1,"featured_media":0,"parent":240,"menu_order":3,"comment_status":"closed","ping_status":"closed","template":"","meta":{"footnotes":""},"class_list":["post-2145","page","type-page","status-publish","hentry"],"_links":{"self":[{"href":"https:\/\/www.gym-toelz.de\/index.php\/wp-json\/wp\/v2\/pages\/2145","targetHints":{"allow":["GET"]}}],"collection":[{"href":"https:\/\/www.gym-toelz.de\/index.php\/wp-json\/wp\/v2\/pages"}],"about":[{"href":"https:\/\/www.gym-toelz.de\/index.php\/wp-json\/wp\/v2\/types\/page"}],"author":[{"embeddable":true,"href":"https:\/\/www.gym-toelz.de\/index.php\/wp-json\/wp\/v2\/users\/1"}],"replies":[{"embeddable":true,"href":"https:\/\/www.gym-toelz.de\/index.php\/wp-json\/wp\/v2\/comments?post=2145"}],"version-history":[{"count":7,"href":"https:\/\/www.gym-toelz.de\/index.php\/wp-json\/wp\/v2\/pages\/2145\/revisions"}],"predecessor-version":[{"id":2917,"href":"https:\/\/www.gym-toelz.de\/index.php\/wp-json\/wp\/v2\/pages\/2145\/revisions\/2917"}],"up":[{"embeddable":true,"href":"https:\/\/www.gym-toelz.de\/index.php\/wp-json\/wp\/v2\/pages\/240"}],"wp:attachment":[{"href":"https:\/\/www.gym-toelz.de\/index.php\/wp-json\/wp\/v2\/media?parent=2145"}],"curies":[{"name":"wp","href":"https:\/\/api.w.org\/{rel}","templated":true}]}}