{"id":213,"date":"2025-05-16T15:16:52","date_gmt":"2025-05-16T15:16:52","guid":{"rendered":"https:\/\/www.gym-toelz.de\/index.php\/besinnliche-fruehschicht\/"},"modified":"2026-01-28T16:35:24","modified_gmt":"2026-01-28T15:35:24","slug":"besinnliche-fruehschicht","status":"publish","type":"page","link":"https:\/\/www.gym-toelz.de\/index.php\/angebote-aktivitaeten\/besinnliche-fruehschicht\/","title":{"rendered":"Besinnliche Fr\u00fchschicht"},"content":{"rendered":"<p><strong>Besinnliche Fr\u00fchschicht<\/strong><\/p>\n<p>Die Fr\u00fchschicht findet in der Adventszeit jeden Freitag um 6.30 Uhr im Oratorium (\u00fcber dem linken Seitenaltar) der Stadtpfarrkirche statt.<\/p>\n<p><img loading=\"lazy\" decoding=\"async\" class=\" wp-image-2156 alignleft\" src=\"https:\/\/www.gym-toelz.de\/wp-content\/uploads\/2025\/08\/fruehschicht-alt-2025-180x113.jpg\" alt=\"\" width=\"460\" height=\"289\" \/>Vor jedem ersten Freitag im Monat und regelm\u00e4\u00dfig in der Fasten- bzw. in der Adventszeit erinnert eine Durchsage in unserer Schule an eine besondere Form der Jugendarbeit, die im Rahmen des schulischen Lebens stattfindet: die Fr\u00fchschicht.Und so finden sich jedes Mal zahlreiche Fr\u00fchaufsteher, vor allem aus der Unter- und Mittelstufe, zu einer gemeinsamen Besinnung und einem anschlie\u00dfenden Fr\u00fchst\u00fcck in der Franzm\u00fchle ein. Das Fr\u00fchst\u00fcck wird von der Pfarrei als Beitrag zur Jugendarbeit in der Pfarrei finanziert und sorgt mit leckeren Semmeln, Brez`n und K\u00e4sestangen f\u00fcr die k\u00f6rperliche St\u00e4rkung vor dem Beginn des Schultages.<\/p>\n<p>Im Sinne einer \u201egeistigen St\u00e4rkung&#8220; werden vor dem Fr\u00fchst\u00fcck mit den Kindern und Jugendlichen jeweils verschiedene Themen erschlossen, so z.B. \u201eVom Umgang mit der Zeit&#8220;, \u201eOasen in der W\u00fcste &#8211; Kraftquellen in schwierigen Lebensphasen&#8220;, \u201e Eine Schnee-Meditation&#8220;, \u201eZur Ruhe kommen&#8220;, \u201eMenschen und ihre Masken&#8220;, \u201eWie mit Leid umgehen?&#8220; und viele andere Themen mit direktem oder indirektem Lebensbezug.<\/p>\n<p>Im Sinne einer \u00fcberkonfessionellen Veranstaltung spielt es keine Rolle, ob die teilnehmenden Sch\u00fcler\/innen evangelisch, katholisch oder nicht getauft sind, denn jeder, der sich f\u00fcr diese Form der Spiritualit\u00e4t, interessiert, ist herzlich eingeladen.<\/p>\n","protected":false},"excerpt":{"rendered":"<p>Besinnliche Fr\u00fchschicht Die Fr\u00fchschicht findet in der Adventszeit jeden Freitag um 6.30 Uhr im Oratorium (\u00fcber dem linken Seitenaltar) der Stadtpfarrkirche statt. Vor jedem ersten Freitag im Monat und regelm\u00e4\u00dfig in der Fasten- bzw. in der Adventszeit erinnert eine Durchsage in unserer Schule an eine besondere Form der Jugendarbeit, die im Rahmen des schulischen Lebens [&hellip;]<\/p>\n","protected":false},"author":2,"featured_media":0,"parent":35,"menu_order":38,"comment_status":"closed","ping_status":"closed","template":"","meta":{"footnotes":""},"class_list":["post-213","page","type-page","status-publish","hentry"],"_links":{"self":[{"href":"https:\/\/www.gym-toelz.de\/index.php\/wp-json\/wp\/v2\/pages\/213","targetHints":{"allow":["GET"]}}],"collection":[{"href":"https:\/\/www.gym-toelz.de\/index.php\/wp-json\/wp\/v2\/pages"}],"about":[{"href":"https:\/\/www.gym-toelz.de\/index.php\/wp-json\/wp\/v2\/types\/page"}],"author":[{"embeddable":true,"href":"https:\/\/www.gym-toelz.de\/index.php\/wp-json\/wp\/v2\/users\/2"}],"replies":[{"embeddable":true,"href":"https:\/\/www.gym-toelz.de\/index.php\/wp-json\/wp\/v2\/comments?post=213"}],"version-history":[{"count":5,"href":"https:\/\/www.gym-toelz.de\/index.php\/wp-json\/wp\/v2\/pages\/213\/revisions"}],"predecessor-version":[{"id":2957,"href":"https:\/\/www.gym-toelz.de\/index.php\/wp-json\/wp\/v2\/pages\/213\/revisions\/2957"}],"up":[{"embeddable":true,"href":"https:\/\/www.gym-toelz.de\/index.php\/wp-json\/wp\/v2\/pages\/35"}],"wp:attachment":[{"href":"https:\/\/www.gym-toelz.de\/index.php\/wp-json\/wp\/v2\/media?parent=213"}],"curies":[{"name":"wp","href":"https:\/\/api.w.org\/{rel}","templated":true}]}}

Besinnliche Frühschicht

<p><strong>Besinnliche Frühschicht</strong></p>
<p>Die Frühschicht findet in der Adventszeit jeden Freitag um 6.30 Uhr im Oratorium (über dem linken Seitenaltar) der Stadtpfarrkirche statt.</p>
<p><img loading="lazy" decoding="async" class=" wp-image-2156 alignleft" src="https://www.gym-toelz.de/wp-content/uploads/2025/08/fruehschicht-alt-2025-180x113.jpg" alt="" width="460" height="289" />Vor jedem ersten Freitag im Monat und regelmäßig in der Fasten- bzw. in der Adventszeit erinnert eine Durchsage in unserer Schule an eine besondere Form der Jugendarbeit, die im Rahmen des schulischen Lebens stattfindet: die Frühschicht.Und so finden sich jedes Mal zahlreiche Frühaufsteher, vor allem aus der Unter- und Mittelstufe, zu einer gemeinsamen Besinnung und einem anschließenden Frühstück in der Franzmühle ein. Das Frühstück wird von der Pfarrei als Beitrag zur Jugendarbeit in der Pfarrei finanziert und sorgt mit leckeren Semmeln, Brez`n und Käsestangen für die körperliche Stärkung vor dem Beginn des Schultages.</p>
<p>Im Sinne einer „geistigen Stärkung&#8220; werden vor dem Frühstück mit den Kindern und Jugendlichen jeweils verschiedene Themen erschlossen, so z.B. „Vom Umgang mit der Zeit&#8220;, „Oasen in der Wüste &#8211; Kraftquellen in schwierigen Lebensphasen&#8220;, „ Eine Schnee-Meditation&#8220;, „Zur Ruhe kommen&#8220;, „Menschen und ihre Masken&#8220;, „Wie mit Leid umgehen?&#8220; und viele andere Themen mit direktem oder indirektem Lebensbezug.</p>
<p>Im Sinne einer überkonfessionellen Veranstaltung spielt es keine Rolle, ob die teilnehmenden Schüler/innen evangelisch, katholisch oder nicht getauft sind, denn jeder, der sich für diese Form der Spiritualität, interessiert, ist herzlich eingeladen.</p>

<p>Besinnliche Frühschicht Die Frühschicht findet in der Adventszeit jeden Freitag um 6.30 Uhr im Oratorium (über dem linken Seitenaltar) der Stadtpfarrkirche statt. Vor jedem ersten Freitag im Monat und regelmäßig in der Fasten- bzw. in der Adventszeit erinnert eine Durchsage in unserer Schule an eine besondere Form der Jugendarbeit, die im Rahmen des schulischen Lebens [&hellip;]</p>
