{"id":1997,"date":"2025-07-28T15:22:57","date_gmt":"2025-07-28T15:22:57","guid":{"rendered":"https:\/\/www.gym-toelz.de\/?page_id=1997"},"modified":"2025-10-15T18:21:31","modified_gmt":"2025-10-15T18:21:31","slug":"physik","status":"publish","type":"page","link":"https:\/\/www.gym-toelz.de\/index.php\/unterricht\/faecher\/physik\/","title":{"rendered":"Physik"},"content":{"rendered":"<div  class='avia-button-wrap av-mdeokxx2-ba348ff40bcf67ab637d5c571ba8d309-wrap avia-button-right  avia-builder-el-0  el_before_av_textblock  avia-builder-el-first '><a href='https:\/\/www.gym-toelz.de\/index.php\/unterricht\/faecher\/'  class='avia-button av-mdeokxx2-ba348ff40bcf67ab637d5c571ba8d309 av-link-btn avia-icon_select-no avia-size-medium avia-position-right avia-color-theme-color'   aria-label=\"Zur\u00fcck zu allen F\u00e4chern\"><span class='avia_iconbox_title' >Zur\u00fcck zu allen F\u00e4chern<\/span><\/a><\/div>\n<section  class='av_textblock_section av-mdc1a1w6-06b94ad16ecbe6ecafcf709e106978eb '   itemscope=\"itemscope\" itemtype=\"https:\/\/schema.org\/CreativeWork\" ><div class='avia_textblock'  itemprop=\"text\" ><p><strong>PHYSIK<\/strong><\/p>\n<\/div><\/section>\n\n<div  class='flex_column av-6le75b-c4b17d0cbcf06224bbc64f75fdb5880f av_one_half  avia-builder-el-3  el_after_av_postslider  el_before_av_one_half  first flex_column_div  '     ><section  class='av_textblock_section av-md5m8b02-d8d25be6372ae020d38928aa06f80d47 '   itemscope=\"itemscope\" itemtype=\"https:\/\/schema.org\/CreativeWork\" ><div class='avia_textblock'  itemprop=\"text\" ><p><strong>Das Fach<\/strong><\/p>\n<p><em>Mit Physik die Welt verstehen<\/em><br \/>\nIm Fach Physik erkunden Sch\u00fclerinnen und Sch\u00fcler die grundlegenden Gesetze der Natur \u2013 von der Bewegung der Planeten bis hin zu den kleinsten Teilchen. Dabei steht das Beobachten, Experimentieren und Erkl\u00e4ren im Mittelpunkt. Moderne Themen wie Energie, Elektrizit\u00e4t oder Digitalisierung zeigen die enge Verbindung zur Lebenswelt und Technik. Der Unterricht f\u00f6rdert logisches Denken, mathematisches Verst\u00e4ndnis und eine forschende Haltung. So wird Physik zur Br\u00fccke zwischen Natur, Technik und Zukunft.<\/p>\n<\/div><\/section><\/div>\n<div  class='flex_column av-4l46b3-a0225c42bbaf70a50f43e4a0a1be8a36 av_one_half  avia-builder-el-5  el_after_av_one_half  el_before_av_toggle_container  flex_column_div  '     ><section  class='av_textblock_section av-md5m9yeg-a9d28fd7cdae222de796d850bdc4be30 '   itemscope=\"itemscope\" itemtype=\"https:\/\/schema.org\/CreativeWork\" ><div class='avia_textblock'  itemprop=\"text\" ><p><strong>Fachschaftsleitung<\/strong><\/p>\n<p>Wolfgang Pavlas<\/p>\n<p><strong>Lehrwerke<\/strong><\/p>\n<p class=\"docData;DOCY;v5;3267;BQiAAgAAEYQCAAAGiAIAAANXCgAABWUKAAAAAAAAAAAAAAAAAAAAAAAAAAAAAAAAAAAAAAAAAAAAAAAAAAAAAAAAAAAAAAAAAAAAAAAAAAAAAAAAAAAAAAAAAAAAAAAAAAAAAAAAAAAAAAAAAAAAAAAAAAAAAAAAAAAAAAAAAAAAAAAAAAAAAAAAAAAAAAAAAAAAAAAAAAAAAAAAAAAAAAAAAAAAAAAAAAAAAAAAAAAAAAAAAAAAAAAAAAAAAAAAAAAAAAAAAAAAAAAAAAAAAAAAAAAAAAAAAAAAAAAAAAAAAAAAAAAAAAAAAAAAAAAAAAAAAAAAAAAAAAAAAAAAAAAAAAAAAAAAAAAAAAAAAAAAAAAAAAAAAAAAAAAAAAAAAAAAAAAAAAAAAAAAAAAAAAAAAAAAAAAAAAAAAAAAAAAAAAAAAAAAAAAAAAAAAAAAAAAAAAAAAAAAAAAAAAAAAAAAAAAAAAAAAAAAAAAAAAAAAAAAAAAAAAAAAAAAAAAAAAAAAAAAAAAAAAAAAAAAAAAAAAAAAAAAAAAAAAAAAAAAAAAAAAAAAAAAAAAAAAAAAAAAAAAAAAAAAAAAAAAAAAAAAAAAAAAAAAAAAAAAAAAAAAAAAAAAAAAAAAAAAAAAAAAAAAAAAAAAAAAAAAAAAAAAAAAAAAAAAAAAAAAAAAAAAAAAAAAAAAAAAAAAAAAAAAAAAAAAAAAAAAAAAAAAAAAAAAAAAAAAAAAAAAAAAAAAAAAAAAAAAAAAAAAAAAAAAAAAAAAAAAAAAAAAAAAAAAAAAAAAAAAAAAAAAAAAAAAAAAAAAAAAAAAAAAAAAAAAAAAAAAAAAAAAAAAAAAAAAAAAAAAAAAAAywcAAAAKAQAAASQAAAAVBgYAAAA2ADEANgABBgAAAAAJBgAAAAAaBgAAAAAbBgAAAAAC3AAAAAW5AAAAAQAAAAAIrwAAAAAkAAAANwAuACAASgBhAGgAcgBnAGEAbgBnAHMAcwB0AHUAZgBlADoAAgAAAAAAfAAAAE4AYQB0AHUAcgAgAHUAbgBkACAAVABlAGMAaABuAGkAawAgABMgIABQAGgAeQBzAGkAawAgADcAIAAoAEcAeQBtAG4AYQBzAGkAdQBtACAAQgBhAHkAZQByAG4AKQAsACAAQwAuACAAQwAuACAAQgB1AGMAaABuAGUAcgAFCgAAAAEAAAAACAAAAAAFCgAAAAEAAAAACAAAAAAA9gAAAAEkAAAAFQYGAAAANgAxADYAAQYAAAAACQYAAAAAGgYAAAAAGwYAAAAAAsgAAAAFpQAAAAEAAAAACJsAAAAAJAAAADgALgAgAEoAYQBoAHIAZwBhAG4AZwBzAHMAdAB1AGYAZQA6AAIAAAAAAGgAAABEAG8AcgBuACAAQgBhAGQAZQByACAAEyAgAFAAaAB5AHMAaQBrACAAOAAgACgARwB5AG0AbgBhAHMAaQB1AG0AIABCAGEAeQBlAHIAbgApACwAIABXAGUAcwB0AGUAcgBtAGEAbgBuAAUKAAAAAQAAAAAIAAAAAAUKAAAAAQAAAAAIAAAAAAD2AAAAASQAAAAVBgYAAAA2ADEANgABBgAAAAAJBgAAAAAaBgAAAAAbBgAAAAACyAAAAAWlAAAAAQAAAAAImwAAAAAkAAAAOQAuACAASgBhAGgAcgBnAGEAbgBnAHMAcwB0AHUAZgBlADoAAgAAAAAAaAAAAEQAbwByAG4AIABCAGEAZABlAHIAIAATICAAUABoAHkAcwBpAGsAIAA5ACAAKABHAHkAbQBuAGEAcwBpAHUAbQAgAEIAYQB5AGUAcgBuACkALAAgAFcAZQBzAHQAZQByAG0AYQBuAG4ABQoAAAABAAAAAAgAAAAABQoAAAABAAAAAAgAAAAAAO4AAAABJAAAABUGBgAAADYAMQA2AAEGAAAAAAkGAAAAABoGAAAAABsGAAAAAALAAAAABZ0AAAABAAAAAAiTAAAAACYAAAAxADAALgAgAEoAYQBoAHIAZwBhAG4AZwBzAHMAdAB1AGYAZQA6AAIAAAAAAF4AAABEAHUAZABlAG4AIAATICAAUABoAHkAcwBpAGsAIAAxADAAIAAoAEcAeQBtAG4AYQBzAGkAdQBtACAAQgBhAHkAZQByAG4AKQAsACAAQwBvAHIAbgBlAGwAcwBlAG4ABQoAAAABAAAAAAgAAAAABQoAAAABAAAAAAgAAAAAAOYAAAABJAAAABUGBgAAADYAMQA2AAEGAAAAAAkGAAAAABoGAAAAABsGAAAAAAK4AAAABZUAAAABAAAAAAiLAAAAACYAAAAxADEALgAgAEoAYQBoAHIAZwBhAG4AZwBzAHMAdAB1AGYAZQA6AAIAAAAAAFYAAABQAGgAeQBzAGkAawAgADEAMQAgACgARwB5AG0AbgBhAHMAaQB1AG0AIABCAGEAeQBlAHIAbgApACwAIABDAC4AIABDAC4AIABCAHUAYwBoAG4AZQByAAUKAAAAAQAAAAAIAAAAAAUKAAAAAQAAAAAIAAAAAAD6AAAAASQAAAAVBgYAAAA2ADEANgABBgAAAAAJBgAAAAAaBgAAAAAbBgAAAAACzAAAAAWpAAAAAQAAAAAInwAAAAAmAAAAMQAyAC4AIABKAGEAaAByAGcAYQBuAGcAcwBzAHQAdQBmAGUAOgACAAAAAABqAAAARABvAHIAbgAgAEIAYQBkAGUAcgAgABMgIABQAGgAeQBzAGkAawAgADEAMgAgACgARwB5AG0AbgBhAHMAaQB1AG0AIABCAGEAeQBlAHIAbgApACwAIABXAGUAcwB0AGUAcgBtAGEAbgBuAAUKAAAAAQAAAAAIAAAAAAUKAAAAAQAAAAAIAAAAAAD6AAAAASQAAAAVBgYAAAA2ADEANgABBgAAAAAJBgAAAAAaBgAAAAAbBgAAAAACzAAAAAWpAAAAAQAAAAAInwAAAAAmAAAAMQAzAC4AIABKAGEAaAByAGcAYQBuAGcAcwBzAHQAdQBmAGUAOgACAAAAAABqAAAARABvAHIAbgAgAEIAYQBkAGUAcgAgABMgIABQAGgAeQBzAGkAawAgADEAMwAgACgARwB5AG0AbgBhAHMAaQB1AG0AIABCAGEAeQBlAHIAbgApACwAIABXAGUAcwB0AGUAcgBtAGEAbgBuAAUKAAAAAQAAAAAIAAAAAAUKAAAAAQAAAAAIAAAAAADlAAAAASQAAAAVBgYAAAA2ADEANgABBgAAAAAJBgAAAAAaBgAAAAAbBgAAAAACtwAAAAWUAAAAAQAAAAAIigAAAAIAAAAAAgAAAAACAAAAAAB2AAAARABvAHIAbgAgAEIAYQBkAGUAcgAgABMgIABQAGgAeQBzAGkAawAgADEAMwBTAEkASQAsACAAQQBzAHQAcgBvAHAAaAB5AHMAaQBrACAAKABHAHkAbQBuAGEAcwBpAHUAbQAgAEIAYQB5AGUAcgBuACkALAAgAAUKAAAAAQAAAAAIAAAAAAUKAAAACAUAAAANAAAAAAoAAAAAAAAAABEAAAAAWgIAAAASAAAAAQYAAAAACQYAAAAAGwYAAAAAAQAAAAACOQIAAAA0AgAAAQYAAAA2ADEANgACDAAAAE4AbwByAG0AYQBsAAkBAAAAAwgBAAAAAQQGAAAANgAxADYAEgYAAAA2ADEANgAFDQEAAAABAAEBAAIBCwMBAAQGHgAAAFQAaQBtAGUAcwAgAE4AZQB3ACAAUgBvAG0AYQBuAAUGHgAAAFQAaQBtAGUAcwAgAE4AZQB3ACAAUgBvAG0AYQBuAAcGHgAAAFQAaQBtAGUAcwAgAE4AZQB3ACAAUgBvAG0AYQBuAAYGHgAAAFQAaQBtAGUAcwAgAE4AZQB3ACAAUgBvAG0AYQBuAAgEGAAAAAoBAAwBACYEAAAAAA8BABABABEBACcEAAAAABQBABUBABYEGAAAABcBABgBABkGCgAAAGQAZQAtAEQARQAaBgoAAABhAHIALQBTAEEAGwYKAAAAZABlAC0ARABFABwGAgAAAAAAHgEALgEABt8AAAAAAQABBhIAAAAkBAAAAAAlBAAAAAAmBAAAAAAFAQEGAQAHAQAIAQAJBhsAAAAnBPAAAAALAQEcAQAoBAAAAAAdAQApBAAAAAAOBggAAAAAAQEBA\/\/\/\/xkBARsGfQAAAAAUAAAAAAMAAAAFBAAAAAAGBAQAAAADAQABFAAAAAADAAAABQQAAAAABgQEAAAAAwEAAhQAAAAAAwAAAAUEAAAAAAYEBAAAAAMBAAMUAAAAAAMAAAAFBAAAAAAGBAQAAAADAQALFAAAAAADAAAABQQAAAAABgQEAAAAAwEALAEA\"><em>7. Jahrgangsstufe:<\/em> Natur und Technik \u2013 Physik 7 (Gymnasium Bayern), C. C. Buchner<\/p>\n<p><em>8. Jahrgangsstufe:<\/em> Dorn Bader \u2013 Physik 8 (Gymnasium Bayern), Westermann<\/p>\n<p><em>9. Jahrgangsstufe:<\/em> Dorn Bader \u2013 Physik 9 (Gymnasium Bayern), Westermann<\/p>\n<p><em>10. Jahrgangsstufe:<\/em> Duden \u2013 Physik 10 (Gymnasium Bayern), Cornelsen<\/p>\n<p><em>11. Jahrgangsstufe:<\/em> Physik 11 (Gymnasium Bayern), C. C. Buchner<\/p>\n<p><em>12. Jahrgangsstufe:<\/em> Dorn Bader \u2013 Physik 12 (Gymnasium Bayern), Westermann<\/p>\n<p><em>13. Jahrgangsstufe:<\/em> Dorn Bader \u2013 Physik 13 (Gymnasium Bayern), Westermann; Dorn Bader \u2013 Physik 13SII, Astrophysik (Gymnasium Bayern)<\/p>\n<p><strong>Schulaufgaben<\/strong><\/p>\n<p class=\"docData;DOCY;v5;3003;BQiAAgAAEYQCAAAGiAIAAANPCQAABV0JAAAAAAAAAAAAAAAAAAAAAAAAAAAAAAAAAAAAAAAAAAAAAAAAAAAAAAAAAAAAAAAAAAAAAAAAAAAAAAAAAAAAAAAAAAAAAAAAAAAAAAAAAAAAAAAAAAAAAAAAAAAAAAAAAAAAAAAAAAAAAAAAAAAAAAAAAAAAAAAAAAAAAAAAAAAAAAAAAAAAAAAAAAAAAAAAAAAAAAAAAAAAAAAAAAAAAAAAAAAAAAAAAAAAAAAAAAAAAAAAAAAAAAAAAAAAAAAAAAAAAAAAAAAAAAAAAAAAAAAAAAAAAAAAAAAAAAAAAAAAAAAAAAAAAAAAAAAAAAAAAAAAAAAAAAAAAAAAAAAAAAAAAAAAAAAAAAAAAAAAAAAAAAAAAAAAAAAAAAAAAAAAAAAAAAAAAAAAAAAAAAAAAAAAAAAAAAAAAAAAAAAAAAAAAAAAAAAAAAAAAAAAAAAAAAAAAAAAAAAAAAAAAAAAAAAAAAAAAAAAAAAAAAAAAAAAAAAAAAAAAAAAAAAAAAAAAAAAAAAAAAAAAAAAAAAAAAAAAAAAAAAAAAAAAAAAAAAAAAAAAAAAAAAAAAAAAAAAAAAAAAAAAAAAAAAAAAAAAAAAAAAAAAAAAAAAAAAAAAAAAAAAAAAAAAAAAAAAAAAAAAAAAAAAAAAAAAAAAAAAAAAAAAAAAAAAAAAAAAAAAAAAAAAAAAAAAAAAAAAAAAAAAAAAAAAAAAAAAAAAAAAAAAAAAAAAAAAAAAAAAAAAAAAAAAAAAAAAAAAAAAAAAAAAAAAAAAAAAAAAAAAAAAAAAAAAAAAAAAAAAAAAAAAAAAAAAAAAAAAAAAAAAAAAAAAAwwYAAAC0AAAAASQAAAAVBgYAAAA2ADEANgABBgAAAAAJBgAAAAAaBgAAAAAbBgAAAAAChgAAAAVjAAAAAQAAAAAIWQAAAAAkAAAANwAuACAASgBhAGgAcgBnAGEAbgBnAHMAcwB0AHUAZgBlADoAAgAAAAAAJgAAAGsAZQBpAG4AZQAgAFMAYwBoAGEAdQBsAGEAdQBmAGcAYQBiAGUABQoAAAABAAAAAAgAAAAABQoAAAABAAAAAAgAAAAAAOIAAAABJAAAABUGBgAAADYAMQA2AAEGAAAAAAkGAAAAABoGAAAAABsGAAAAAAK0AAAABZEAAAABAAAAAAiHAAAAACQAAAA4AC4AIABKAGEAaAByAGcAYQBuAGcAcwBzAHQAdQBmAGUAOgACAAAAAABUAAAAMQAgAFMAYwBoAGEAdQBsAGEAdQBmAGcAYQBiAGUAIABwAHIAbwAgAEgAYQBsAGIAagBhAGgAcgAgACgAaQBuAHMAZwBlAHMAYQBtAHQAIAAyACkABQoAAAABAAAAAAgAAAAABQoAAAABAAAAAAgAAAAAAOIAAAABJAAAABUGBgAAADYAMQA2AAEGAAAAAAkGAAAAABoGAAAAABsGAAAAAAK0AAAABZEAAAABAAAAAAiHAAAAACQAAAA5AC4AIABKAGEAaAByAGcAYQBuAGcAcwBzAHQAdQBmAGUAOgACAAAAAABUAAAAMQAgAFMAYwBoAGEAdQBsAGEAdQBmAGcAYQBiAGUAIABwAHIAbwAgAEgAYQBsAGIAagBhAGgAcgAgACgAaQBuAHMAZwBlAHMAYQBtAHQAIAAyACkABQoAAAABAAAAAAgAAAAABQoAAAABAAAAAAgAAAAAAOQAAAABJAAAABUGBgAAADYAMQA2AAEGAAAAAAkGAAAAABoGAAAAABsGAAAAAAK2AAAABZMAAAABAAAAAAiJAAAAACYAAAAxADAALgAgAEoAYQBoAHIAZwBhAG4AZwBzAHMAdAB1AGYAZQA6AAIAAAAAAFQAAAAxACAAUwBjAGgAYQB1AGwAYQB1AGYAZwBhAGIAZQAgAHAAcgBvACAASABhAGwAYgBqAGEAaAByACAAKABpAG4AcwBnAGUAcwBhAG0AdAAgADIAKQAFCgAAAAEAAAAACAAAAAAFCgAAAAEAAAAACAAAAAAA5AAAAAEkAAAAFQYGAAAANgAxADYAAQYAAAAACQYAAAAAGgYAAAAAGwYAAAAAArYAAAAFkwAAAAEAAAAACIkAAAAAJgAAADEAMQAuACAASgBhAGgAcgBnAGEAbgBnAHMAcwB0AHUAZgBlADoAAgAAAAAAVAAAADEAIABTAGMAaABhAHUAbABhAHUAZgBnAGEAYgBlACAAcAByAG8AIABIAGEAbABiAGoAYQBoAHIAIAAoAGkAbgBzAGcAZQBzAGEAbQB0ACAAMgApAAUKAAAAAQAAAAAIAAAAAAUKAAAAAQAAAAAIAAAAAAAwAQAAASQAAAAVBgYAAAA2ADEANgABBgAAAAAJBgAAAAAaBgAAAAAbBgAAAAACAgEAAAXfAAAAAQAAAAAI1QAAAAAmAAAAMQAyAC4AIABKAGEAaAByAGcAYQBuAGcAcwBzAHQAdQBmAGUAOgACAAAAAACgAAAAMQAgAFMAYwBoAGEAdQBsAGEAdQBmAGcAYQBiAGUAIABwAHIAbwAgAFMAZQBtAGUAcwB0AGUAcgAgAGkAbQAgAGcAcgB1AG4AZABsAGUAZwBlAG4AZABlAG4AIAB1AG4AZAAgAGkAbQAgAGUAcgBoAPYAaAB0AGUAbgAgAEEAbgBmAG8AcgBkAGUAcgB1AG4AZwBzAG4AaQB2AGUAYQB1AAUKAAAAAQAAAAAIAAAAAAUKAAAAAQAAAAAIAAAAAAAwAQAAASQAAAAVBgYAAAA2ADEANgABBgAAAAAJBgAAAAAaBgAAAAAbBgAAAAACAgEAAAXfAAAAAQAAAAAI1QAAAAAmAAAAMQAzAC4AIABKAGEAaAByAGcAYQBuAGcAcwBzAHQAdQBmAGUAOgACAAAAAACgAAAAMQAgAFMAYwBoAGEAdQBsAGEAdQBmAGcAYQBiAGUAIABwAHIAbwAgAFMAZQBtAGUAcwB0AGUAcgAgAGkAbQAgAGcAcgB1AG4AZABsAGUAZwBlAG4AZABlAG4AIAB1AG4AZAAgAGkAbQAgAGUAcgBoAPYAaAB0AGUAbgAgAEEAbgBmAG8AcgBkAGUAcgB1AG4AZwBzAG4AaQB2AGUAYQB1AAUKAAAAAQAAAAAIAAAAAAUKAAAAAQAAAAAIAAAAAAoAAAAAAAAAABEAAAAAWgIAAAASAAAAAQYAAAAACQYAAAAAGwYAAAAAAQAAAAACOQIAAAA0AgAAAQYAAAA2ADEANgACDAAAAE4AbwByAG0AYQBsAAkBAAAAAwgBAAAAAQQGAAAANgAxADYAEgYAAAA2ADEANgAFDQEAAAABAAEBAAIBCwMBAAQGHgAAAFQAaQBtAGUAcwAgAE4AZQB3ACAAUgBvAG0AYQBuAAUGHgAAAFQAaQBtAGUAcwAgAE4AZQB3ACAAUgBvAG0AYQBuAAcGHgAAAFQAaQBtAGUAcwAgAE4AZQB3ACAAUgBvAG0AYQBuAAYGHgAAAFQAaQBtAGUAcwAgAE4AZQB3ACAAUgBvAG0AYQBuAAgEGAAAAAoBAAwBACYEAAAAAA8BABABABEBACcEAAAAABQBABUBABYEGAAAABcBABgBABkGCgAAAGQAZQAtAEQARQAaBgoAAABhAHIALQBTAEEAGwYKAAAAZABlAC0ARABFABwGAgAAAAAAHgEALgEABt8AAAAAAQABBhIAAAAkBAAAAAAlBAAAAAAmBAAAAAAFAQEGAQAHAQAIAQAJBhsAAAAnBPAAAAALAQEcAQAoBAAAAAAdAQApBAAAAAAOBggAAAAAAQEBA\/\/\/\/xkBARsGfQAAAAAUAAAAAAMAAAAFBAAAAAAGBAQAAAADAQABFAAAAAADAAAABQQAAAAABgQEAAAAAwEAAhQAAAAAAwAAAAUEAAAAAAYEBAAAAAMBAAMUAAAAAAMAAAAFBAAAAAAGBAQAAAADAQALFAAAAAADAAAABQQAAAAABgQEAAAAAwEALAEA\"><em>7. Jahrgangsstufe:<\/em> keine Schulaufgabe<\/p>\n<p><em>8.-11. Jahrgangsstufe:<\/em> 1 Schulaufgabe pro Halbjahr (insgesamt 2)<\/p>\n<p><em>12. &amp; 13. Jahrgangsstufe:<\/em> 1 Schulaufgabe pro Semester im grundlegenden und im erh\u00f6hten Anforderungsniveau<\/p>\n<\/div><\/section><\/div>\n<div  class='togglecontainer av-mgklt2io-bbda6639eb233eeef6a4f594b563efde  avia-builder-el-7  el_after_av_one_half  avia-builder-el-last  toggle_close_all' >\n<section class='av_toggle_section av-mgklt0hq-6bc5395037a839f6fe133a8780a98857'  itemscope=\"itemscope\" itemtype=\"https:\/\/schema.org\/CreativeWork\" ><div role=\"tablist\" class=\"single_toggle\" data-tags=\"{Alle} \"  ><p id='toggle-toggle-id-1' data-fake-id='#toggle-id-1' class='toggler  av-title-above '  itemprop=\"headline\"  role='tab' tabindex='0' aria-controls='toggle-id-1' data-slide-speed=\"200\" data-title=\"Interne Formelsammlung\/Links\" data-title-open=\"\" data-aria_collapsed=\"Click to expand: Interne Formelsammlung\/Links\" data-aria_expanded=\"Click to collapse: Interne Formelsammlung\/Links\">Interne Formelsammlung\/Links<span class=\"toggle_icon\"><span class=\"vert_icon\"><\/span><span class=\"hor_icon\"><\/span><\/span><\/p><div id='toggle-id-1' aria-labelledby='toggle-toggle-id-1' role='region' class='toggle_wrap  av-title-above'  ><div class='toggle_content invers-color '  itemprop=\"text\" ><p><strong>N\u00fctzliche Links&#8230;.<\/strong><\/p>\n<p style=\"text-align: left;\"><a class=\"alignnone\" href=\"https:\/\/www.gym-toelz.de\/wp-content\/uploads\/2025\/10\/Formeln-Physik-7-11.pdf\" target=\"_blank\" rel=\"noopener\">Interne Formelsammlung als PDF <img loading=\"lazy\" decoding=\"async\" class=\"alignnone wp-image-1873\" src=\"https:\/\/www.gym-toelz.de\/wp-content\/uploads\/2025\/07\/icons8-new-tab-48.png\" sizes=\"auto, (max-width: 18px) 100vw, 18px\" srcset=\"https:\/\/www.gym-toelz.de\/wp-content\/uploads\/2025\/07\/icons8-new-tab-48.png 48w, https:\/\/www.gym-toelz.de\/wp-content\/uploads\/2025\/07\/icons8-new-tab-48-36x36.png 36w\" alt=\"\" width=\"18\" height=\"18\" \/><\/a><\/p>\n<p><a href=\"https:\/\/www.leifiphysik.de\/bayern\" target=\"_blank\" rel=\"noopener\"><img loading=\"lazy\" decoding=\"async\" class=\"alignnone wp-image-2751 size-full\" src=\"https:\/\/www.gym-toelz.de\/wp-content\/uploads\/2025\/10\/LEIFIphysik-2025-logo-e1760550118620.jpg\" alt=\"\" width=\"140\" height=\"38\" \/><\/a><\/p>\n<p style=\"text-align: left;\"><a class=\"alignnone\" href=\"https:\/\/www.leifiphysik.de\/bayern\" target=\"_blank\" rel=\"noopener\">externer Link Leifi-Physik <img loading=\"lazy\" decoding=\"async\" class=\"alignnone wp-image-1873\" src=\"https:\/\/www.gym-toelz.de\/wp-content\/uploads\/2025\/07\/icons8-new-tab-48.png\" sizes=\"auto, (max-width: 18px) 100vw, 18px\" srcset=\"https:\/\/www.gym-toelz.de\/wp-content\/uploads\/2025\/07\/icons8-new-tab-48.png 48w, https:\/\/www.gym-toelz.de\/wp-content\/uploads\/2025\/07\/icons8-new-tab-48-36x36.png 36w\" alt=\"\" width=\"18\" height=\"18\" \/><\/a><\/p>\n<p><a href=\"https:\/\/www.physikdigital.de\/\" target=\"_blank\" rel=\"noopener\"><img loading=\"lazy\" decoding=\"async\" class=\"alignnone wp-image-2766 \" src=\"https:\/\/www.gym-toelz.de\/wp-content\/uploads\/2025\/10\/logo-physikdigitalde-2025.png\" alt=\"\" width=\"230\" height=\"39\" srcset=\"https:\/\/www.gym-toelz.de\/wp-content\/uploads\/2025\/10\/logo-physikdigitalde-2025.png 991w, https:\/\/www.gym-toelz.de\/wp-content\/uploads\/2025\/10\/logo-physikdigitalde-2025-300x51.png 300w, https:\/\/www.gym-toelz.de\/wp-content\/uploads\/2025\/10\/logo-physikdigitalde-2025-768x130.png 768w, https:\/\/www.gym-toelz.de\/wp-content\/uploads\/2025\/10\/logo-physikdigitalde-2025-705x120.png 705w\" sizes=\"auto, (max-width: 230px) 100vw, 230px\" \/><\/a><\/p>\n<p><a class=\"alignnone\" href=\"https:\/\/www.physikdigital.de\/\" target=\"_blank\" rel=\"noopener\">externer Link Physik-Digital <img loading=\"lazy\" decoding=\"async\" class=\"alignnone wp-image-1873\" src=\"https:\/\/www.gym-toelz.de\/wp-content\/uploads\/2025\/07\/icons8-new-tab-48.png\" sizes=\"auto, (max-width: 18px) 100vw, 18px\" srcset=\"https:\/\/www.gym-toelz.de\/wp-content\/uploads\/2025\/07\/icons8-new-tab-48.png 48w, https:\/\/www.gym-toelz.de\/wp-content\/uploads\/2025\/07\/icons8-new-tab-48-36x36.png 36w\" alt=\"\" width=\"18\" height=\"18\" \/><\/a><\/p>\n<p><a href=\"https:\/\/phet.colorado.edu\/de\/simulations\/filter?subjects=physics&amp;type=html\" target=\"_blank\" rel=\"noopener\"><img loading=\"lazy\" decoding=\"async\" class=\"alignnone wp-image-2748 size-full\" src=\"https:\/\/www.gym-toelz.de\/wp-content\/uploads\/2025\/10\/phet-logo-physik-2025-e1760551113945.png\" alt=\"\" width=\"119\" height=\"56\" \/><\/a><\/p>\n<p><a class=\"alignnone\" href=\"https:\/\/phet.colorado.edu\/de\/simulations\/filter?subjects=physics&amp;type=html\" target=\"_blank\" rel=\"noopener\">externer Link Interactive-Simulations <img loading=\"lazy\" decoding=\"async\" class=\"alignnone wp-image-1873\" src=\"https:\/\/www.gym-toelz.de\/wp-content\/uploads\/2025\/07\/icons8-new-tab-48.png\" sizes=\"auto, (max-width: 18px) 100vw, 18px\" srcset=\"https:\/\/www.gym-toelz.de\/wp-content\/uploads\/2025\/07\/icons8-new-tab-48.png 48w, https:\/\/www.gym-toelz.de\/wp-content\/uploads\/2025\/07\/icons8-new-tab-48-36x36.png 36w\" alt=\"\" width=\"18\" height=\"18\" \/><\/a><\/p>\n<\/div><\/div><\/div><\/section>\n<\/div>\n","protected":false},"excerpt":{"rendered":"","protected":false},"author":3,"featured_media":0,"parent":240,"menu_order":18,"comment_status":"closed","ping_status":"closed","template":"","meta":{"footnotes":""},"class_list":["post-1997","page","type-page","status-publish","hentry"],"_links":{"self":[{"href":"https:\/\/www.gym-toelz.de\/index.php\/wp-json\/wp\/v2\/pages\/1997","targetHints":{"allow":["GET"]}}],"collection":[{"href":"https:\/\/www.gym-toelz.de\/index.php\/wp-json\/wp\/v2\/pages"}],"about":[{"href":"https:\/\/www.gym-toelz.de\/index.php\/wp-json\/wp\/v2\/types\/page"}],"author":[{"embeddable":true,"href":"https:\/\/www.gym-toelz.de\/index.php\/wp-json\/wp\/v2\/users\/3"}],"replies":[{"embeddable":true,"href":"https:\/\/www.gym-toelz.de\/index.php\/wp-json\/wp\/v2\/comments?post=1997"}],"version-history":[{"count":16,"href":"https:\/\/www.gym-toelz.de\/index.php\/wp-json\/wp\/v2\/pages\/1997\/revisions"}],"predecessor-version":[{"id":2924,"href":"https:\/\/www.gym-toelz.de\/index.php\/wp-json\/wp\/v2\/pages\/1997\/revisions\/2924"}],"up":[{"embeddable":true,"href":"https:\/\/www.gym-toelz.de\/index.php\/wp-json\/wp\/v2\/pages\/240"}],"wp:attachment":[{"href":"https:\/\/www.gym-toelz.de\/index.php\/wp-json\/wp\/v2\/media?parent=1997"}],"curies":[{"name":"wp","href":"https:\/\/api.w.org\/{rel}","templated":true}]}}