{"id":197,"date":"2025-05-16T15:16:51","date_gmt":"2025-05-16T15:16:51","guid":{"rendered":"https:\/\/www.gym-toelz.de\/index.php\/begabtenfoerderung\/"},"modified":"2026-01-28T16:35:24","modified_gmt":"2026-01-28T15:35:24","slug":"begabtenfoerderung","status":"publish","type":"page","link":"https:\/\/www.gym-toelz.de\/index.php\/angebote-aktivitaeten\/begabtenfoerderung\/","title":{"rendered":"Begabtenf\u00f6rderung"},"content":{"rendered":"<p><strong>Begabtenf\u00f6rderung<a href=\"https:\/\/www.km.bayern.de\/lernen\/unterstuetzung\/begabtenfoerderung\" target=\"_blank\" rel=\"noopener\"><img loading=\"lazy\" decoding=\"async\" class=\"size-full wp-image-426 alignright\" src=\"https:\/\/www.gym-toelz.de\/wp-content\/uploads\/2025\/06\/begabtenfoerderung.jpeg\" alt=\"\" width=\"156\" height=\"75\" \/><\/a><\/strong><\/p>\n<blockquote><p>Man kann einen Menschen nichts lehren; man kann ihm nur helfen, es in sich selbst zu finden.<\/p>\n<p>(Galileo Galilei)<\/p><\/blockquote>\n<p>Dieses Zitat, welches schon so lange zur\u00fcckliegt, beschreibt sehr sch\u00f6n das Bestreben, die vielseitigen Begabungen der Sch\u00fcler und Sch\u00fclerinnen in den Fokus zu r\u00fccken und zu f\u00f6rdern. Was kann man sich nun unter Begabungsf\u00f6rderung vorstellen? Neben dem grunds\u00e4tzlichen Schaffen von g\u00fcnstigen Voraussetzungen f\u00fcr individuelle F\u00f6rderung und Entfaltung bei allen Sch\u00fclerinnen und Sch\u00fclern, stellt sich unser Gymnasium auch der Aufgabe, Ma\u00dfnahmen zu entwickeln, die die einzelnen gezielt in ihren St\u00e4rken f\u00f6rdern und weiterbringen sollen. Wir begeben uns sozusagen auf den Weg \u201eSch\u00e4tze zu suchen\u201c, die vielleicht noch im Verborgenen liegen oder schon sichtbar wurden und auf Entfaltung warten.<\/p>\n<p>Begabungsf\u00f6rderung ist also als eine p\u00e4dagogische Haltung zu verstehen, die das Ziel verfolgt, Kinder und Jugendliche bei der Entwicklung ihrer Potenziale bestm\u00f6glich zu unterst\u00fctzen.<\/p>\n<p>Seit dem Schuljahr 2016\/17 hatten sich daher zun\u00e4chst f\u00fcr zwei Jahre 16 Kolleginnen und Kollegen aller Fachrichtungen in der neu installierten Gruppe \u201eBegabtenf\u00f6rderung\u201c zusammengefunden, um sich diesem Thema anzunehmen.<\/p>\n<p>Fachlich unterst\u00fctzt wurde dieses Unternehmen durch das Projekt \u201eIndividuelle F\u00f6rderung\u201c des Kultusministeriums, bei dem spezielle Fortbildungsmodule vorgesehen waren, angefangen von p\u00e4dagogischer Diagnostik bis hin zu Ideen f\u00fcr einen begabungsf\u00f6rdernden Unterricht. Die psychologische Diagnostik liegt in den H\u00e4nden unsere Schulpsychologinnen.<\/p>\n<p>Daneben ist das Gabriel-von-Seidl-Gymnasium seit dem Schuljahr 2016\/17 mit zwei weiteren Gymnasien eines der regionalen Kompetenzzentren f\u00fcr Begabtenf\u00f6rderung in Oberbayern-West und bekommt vom Otto-von-Taube-Gymnasium Gauting, das in diesem Bereich schon l\u00e4nger arbeitet, wertvolle Impulse und Anregungen f\u00fcr einen begabungsdifferenzierten Unterricht.<\/p>\n<p>Seitdem finden bei uns jedes Schuljahr sogenannte Impulstage unter der Federf\u00fchrung einer Gruppe von Kollegen und Kolleginnen des Otto-von-Taube-Gymnasiums statt, bei denen Kollegen und Kolleginnen der umliegenden Gymnasien eingeladen sind, Ideen f\u00fcr einen differenzierten, begabungsf\u00f6rdernden Unterricht kennen zu lernen.<\/p>\n<p>Dar\u00fcber hinaus gibt es am Gabriel-von-Seidl-Gymnasium schon immer eine breite Palette von Angeboten, die unseren Jugendlichen offenstehen, um ihre St\u00e4rken zu entwickeln:<\/p>\n<p>Sei es der musische Zweig, die Tanz- und Theatergruppe, die Unterst\u00fctzung im Sport durch das PZW, die gezielte F\u00f6rderung in den Naturwissenschaften und Sprachen durch die Teilnahme an Wettbewerben u. \u00e4., der Vorlesewettbewerb oder der Wochenplanunterricht sowie die Teilnahme am Fr\u00fchstudium oder an bestimmten schul\u00fcbergreifenden Angeboten. Alle diese Einrichtungen tragen dazu bei, die Sch\u00fcler und Sch\u00fclerinnen als Individuen wahrzunehmen, sie zu begleiten und zu f\u00f6rdern.<\/p>\n<p><em><span style=\"font-size: 10pt;\">Katharina Schambeck<\/span><\/em><\/p>\n","protected":false},"excerpt":{"rendered":"<p>Begabtenf\u00f6rderung Man kann einen Menschen nichts lehren; man kann ihm nur helfen, es in sich selbst zu finden. (Galileo Galilei) Dieses Zitat, welches schon so lange zur\u00fcckliegt, beschreibt sehr sch\u00f6n das Bestreben, die vielseitigen Begabungen der Sch\u00fcler und Sch\u00fclerinnen in den Fokus zu r\u00fccken und zu f\u00f6rdern. Was kann man sich nun unter Begabungsf\u00f6rderung vorstellen? [&hellip;]<\/p>\n","protected":false},"author":2,"featured_media":0,"parent":35,"menu_order":37,"comment_status":"closed","ping_status":"closed","template":"","meta":{"footnotes":""},"class_list":["post-197","page","type-page","status-publish","hentry"],"_links":{"self":[{"href":"https:\/\/www.gym-toelz.de\/index.php\/wp-json\/wp\/v2\/pages\/197","targetHints":{"allow":["GET"]}}],"collection":[{"href":"https:\/\/www.gym-toelz.de\/index.php\/wp-json\/wp\/v2\/pages"}],"about":[{"href":"https:\/\/www.gym-toelz.de\/index.php\/wp-json\/wp\/v2\/types\/page"}],"author":[{"embeddable":true,"href":"https:\/\/www.gym-toelz.de\/index.php\/wp-json\/wp\/v2\/users\/2"}],"replies":[{"embeddable":true,"href":"https:\/\/www.gym-toelz.de\/index.php\/wp-json\/wp\/v2\/comments?post=197"}],"version-history":[{"count":7,"href":"https:\/\/www.gym-toelz.de\/index.php\/wp-json\/wp\/v2\/pages\/197\/revisions"}],"predecessor-version":[{"id":834,"href":"https:\/\/www.gym-toelz.de\/index.php\/wp-json\/wp\/v2\/pages\/197\/revisions\/834"}],"up":[{"embeddable":true,"href":"https:\/\/www.gym-toelz.de\/index.php\/wp-json\/wp\/v2\/pages\/35"}],"wp:attachment":[{"href":"https:\/\/www.gym-toelz.de\/index.php\/wp-json\/wp\/v2\/media?parent=197"}],"curies":[{"name":"wp","href":"https:\/\/api.w.org\/{rel}","templated":true}]}}

Begabtenförderung

<p><strong>Begabtenförderung<a href="https://www.km.bayern.de/lernen/unterstuetzung/begabtenfoerderung" target="_blank" rel="noopener"><img loading="lazy" decoding="async" class="size-full wp-image-426 alignright" src="https://www.gym-toelz.de/wp-content/uploads/2025/06/begabtenfoerderung.jpeg" alt="" width="156" height="75" /></a></strong></p>
<blockquote><p>Man kann einen Menschen nichts lehren; man kann ihm nur helfen, es in sich selbst zu finden.</p>
<p>(Galileo Galilei)</p></blockquote>
<p>Dieses Zitat, welches schon so lange zurückliegt, beschreibt sehr schön das Bestreben, die vielseitigen Begabungen der Schüler und Schülerinnen in den Fokus zu rücken und zu fördern. Was kann man sich nun unter Begabungsförderung vorstellen? Neben dem grundsätzlichen Schaffen von günstigen Voraussetzungen für individuelle Förderung und Entfaltung bei allen Schülerinnen und Schülern, stellt sich unser Gymnasium auch der Aufgabe, Maßnahmen zu entwickeln, die die einzelnen gezielt in ihren Stärken fördern und weiterbringen sollen. Wir begeben uns sozusagen auf den Weg „Schätze zu suchen“, die vielleicht noch im Verborgenen liegen oder schon sichtbar wurden und auf Entfaltung warten.</p>
<p>Begabungsförderung ist also als eine pädagogische Haltung zu verstehen, die das Ziel verfolgt, Kinder und Jugendliche bei der Entwicklung ihrer Potenziale bestmöglich zu unterstützen.</p>
<p>Seit dem Schuljahr 2016/17 hatten sich daher zunächst für zwei Jahre 16 Kolleginnen und Kollegen aller Fachrichtungen in der neu installierten Gruppe „Begabtenförderung“ zusammengefunden, um sich diesem Thema anzunehmen.</p>
<p>Fachlich unterstützt wurde dieses Unternehmen durch das Projekt „Individuelle Förderung“ des Kultusministeriums, bei dem spezielle Fortbildungsmodule vorgesehen waren, angefangen von pädagogischer Diagnostik bis hin zu Ideen für einen begabungsfördernden Unterricht. Die psychologische Diagnostik liegt in den Händen unsere Schulpsychologinnen.</p>
<p>Daneben ist das Gabriel-von-Seidl-Gymnasium seit dem Schuljahr 2016/17 mit zwei weiteren Gymnasien eines der regionalen Kompetenzzentren für Begabtenförderung in Oberbayern-West und bekommt vom Otto-von-Taube-Gymnasium Gauting, das in diesem Bereich schon länger arbeitet, wertvolle Impulse und Anregungen für einen begabungsdifferenzierten Unterricht.</p>
<p>Seitdem finden bei uns jedes Schuljahr sogenannte Impulstage unter der Federführung einer Gruppe von Kollegen und Kolleginnen des Otto-von-Taube-Gymnasiums statt, bei denen Kollegen und Kolleginnen der umliegenden Gymnasien eingeladen sind, Ideen für einen differenzierten, begabungsfördernden Unterricht kennen zu lernen.</p>
<p>Darüber hinaus gibt es am Gabriel-von-Seidl-Gymnasium schon immer eine breite Palette von Angeboten, die unseren Jugendlichen offenstehen, um ihre Stärken zu entwickeln:</p>
<p>Sei es der musische Zweig, die Tanz- und Theatergruppe, die Unterstützung im Sport durch das PZW, die gezielte Förderung in den Naturwissenschaften und Sprachen durch die Teilnahme an Wettbewerben u. ä., der Vorlesewettbewerb oder der Wochenplanunterricht sowie die Teilnahme am Frühstudium oder an bestimmten schulübergreifenden Angeboten. Alle diese Einrichtungen tragen dazu bei, die Schüler und Schülerinnen als Individuen wahrzunehmen, sie zu begleiten und zu fördern.</p>
<p><em><span style="font-size: 10pt;">Katharina Schambeck</span></em></p>

<p>Begabtenförderung Man kann einen Menschen nichts lehren; man kann ihm nur helfen, es in sich selbst zu finden. (Galileo Galilei) Dieses Zitat, welches schon so lange zurückliegt, beschreibt sehr schön das Bestreben, die vielseitigen Begabungen der Schüler und Schülerinnen in den Fokus zu rücken und zu fördern. Was kann man sich nun unter Begabungsförderung vorstellen? [&hellip;]</p>
