{"id":195,"date":"2025-05-16T15:16:51","date_gmt":"2025-05-16T15:16:51","guid":{"rendered":"https:\/\/www.gym-toelz.de\/index.php\/pzw\/"},"modified":"2026-01-28T16:35:24","modified_gmt":"2026-01-28T15:35:24","slug":"pzw","status":"publish","type":"page","link":"https:\/\/www.gym-toelz.de\/index.php\/angebote-aktivitaeten\/pzw\/","title":{"rendered":"Partnerzentrum des Wintersports"},"content":{"rendered":"<h4><img loading=\"lazy\" decoding=\"async\" class=\"alignright wp-image-2311 size-full\" src=\"https:\/\/www.gym-toelz.de\/wp-content\/uploads\/2025\/08\/logo-pzw-mitschrift.png\" alt=\"\" width=\"120\" height=\"210\" \/>Partnerzentrum des Wintersports (PZW)<\/h4>\n<p>Verantwortliche\/Kontakt Evi Kluge: <a href=\"mailto:evi.kluge(at)web.de\">evi.kluge@web.de<\/a><\/p>\n<p style=\"text-align: center;\"><a href=\"https:\/\/pzw.bayern.de\/\" target=\"_blank\" rel=\"noopener\">Zielsetzung und Strukturprinzipien &#8211; externer Link <img loading=\"lazy\" decoding=\"async\" class=\"alignnone wp-image-1873\" src=\"https:\/\/www.gym-toelz.de\/wp-content\/uploads\/2025\/07\/icons8-new-tab-48.png\" alt=\"\" width=\"18\" height=\"18\" srcset=\"https:\/\/www.gym-toelz.de\/wp-content\/uploads\/2025\/07\/icons8-new-tab-48.png 48w, https:\/\/www.gym-toelz.de\/wp-content\/uploads\/2025\/07\/icons8-new-tab-48-36x36.png 36w\" sizes=\"auto, (max-width: 18px) 100vw, 18px\" \/><\/a><\/p>\n<p style=\"text-align: center;\"><a href=\"https:\/\/www.gym-toelz.de\/wp-content\/uploads\/2025\/06\/AnschreibenSchulleiter_Stand03-24.pdf\" target=\"_blank\" rel=\"noopener\">Anschreiben des Schulleiters als PDF <img loading=\"lazy\" decoding=\"async\" class=\"alignnone wp-image-1873\" src=\"https:\/\/www.gym-toelz.de\/wp-content\/uploads\/2025\/07\/icons8-new-tab-48.png\" alt=\"\" width=\"18\" height=\"18\" srcset=\"https:\/\/www.gym-toelz.de\/wp-content\/uploads\/2025\/07\/icons8-new-tab-48.png 48w, https:\/\/www.gym-toelz.de\/wp-content\/uploads\/2025\/07\/icons8-new-tab-48-36x36.png 36w\" sizes=\"auto, (max-width: 18px) 100vw, 18px\" \/><\/a><\/p>\n<p style=\"text-align: center;\"><a href=\"https:\/\/www.gym-toelz.de\/wp-content\/uploads\/2025\/06\/Anlage_1_Anmeldung_und_EinwilligungserklaerungPZW_Stand_03-24.pdf\" target=\"_blank\" rel=\"noopener\">Anmeldung und Einwilligungserkl\u00e4rung als PDF-Formular <img loading=\"lazy\" decoding=\"async\" class=\"alignnone wp-image-1873\" src=\"https:\/\/www.gym-toelz.de\/wp-content\/uploads\/2025\/07\/icons8-new-tab-48.png\" alt=\"\" width=\"18\" height=\"18\" srcset=\"https:\/\/www.gym-toelz.de\/wp-content\/uploads\/2025\/07\/icons8-new-tab-48.png 48w, https:\/\/www.gym-toelz.de\/wp-content\/uploads\/2025\/07\/icons8-new-tab-48-36x36.png 36w\" sizes=\"auto, (max-width: 18px) 100vw, 18px\" \/><\/a><\/p>\n<p style=\"text-align: center;\"><a href=\"https:\/\/www.gym-toelz.de\/wp-content\/uploads\/2025\/06\/Anlage_2_Datenschutzhinweise_PZW_Stand_03-24.pdf\" target=\"_blank\" rel=\"noopener\">Datenschutzhinweise als PDF <img loading=\"lazy\" decoding=\"async\" class=\"alignnone wp-image-1873\" src=\"https:\/\/www.gym-toelz.de\/wp-content\/uploads\/2025\/07\/icons8-new-tab-48.png\" alt=\"\" width=\"18\" height=\"18\" srcset=\"https:\/\/www.gym-toelz.de\/wp-content\/uploads\/2025\/07\/icons8-new-tab-48.png 48w, https:\/\/www.gym-toelz.de\/wp-content\/uploads\/2025\/07\/icons8-new-tab-48-36x36.png 36w\" sizes=\"auto, (max-width: 18px) 100vw, 18px\" \/><\/a><\/p>\n<h5>P\u00e4dagogisches Leitbild des Wintersports<\/h5>\n<p>Der Wintersport ist in Bayern, in seiner vielgestaltigen Auspr\u00e4gung, eine wesentliche und damit unverzichtbare Tradition. Die Vielfalt an winterlichen Bewegungsm\u00f6glichkeiten zu erhalten und zu f\u00f6rdern und sie den Sch\u00fclerinnen und Sch\u00fclern in jeder Altersstufe und auch zuk\u00fcnftigen Generationen in ihrer ganzen Breite zug\u00e4ngig zu machen, ist eine wichtige Investition in die Zukunft unserer Gesellschaft und eine elementare Aufgabe unserer Schule. In der Freude an der Bewegung und am gemeinschaftlichen Erleben der winterlichen Landschaft sollen die Kinder und Jugendlichen zu einem lebenslangen Sporttreiben motiviert werden. Eine kontinuierliche sportliche Aktivit\u00e4t gekoppelt mit einer gesunden Lebensf\u00fchrung wirkt sich positiv auf die physische, kognitive und emotionale Pers\u00f6nlichkeitsentwicklung aus. Eine \u00fcbergeordnete Zielsetzung des Wintersports ist der Erwerb von individueller Handlungskompetenz und die Vermittlung von Werten wie Durchhalteverm\u00f6gen, Flei\u00df, Leistungsbereitschaft, Kreativit\u00e4t, Toleranz und Teamf\u00e4higkeit. Die Sportler lernen Verantwortung f\u00fcr sich und andere zu \u00fcbernehmen und \u00fcben den Umgang mit Sieg und Niederlagen ein.<\/p>\n<p>Seit Beginn des Schuljahres 2008\/2009 ist das Gabriel-von-Seidl Gymnasium Partnerschule bzw. Partnerzentrum des Wintersports. Ob Alpinski, Skilanglauf, Biathlon, Freestyle, Eishockey oder Snowboard &#8211; hier werden jungen Nachwuchssportlern in der Region Isarwinkel hervorragende Chancen er\u00f6ffnet, Schule und Leistungssport bestm\u00f6glich miteinander zu verbinden. In \u00fcbergreifenden Projekten und Wettkampfveranstaltungen tr\u00e4gt das Partnerzentrum des Wintersports ma\u00dfgeblich zur Weiterentwicklung des sportlichen Lebens in der Region bei.<br \/>\nFr\u00fch haben der Bayerische und der Deutsche Skiverband die Bedeutung einer breit angelegten Talentsuche und -f\u00f6rderung sowie einer konzentrierten Spitzensportf\u00f6rderung erkannt. Daher wurde schon im Jahr 2004 gemeinsam vom Kultusministerium und den Wintersportverb\u00e4nden das Projekt \u201ePartnerschulen des Wintersports\u201c ins Leben gerufen. Sinn und Zweck der \u201ePartnerzentren des Wintersports\u201c (PZW) ist es, Wintersporttalente in den Jahrgangsstufen 5 bis 8 heimatnah in den regionalen bayerischen Trainingszentren zu f\u00f6rdern sowie schulische und sportliche Anspr\u00fcche in Einklang zu bringen. Ab der neunten Jahrgangstufe werden die Talente in den Eliteschulen des Wintersports in Berchtesgaden oder Oberstdorf zusammengefasst.<br \/>\nAm Gabriel-von-Seidl-Gymnasium in Bad T\u00f6lz unterst\u00fctzt das gesamte Lehrerkollegium unsere jungen Nachwuchssportler, dabei die Schule und den Leistungssport m\u00f6glichst optimal miteinander zu verbinden. Unterricht- und Trainingszeiten, sowie Pr\u00fcfungstermine und Wettk\u00e4mpfe der Sch\u00fclerinnen und Sch\u00fcler werden weitestgehend aufeinander abgestimmt. Freistellungen f\u00fcr sportliche Veranstaltungen gew\u00e4hren wir je nach dem schulischen Leistungsstand unproblematisch und der vers\u00e4umte Unterrichtsstoff wird gezielt im Nachf\u00fchrunterricht aufgearbeitet. Gelegentlich auftretende Termin\u00fcberschneidungen liegen in der Problematik der staatlichen Schulordnung und den Interessen der Sportverb\u00e4nde. Das GvS stellt immer den einzelnen Sch\u00fcler\/Sportler in den Mittelpunkt und findet f\u00fcr jedes Problem eine praktikable L\u00f6sung.<\/p>\n<p>Ein Dank an die haupt- und ehrenamtlichen Trainer und an alle Lehrkr\u00e4fte f\u00fcr ihr gro\u00dfes Engagement und ihre hervorragende Unterst\u00fctzung des PZW \u2013 Projektes. Es ist sehr erfreulich, dass das Projekt sich, dank der hervorragenden Zusammenarbeit aller Beteiligten -Schulleitung, Lehrer, Sch\u00fcler, Eltern, Trainer &#8211; an der Basis, so positiv entwickelt.<\/p>\n<p>Evi Kluge<br \/>\nLeitung und Koordination<\/p>\n","protected":false},"excerpt":{"rendered":"<p>Partnerzentrum des Wintersports (PZW) Verantwortliche\/Kontakt Evi Kluge: evi.kluge@web.de Zielsetzung und Strukturprinzipien &#8211; externer Link Anschreiben des Schulleiters als PDF Anmeldung und Einwilligungserkl\u00e4rung als PDF-Formular Datenschutzhinweise als PDF P\u00e4dagogisches Leitbild des Wintersports Der Wintersport ist in Bayern, in seiner vielgestaltigen Auspr\u00e4gung, eine wesentliche und damit unverzichtbare Tradition. Die Vielfalt an winterlichen Bewegungsm\u00f6glichkeiten zu erhalten und zu [&hellip;]<\/p>\n","protected":false},"author":2,"featured_media":0,"parent":35,"menu_order":43,"comment_status":"closed","ping_status":"closed","template":"","meta":{"footnotes":""},"class_list":["post-195","page","type-page","status-publish","hentry"],"_links":{"self":[{"href":"https:\/\/www.gym-toelz.de\/index.php\/wp-json\/wp\/v2\/pages\/195","targetHints":{"allow":["GET"]}}],"collection":[{"href":"https:\/\/www.gym-toelz.de\/index.php\/wp-json\/wp\/v2\/pages"}],"about":[{"href":"https:\/\/www.gym-toelz.de\/index.php\/wp-json\/wp\/v2\/types\/page"}],"author":[{"embeddable":true,"href":"https:\/\/www.gym-toelz.de\/index.php\/wp-json\/wp\/v2\/users\/2"}],"replies":[{"embeddable":true,"href":"https:\/\/www.gym-toelz.de\/index.php\/wp-json\/wp\/v2\/comments?post=195"}],"version-history":[{"count":15,"href":"https:\/\/www.gym-toelz.de\/index.php\/wp-json\/wp\/v2\/pages\/195\/revisions"}],"predecessor-version":[{"id":3496,"href":"https:\/\/www.gym-toelz.de\/index.php\/wp-json\/wp\/v2\/pages\/195\/revisions\/3496"}],"up":[{"embeddable":true,"href":"https:\/\/www.gym-toelz.de\/index.php\/wp-json\/wp\/v2\/pages\/35"}],"wp:attachment":[{"href":"https:\/\/www.gym-toelz.de\/index.php\/wp-json\/wp\/v2\/media?parent=195"}],"curies":[{"name":"wp","href":"https:\/\/api.w.org\/{rel}","templated":true}]}}