{"id":152,"date":"2025-05-16T13:42:52","date_gmt":"2025-05-16T13:42:52","guid":{"rendered":"https:\/\/www.gym-toelz.de\/index.php\/stufenbetreuer-oberstufenkoordination\/"},"modified":"2026-01-28T16:35:24","modified_gmt":"2026-01-28T15:35:24","slug":"stufenbetreuer-oberstufenkoordination","status":"publish","type":"page","link":"https:\/\/www.gym-toelz.de\/index.php\/unsere-schule\/unterstuetzung\/stufenbetreuer-oberstufenkoordination\/","title":{"rendered":"Stufenbetreuer \/ Oberstufenkoordination"},"content":{"rendered":"<div  class='flex_column av-mdaiw28l-49a5c453adc4e6566b9403b2ab9264ab av_one_half  avia-builder-el-0  el_before_av_one_half  avia-builder-el-first  first flex_column_div  '     ><section  class='av_textblock_section av-mdaj2qie-5a89ac7ddfbbde29e24bbdc70660ffe8 '   itemscope=\"itemscope\" itemtype=\"https:\/\/schema.org\/CreativeWork\" ><div class='avia_textblock'  itemprop=\"text\" ><p><strong>Stufenbetreuer<\/strong><\/p>\n<p>Klassen 5 bis 7: Kathrin Gunst, StDin<br \/>\nKlassen 8 bis 10: Thomas Burger, StD<\/p>\n<p>Als Mitglieder des P\u00e4dagogischen Netzwerks bringen sie sich in die Gestaltung und Organisation des p\u00e4dagogischen Zusatzprogramms des GvS ein. Hierzu geh\u00f6ren Veranstaltungen wie die Klassenfahrt der 5. Klassen zu den Koordinations &#8211; und Kooperationstagen, Pr\u00e4ventionsarbeit im Bereich Mediennutzung und Konsum von Rauschmitteln und organisatorische und p\u00e4dagogische Unterst\u00fctzung bei weiteren Klassenfahrten. Die Stufenbetreuenden sind unter anderen Ansprechpartner f\u00fcr die Sch\u00fclerinnen und Sch\u00fcler sowie deren Eltern, gerade auch in Phasen des \u00dcbergangs. Sie unterst\u00fctzen die Arbeit der Klassleitung bei den Absenzen der Sch\u00fclerinnen und Sch\u00fcler und haben die Arbeitsbelastung der Sch\u00fclerinnen und Sch\u00fcler auf Grund von festgelegten schriftlichen Leistungsnachweisen begleitend mit im Blick.<\/p>\n<\/div><\/section><\/div><div  class='flex_column av-mdaiwzj8-aaed928818e774c9780855cef58544eb av_one_half  avia-builder-el-2  el_after_av_one_half  avia-builder-el-last  flex_column_div  '     ><section  class='av_textblock_section av-mdaj44a7-cd6a944d8fba6f0f7081b641e83404bd '   itemscope=\"itemscope\" itemtype=\"https:\/\/schema.org\/CreativeWork\" ><div class='avia_textblock'  itemprop=\"text\" ><p><strong>Oberstufenkoordinatoren<\/strong><\/p>\n<p>F\u00fcr die Koordination der Oberstufe sind Frau Stefanie Regus und Herr Markus Zimmermann abwechselnd f\u00fcr Q12 und Q13 zust\u00e4ndig.<\/p>\n<p style=\"text-align: center;\"><a href=\"https:\/\/www.gym-toelz.de\/index.php\/unterricht\/oberstufe\/\">Weiterf\u00fchrende Informationen zur Oberstufe finden Sie hier <img loading=\"lazy\" decoding=\"async\" class=\"alignnone wp-image-1873\" src=\"https:\/\/www.gym-toelz.de\/wp-content\/uploads\/2025\/07\/icons8-new-tab-48.png\" alt=\"\" width=\"18\" height=\"18\" srcset=\"https:\/\/www.gym-toelz.de\/wp-content\/uploads\/2025\/07\/icons8-new-tab-48.png 48w, https:\/\/www.gym-toelz.de\/wp-content\/uploads\/2025\/07\/icons8-new-tab-48-36x36.png 36w\" sizes=\"auto, (max-width: 18px) 100vw, 18px\" \/><\/a><\/p>\n<\/div><\/section><\/div><\/p>\n","protected":false},"excerpt":{"rendered":"","protected":false},"author":2,"featured_media":0,"parent":146,"menu_order":33,"comment_status":"closed","ping_status":"closed","template":"","meta":{"footnotes":""},"class_list":["post-152","page","type-page","status-publish","hentry"],"_links":{"self":[{"href":"https:\/\/www.gym-toelz.de\/index.php\/wp-json\/wp\/v2\/pages\/152","targetHints":{"allow":["GET"]}}],"collection":[{"href":"https:\/\/www.gym-toelz.de\/index.php\/wp-json\/wp\/v2\/pages"}],"about":[{"href":"https:\/\/www.gym-toelz.de\/index.php\/wp-json\/wp\/v2\/types\/page"}],"author":[{"embeddable":true,"href":"https:\/\/www.gym-toelz.de\/index.php\/wp-json\/wp\/v2\/users\/2"}],"replies":[{"embeddable":true,"href":"https:\/\/www.gym-toelz.de\/index.php\/wp-json\/wp\/v2\/comments?post=152"}],"version-history":[{"count":9,"href":"https:\/\/www.gym-toelz.de\/index.php\/wp-json\/wp\/v2\/pages\/152\/revisions"}],"predecessor-version":[{"id":2097,"href":"https:\/\/www.gym-toelz.de\/index.php\/wp-json\/wp\/v2\/pages\/152\/revisions\/2097"}],"up":[{"embeddable":true,"href":"https:\/\/www.gym-toelz.de\/index.php\/wp-json\/wp\/v2\/pages\/146"}],"wp:attachment":[{"href":"https:\/\/www.gym-toelz.de\/index.php\/wp-json\/wp\/v2\/media?parent=152"}],"curies":[{"name":"wp","href":"https:\/\/api.w.org\/{rel}","templated":true}]}}

<div  class='flex_column av-mdaiw28l-49a5c453adc4e6566b9403b2ab9264ab av_one_half  avia-builder-el-0  el_before_av_one_half  avia-builder-el-first  first flex_column_div  '     ><section  class='av_textblock_section av-mdaj2qie-5a89ac7ddfbbde29e24bbdc70660ffe8 '   itemscope="itemscope" itemtype="https://schema.org/CreativeWork" ><div class='avia_textblock'  itemprop="text" ><p><strong>Stufenbetreuer</strong></p>
<p>Klassen 5 bis 7: Kathrin Gunst, StDin<br />
Klassen 8 bis 10: Thomas Burger, StD</p>
<p>Als Mitglieder des Pädagogischen Netzwerks bringen sie sich in die Gestaltung und Organisation des pädagogischen Zusatzprogramms des GvS ein. Hierzu gehören Veranstaltungen wie die Klassenfahrt der 5. Klassen zu den Koordinations &#8211; und Kooperationstagen, Präventionsarbeit im Bereich Mediennutzung und Konsum von Rauschmitteln und organisatorische und pädagogische Unterstützung bei weiteren Klassenfahrten. Die Stufenbetreuenden sind unter anderen Ansprechpartner für die Schülerinnen und Schüler sowie deren Eltern, gerade auch in Phasen des Übergangs. Sie unterstützen die Arbeit der Klassleitung bei den Absenzen der Schülerinnen und Schüler und haben die Arbeitsbelastung der Schülerinnen und Schüler auf Grund von festgelegten schriftlichen Leistungsnachweisen begleitend mit im Blick.</p>
</div></section></div><div  class='flex_column av-mdaiwzj8-aaed928818e774c9780855cef58544eb av_one_half  avia-builder-el-2  el_after_av_one_half  avia-builder-el-last  flex_column_div  '     ><section  class='av_textblock_section av-mdaj44a7-cd6a944d8fba6f0f7081b641e83404bd '   itemscope="itemscope" itemtype="https://schema.org/CreativeWork" ><div class='avia_textblock'  itemprop="text" ><p><strong>Oberstufenkoordinatoren</strong></p>
<p>Für die Koordination der Oberstufe sind Frau Stefanie Regus und Herr Markus Zimmermann abwechselnd für Q12 und Q13 zuständig.</p>
<p style="text-align: center;"><a href="https://www.gym-toelz.de/index.php/unterricht/oberstufe/">Weiterführende Informationen zur Oberstufe finden Sie hier <img loading="lazy" decoding="async" class="alignnone wp-image-1873" src="https://www.gym-toelz.de/wp-content/uploads/2025/07/icons8-new-tab-48.png" alt="" width="18" height="18" srcset="https://www.gym-toelz.de/wp-content/uploads/2025/07/icons8-new-tab-48.png 48w, https://www.gym-toelz.de/wp-content/uploads/2025/07/icons8-new-tab-48-36x36.png 36w" sizes="auto, (max-width: 18px) 100vw, 18px" /></a></p>
</div></section></div></p>
