{"id":148,"date":"2025-05-16T13:42:52","date_gmt":"2025-05-16T13:42:52","guid":{"rendered":"https:\/\/www.gym-toelz.de\/index.php\/schulpsychologie-schulsozialarbeit\/"},"modified":"2026-01-28T16:35:24","modified_gmt":"2026-01-28T15:35:24","slug":"schulpsychologie-schulsozialarbeit","status":"publish","type":"page","link":"https:\/\/www.gym-toelz.de\/index.php\/unsere-schule\/unterstuetzung\/schulpsychologie-schulsozialarbeit\/","title":{"rendered":"Schulpsychologie \/ Schulsozialarbeit"},"content":{"rendered":"<section  class='av_textblock_section av-mggu3re2-69853e522fea7b59a00a81be15104d5f '   itemscope=\"itemscope\" itemtype=\"https:\/\/schema.org\/CreativeWork\" ><div class='avia_textblock'  itemprop=\"text\" ><p><strong><a href=\"https:\/\/www.schulberatung.bayern.de\/\" target=\"_blank\" rel=\"noopener\"><img loading=\"lazy\" decoding=\"async\" class=\"alignright wp-image-2552\" src=\"https:\/\/www.gym-toelz.de\/wp-content\/uploads\/2025\/10\/BMK_Schulberatung_Logo_RGB_bunt_schwarz_aufWeiss.png\" alt=\"\" width=\"292\" height=\"93\" srcset=\"https:\/\/www.gym-toelz.de\/wp-content\/uploads\/2025\/10\/BMK_Schulberatung_Logo_RGB_bunt_schwarz_aufWeiss.png 2304w, https:\/\/www.gym-toelz.de\/wp-content\/uploads\/2025\/10\/BMK_Schulberatung_Logo_RGB_bunt_schwarz_aufWeiss-300x95.png 300w, https:\/\/www.gym-toelz.de\/wp-content\/uploads\/2025\/10\/BMK_Schulberatung_Logo_RGB_bunt_schwarz_aufWeiss-1030x328.png 1030w, https:\/\/www.gym-toelz.de\/wp-content\/uploads\/2025\/10\/BMK_Schulberatung_Logo_RGB_bunt_schwarz_aufWeiss-768x244.png 768w, https:\/\/www.gym-toelz.de\/wp-content\/uploads\/2025\/10\/BMK_Schulberatung_Logo_RGB_bunt_schwarz_aufWeiss-1536x489.png 1536w, https:\/\/www.gym-toelz.de\/wp-content\/uploads\/2025\/10\/BMK_Schulberatung_Logo_RGB_bunt_schwarz_aufWeiss-2048x652.png 2048w, https:\/\/www.gym-toelz.de\/wp-content\/uploads\/2025\/10\/BMK_Schulberatung_Logo_RGB_bunt_schwarz_aufWeiss-1500x477.png 1500w, https:\/\/www.gym-toelz.de\/wp-content\/uploads\/2025\/10\/BMK_Schulberatung_Logo_RGB_bunt_schwarz_aufWeiss-705x224.png 705w\" sizes=\"auto, (max-width: 292px) 100vw, 292px\" \/><\/a>Schulpsychologie &#8211; Schulsozialarbeit<\/strong><\/p>\n<p>Unser Schulberatungsteam:<\/p>\n<p><span style=\"text-decoration: underline;\"><em>Veronika Leibig (Schulpsychologin)<\/em><\/span><\/p>\n<p>Raum B316, Termine nach Vereinbarung unter 08041-799488-28, schulpsychologin@gymtoelz.de<\/p>\n<p><span style=\"text-decoration: underline;\"><em>Anna Grasso (Schulpsychologin\/Supervisorin)<\/em><\/span><\/p>\n<p>Raum A307, Termine Dienstag 9:35-11.05 Uhr und nach Vereinbarung unter 08041-799488-18, psychologie@gymtoelz.de<\/p>\n<p><span style=\"text-decoration: underline;\"><em>Anna Mayer (Schulsozialp\u00e4dagogin, Systemische Therapeutin)<\/em><\/span><\/p>\n<p>Raum A307, Termine Montag 9:35-11.05 Uhr und nach Vereinbarung unter 08041-799488-18, anna.mayer@gymtoelz.de<\/p>\n<p>Unsere gemeinsamen Aufgabenbereiche:<\/p>\n<ul>\n<li>Unterst\u00fctzung bei famili\u00e4ren und pers\u00f6nlichen Schwierigkeiten<\/li>\n<li>Psychologische Interventionen zur Bew\u00e4ltigung von speziellen und akuten Krisen<\/li>\n<li>Beratung und Unterst\u00fctzung bei erzieherischen Fragen, jugendspezifische Themen ( z.B. Pubert\u00e4t und Medien)<\/li>\n<li>Beratung bei schwerwiegenden Ordnungsma\u00dfnahmen<\/li>\n<li>Lern- und Leistungsprobleme<\/li>\n<li>Pr\u00fcfungsangst<\/li>\n<li>Konfliktberatung und Konfliktkl\u00e4rung<\/li>\n<li>\u00dcberforderung<\/li>\n<li>Belastender Stress<\/li>\n<li>Durchf\u00fchrung von Gruppenma\u00dfnahmen, z.B. zur Konfliktbew\u00e4ltigung, Lerntraining, Selbstwirksamkeitstraining, etc.<\/li>\n<li>Mitwirkung bei p\u00e4d.-psy. Themen bei Elternversammlungen<\/li>\n<li>Unterst\u00fctzung bei Problemen innerhalb der Klassengemeinschaften<\/li>\n<li>Themenbezogene Projektarbeit ( F\u00f6rderung der Klassengemeinschaft, Pr\u00e4vention von Mobbing, St\u00e4rkung des Selbstvertrauens, Pubert\u00e4t, Suchtpr\u00e4vention&#8230;)<\/li>\n<li>Zusammenarbeit und Unterst\u00fctzung der Lehrkr\u00e4fte ( gemeinsame Projektarbeit, Beratung bei p\u00e4dagogischen Fragen, Begleitung von Elterngespr\u00e4chen)<\/li>\n<li>Bei Bedarf Vermittlung in au\u00dferschulische Einrichtungen und Beratungsstellen<\/li>\n<\/ul>\n<p>Aufgabenbereich Schulpsychologie:<\/p>\n<ul>\n<li>Lese &#8211; Rechtschreibst\u00f6rung (Diagnostik, Beratung bez\u00fcglich Nachteilsausgleich und Notenschutz)<\/li>\n<li>Inklusion<\/li>\n<\/ul>\n<p>Das gesamte Team unterliegt selbstverst\u00e4ndlich der Schweigepflicht!<\/p>\n<p>Die Beratung ist kostenlos!<\/p>\n<\/div><\/section>\n","protected":false},"excerpt":{"rendered":"","protected":false},"author":2,"featured_media":0,"parent":146,"menu_order":32,"comment_status":"closed","ping_status":"closed","template":"","meta":{"footnotes":""},"class_list":["post-148","page","type-page","status-publish","hentry"],"_links":{"self":[{"href":"https:\/\/www.gym-toelz.de\/index.php\/wp-json\/wp\/v2\/pages\/148","targetHints":{"allow":["GET"]}}],"collection":[{"href":"https:\/\/www.gym-toelz.de\/index.php\/wp-json\/wp\/v2\/pages"}],"about":[{"href":"https:\/\/www.gym-toelz.de\/index.php\/wp-json\/wp\/v2\/types\/page"}],"author":[{"embeddable":true,"href":"https:\/\/www.gym-toelz.de\/index.php\/wp-json\/wp\/v2\/users\/2"}],"replies":[{"embeddable":true,"href":"https:\/\/www.gym-toelz.de\/index.php\/wp-json\/wp\/v2\/comments?post=148"}],"version-history":[{"count":9,"href":"https:\/\/www.gym-toelz.de\/index.php\/wp-json\/wp\/v2\/pages\/148\/revisions"}],"predecessor-version":[{"id":2581,"href":"https:\/\/www.gym-toelz.de\/index.php\/wp-json\/wp\/v2\/pages\/148\/revisions\/2581"}],"up":[{"embeddable":true,"href":"https:\/\/www.gym-toelz.de\/index.php\/wp-json\/wp\/v2\/pages\/146"}],"wp:attachment":[{"href":"https:\/\/www.gym-toelz.de\/index.php\/wp-json\/wp\/v2\/media?parent=148"}],"curies":[{"name":"wp","href":"https:\/\/api.w.org\/{rel}","templated":true}]}}