{"id":127,"date":"2025-05-16T13:24:48","date_gmt":"2025-05-16T13:24:48","guid":{"rendered":"https:\/\/www.gym-toelz.de\/index.php\/foerderverein\/"},"modified":"2026-01-28T16:35:24","modified_gmt":"2026-01-28T15:35:24","slug":"foerderverein","status":"publish","type":"page","link":"https:\/\/www.gym-toelz.de\/index.php\/unsere-schule\/schulfamilie\/foerderverein\/","title":{"rendered":"F\u00f6rderverein"},"content":{"rendered":"<section  class='av_textblock_section av-md4g52fr-d60dc56c5c02520f55a26a44658d0271 '   itemscope=\"itemscope\" itemtype=\"https:\/\/schema.org\/CreativeWork\" ><div class='avia_textblock'  itemprop=\"text\" ><h3>F\u00f6rderverein<\/h3>\n<h5>Folgende Downloads und Links stehen bereit&#8230;.<\/h5>\n<p style=\"text-align: center;\"><a href=\"https:\/\/www.gym-toelz.de\/wp-content\/uploads\/2025\/06\/FoerdervereinFolder2025.pdf\" target=\"_blank\" rel=\"noopener\">F\u00f6rderverein Folder als PDF <img loading=\"lazy\" decoding=\"async\" class=\"alignnone wp-image-1873\" src=\"https:\/\/www.gym-toelz.de\/wp-content\/uploads\/2025\/07\/icons8-new-tab-48.png\" alt=\"\" width=\"18\" height=\"18\" srcset=\"https:\/\/www.gym-toelz.de\/wp-content\/uploads\/2025\/07\/icons8-new-tab-48.png 48w, https:\/\/www.gym-toelz.de\/wp-content\/uploads\/2025\/07\/icons8-new-tab-48-36x36.png 36w\" sizes=\"auto, (max-width: 18px) 100vw, 18px\" \/><\/a><\/p>\n<p style=\"text-align: center;\"><a href=\"https:\/\/www.gym-toelz.de\/wp-content\/uploads\/2025\/06\/Datenordnung_des_Foerdervereins25.pdf\" target=\"_blank\" rel=\"noopener\">Datenverordnung als PDF <img loading=\"lazy\" decoding=\"async\" class=\"alignnone wp-image-1873\" src=\"https:\/\/www.gym-toelz.de\/wp-content\/uploads\/2025\/07\/icons8-new-tab-48.png\" alt=\"\" width=\"18\" height=\"18\" srcset=\"https:\/\/www.gym-toelz.de\/wp-content\/uploads\/2025\/07\/icons8-new-tab-48.png 48w, https:\/\/www.gym-toelz.de\/wp-content\/uploads\/2025\/07\/icons8-new-tab-48-36x36.png 36w\" sizes=\"auto, (max-width: 18px) 100vw, 18px\" \/><\/a><\/p>\n<p style=\"text-align: center;\"><a href=\"https:\/\/www.gym-toelz.de\/wp-content\/uploads\/2025\/06\/Antrag_auf_Mitgliedschaft_Foerderverein25.pdf\" target=\"_blank\" rel=\"noopener\">Antrag auf Mitgliedschaft als PDF <img loading=\"lazy\" decoding=\"async\" class=\"alignnone wp-image-1873\" src=\"https:\/\/www.gym-toelz.de\/wp-content\/uploads\/2025\/07\/icons8-new-tab-48.png\" alt=\"\" width=\"18\" height=\"18\" srcset=\"https:\/\/www.gym-toelz.de\/wp-content\/uploads\/2025\/07\/icons8-new-tab-48.png 48w, https:\/\/www.gym-toelz.de\/wp-content\/uploads\/2025\/07\/icons8-new-tab-48-36x36.png 36w\" sizes=\"auto, (max-width: 18px) 100vw, 18px\" \/><\/a><\/p>\n<p style=\"text-align: center;\"><a href=\"https:\/\/www.gym-toelz.de\/wp-content\/uploads\/2025\/06\/Antrag_auf_Foerderung_2025.pdf\" target=\"_blank\" rel=\"noopener\">Antrag auf F\u00f6rderung als PDF <img loading=\"lazy\" decoding=\"async\" class=\"alignnone wp-image-1873\" src=\"https:\/\/www.gym-toelz.de\/wp-content\/uploads\/2025\/07\/icons8-new-tab-48.png\" alt=\"\" width=\"18\" height=\"18\" srcset=\"https:\/\/www.gym-toelz.de\/wp-content\/uploads\/2025\/07\/icons8-new-tab-48.png 48w, https:\/\/www.gym-toelz.de\/wp-content\/uploads\/2025\/07\/icons8-new-tab-48-36x36.png 36w\" sizes=\"auto, (max-width: 18px) 100vw, 18px\" \/><\/a><\/p>\n<p style=\"text-align: center;\"><a href=\"https:\/\/www.alumni-gymtoelz.de\/\" target=\"_blank\" rel=\"noopener\">Alumni-Abteilung-F\u00f6rderverein (externer Link) <img loading=\"lazy\" decoding=\"async\" class=\"alignnone wp-image-1873\" src=\"https:\/\/www.gym-toelz.de\/wp-content\/uploads\/2025\/07\/icons8-new-tab-48.png\" alt=\"\" width=\"18\" height=\"18\" srcset=\"https:\/\/www.gym-toelz.de\/wp-content\/uploads\/2025\/07\/icons8-new-tab-48.png 48w, https:\/\/www.gym-toelz.de\/wp-content\/uploads\/2025\/07\/icons8-new-tab-48-36x36.png 36w\" sizes=\"auto, (max-width: 18px) 100vw, 18px\" \/><\/a><\/p>\n<\/div><\/section>\n<div  class='togglecontainer av-md4g76z9-bbb482c05aefa1166aba779b70b461cb  avia-builder-el-1  el_after_av_textblock  avia-builder-el-last  toggle_close_all' >\n<section class='av_toggle_section av-md4g5rpf-8390d65c77c4715e1281f349645e35fa'  itemscope=\"itemscope\" itemtype=\"https:\/\/schema.org\/CreativeWork\" ><div role=\"tablist\" class=\"single_toggle\" data-tags=\"{Alle} \"  ><p id='toggle-toggle-id-1' data-fake-id='#toggle-id-1' class='toggler  av-title-above '  itemprop=\"headline\"  role='tab' tabindex='0' aria-controls='toggle-id-1' data-slide-speed=\"200\" data-title=\"Wann helfen wir?\" data-title-open=\"\" data-aria_collapsed=\"Click to expand: Wann helfen wir?\" data-aria_expanded=\"Click to collapse: Wann helfen wir?\">Wann helfen wir?<span class=\"toggle_icon\"><span class=\"vert_icon\"><\/span><span class=\"hor_icon\"><\/span><\/span><\/p><div id='toggle-id-1' aria-labelledby='toggle-toggle-id-1' role='region' class='toggle_wrap  av-title-above'  ><div class='toggle_content invers-color '  itemprop=\"text\" ><p>Wir sind die Feuerwehr, wenn es darauf ankommt, schnell und unkompliziert zu unterst\u00fctzen &#8211; und das in den unterschiedlichsten Bereichen.<\/p>\n<p>Um sozialen Benachteiligungen entgegenzuwirken, springen wir unterst\u00fctzend ein, wenn Sch\u00fclern die Teilnahme an Klassenfahrten oder anderen schulischen Veranstaltungen verwehrt bliebe, weil sich ihre Familien die Ausgaben nicht leisten k\u00f6nnen.<\/p>\n<p>Wir sind generell Ansprechpartner, wenn gute Ideen und Aktivit\u00e4ten aus Geldmangel zu ersticken drohen oder wenn eine notwendige und sinnvolle Ausstattung an der Schule deren Etat \u00fcbersteigt.<br \/>\nKurzum: Wir wollen Schule f\u00fcr alle Familien erschwinglich machen und das Lernen erleichtern.<\/p>\n<\/div><\/div><\/div><\/section>\n<section class='av_toggle_section av-md4g6gda-8bd0e5dfe9ef29c1431fdcae48692c35'  itemscope=\"itemscope\" itemtype=\"https:\/\/schema.org\/CreativeWork\" ><div role=\"tablist\" class=\"single_toggle\" data-tags=\"{Alle} \"  ><p id='toggle-toggle-id-2' data-fake-id='#toggle-id-2' class='toggler  av-title-above '  itemprop=\"headline\"  role='tab' tabindex='0' aria-controls='toggle-id-2' data-slide-speed=\"200\" data-title=\"Was unterst\u00fctzen wir?\" data-title-open=\"\" data-aria_collapsed=\"Click to expand: Was unterst\u00fctzen wir?\" data-aria_expanded=\"Click to collapse: Was unterst\u00fctzen wir?\">Was unterst\u00fctzen wir?<span class=\"toggle_icon\"><span class=\"vert_icon\"><\/span><span class=\"hor_icon\"><\/span><\/span><\/p><div id='toggle-id-2' aria-labelledby='toggle-toggle-id-2' role='region' class='toggle_wrap  av-title-above'  ><div class='toggle_content invers-color '  itemprop=\"text\" ><p>Dank der Mitgliedsbeitr\u00e4ge und vieler Spenden ist es uns m\u00f6glich, j\u00e4hrlich mit einer Summe von rund 10 000 Euro in ganz verschiedenen Bereichen zu helfen:<\/p>\n<ul>\n<li>Unterst\u00fctzung einzelner Sch\u00fcler<\/li>\n<li>Chor, Orchester und Wahlunterricht Musik<\/li>\n<li>Theater und Tanz<\/li>\n<li>Sport und bewegte Mittagspause<\/li>\n<li>Tutoren- und Streitschlichter-Ausbildung<\/li>\n<li>Seminare der SMV<\/li>\n<li>Klassen- und Studienfahrten<\/li>\n<li>Sch\u00fclerzeitung<\/li>\n<li>Buchpreise als Anerkennung besonderer schulischer Leistungen sowie sozialen Engagements<\/li>\n<li>Beamer und Gro\u00dfleinwand f\u00fcr die Aula<\/li>\n<li>Trinkwasserbrunnen f\u00fcr alle<\/li>\n<li>Vortr\u00e4ge zu aktuellen Themen rund um Schule<\/li>\n<li>etc.<\/li>\n<\/ul>\n<p>Die letzte gr\u00f6\u00dfere Einzelaktion des F\u00f6rdervereins war die Anschaffung einer zweiten Pausenhof-Tischtennisplatte im Schuljahr 2020\/21. Damit konnte der erfreulich hohe Andrang seitens Rundlauf-Spielern in den Pausen etwas entzerrt werden.<\/p>\n<\/div><\/div><\/div><\/section>\n<section class='av_toggle_section av-md4g75m7-7bf73daa830c76c75db00af7d7bd4bde'  itemscope=\"itemscope\" itemtype=\"https:\/\/schema.org\/CreativeWork\" ><div role=\"tablist\" class=\"single_toggle\" data-tags=\"{Alle} \"  ><p id='toggle-toggle-id-3' data-fake-id='#toggle-id-3' class='toggler  av-title-above '  itemprop=\"headline\"  role='tab' tabindex='0' aria-controls='toggle-id-3' data-slide-speed=\"200\" data-title=\"Wer sind wir?\" data-title-open=\"\" data-aria_collapsed=\"Click to expand: Wer sind wir?\" data-aria_expanded=\"Click to collapse: Wer sind wir?\">Wer sind wir?<span class=\"toggle_icon\"><span class=\"vert_icon\"><\/span><span class=\"hor_icon\"><\/span><\/span><\/p><div id='toggle-id-3' aria-labelledby='toggle-toggle-id-3' role='region' class='toggle_wrap  av-title-above'  ><div class='toggle_content invers-color '  itemprop=\"text\" ><p>Der F\u00f6rderverein des Gabriel von Seidl Gymnasiums e.V. besteht seit 1970. Eltern und Lehrer schlossen sich damals zusammen, um in finanziellen Notf\u00e4llen an der Schule schnell und unkompliziert helfen zu k\u00f6nnen. Sprechen Sie uns an, wenn Sie ein Anliegen haben.<\/p>\n<p>Sie k\u00f6nnen uns direkt erreichen oder eine Nachricht in unserem Postfach im Sekretariat hinterlassen. Selbstverst\u00e4ndlich werden Ihre Anliegen vertraulich behandelt.<\/p>\n<p>F\u00f6rderverein des Gabriel von Seidl Gymnasiums e.V.<\/p>\n<p>Urs Mahnel (1. Vorsitzender)<br \/>\nMail: <a href=\"mailto:foerderverein@gymtoelz.de\" target=\"_blank\" rel=\"noopener\">foerderverein@gymtoelz.de<\/a><\/p>\n<p>Es sind vor allem Eltern von Sch\u00fclern des Gymnasiums und einige Lehrer, die durch ihre Mitgliedschaft oder Spende die Arbeit des Vereins unterst\u00fctzen.<\/p>\n<p>Wir sind ein gemeinn\u00fctziger Verein und mit Bescheid des Finanzamts Miesbach zur Ausstellung von Zuwendungsbest\u00e4tigungen berechtigt.<\/p>\n<p>Unsere Bankverbindung: Sparkasse Bad T\u00f6lz-Wolfratshausen | BLZ 700 543 06 | Konto IBAN DE52 7005 4306 0000 0184 65 |<\/p>\n<p>Die weiteren Vorstandsmitglieder sind:<\/p>\n<p>Stellvertretende Vorsitzende: Steffi Rein<br \/>\nSchatzmeister: Raik Nordhausen<br \/>\nSchriftf\u00fchrer: Florian Bezenar<br \/>\nBeisitzer: Johannes Stehr, Claudia M\u00fcller-W\u00f6rle<br \/>\nBeir\u00e4te: Frau Willis, Frau Emmler, Herr Penzholz<\/p>\n<p>Mit der Schulleitung arbeiten wir eng und vertrauensvoll zusammen. Der jeweilige Schulleiter sowie der Elternbeiratsvorsitzende und der Sch\u00fclersprecher geh\u00f6ren unserem zehnk\u00f6pfigen Beirat an.<\/p>\n<\/div><\/div><\/div><\/section>\n<\/div>\n","protected":false},"excerpt":{"rendered":"","protected":false},"author":2,"featured_media":0,"parent":113,"menu_order":20,"comment_status":"closed","ping_status":"closed","template":"","meta":{"footnotes":""},"class_list":["post-127","page","type-page","status-publish","hentry"],"_links":{"self":[{"href":"https:\/\/www.gym-toelz.de\/index.php\/wp-json\/wp\/v2\/pages\/127","targetHints":{"allow":["GET"]}}],"collection":[{"href":"https:\/\/www.gym-toelz.de\/index.php\/wp-json\/wp\/v2\/pages"}],"about":[{"href":"https:\/\/www.gym-toelz.de\/index.php\/wp-json\/wp\/v2\/types\/page"}],"author":[{"embeddable":true,"href":"https:\/\/www.gym-toelz.de\/index.php\/wp-json\/wp\/v2\/users\/2"}],"replies":[{"embeddable":true,"href":"https:\/\/www.gym-toelz.de\/index.php\/wp-json\/wp\/v2\/comments?post=127"}],"version-history":[{"count":13,"href":"https:\/\/www.gym-toelz.de\/index.php\/wp-json\/wp\/v2\/pages\/127\/revisions"}],"predecessor-version":[{"id":1949,"href":"https:\/\/www.gym-toelz.de\/index.php\/wp-json\/wp\/v2\/pages\/127\/revisions\/1949"}],"up":[{"embeddable":true,"href":"https:\/\/www.gym-toelz.de\/index.php\/wp-json\/wp\/v2\/pages\/113"}],"wp:attachment":[{"href":"https:\/\/www.gym-toelz.de\/index.php\/wp-json\/wp\/v2\/media?parent=127"}],"curies":[{"name":"wp","href":"https:\/\/api.w.org\/{rel}","templated":true}]}}

Förderverein

<section  class='av_textblock_section av-md4g52fr-d60dc56c5c02520f55a26a44658d0271 '   itemscope="itemscope" itemtype="https://schema.org/CreativeWork" ><div class='avia_textblock'  itemprop="text" ><h3>Förderverein</h3>
<h5>Folgende Downloads und Links stehen bereit&#8230;.</h5>
<p style="text-align: center;"><a href="https://www.gym-toelz.de/wp-content/uploads/2025/06/FoerdervereinFolder2025.pdf" target="_blank" rel="noopener">Förderverein Folder als PDF <img loading="lazy" decoding="async" class="alignnone wp-image-1873" src="https://www.gym-toelz.de/wp-content/uploads/2025/07/icons8-new-tab-48.png" alt="" width="18" height="18" srcset="https://www.gym-toelz.de/wp-content/uploads/2025/07/icons8-new-tab-48.png 48w, https://www.gym-toelz.de/wp-content/uploads/2025/07/icons8-new-tab-48-36x36.png 36w" sizes="auto, (max-width: 18px) 100vw, 18px" /></a></p>
<p style="text-align: center;"><a href="https://www.gym-toelz.de/wp-content/uploads/2025/06/Datenordnung_des_Foerdervereins25.pdf" target="_blank" rel="noopener">Datenverordnung als PDF <img loading="lazy" decoding="async" class="alignnone wp-image-1873" src="https://www.gym-toelz.de/wp-content/uploads/2025/07/icons8-new-tab-48.png" alt="" width="18" height="18" srcset="https://www.gym-toelz.de/wp-content/uploads/2025/07/icons8-new-tab-48.png 48w, https://www.gym-toelz.de/wp-content/uploads/2025/07/icons8-new-tab-48-36x36.png 36w" sizes="auto, (max-width: 18px) 100vw, 18px" /></a></p>
<p style="text-align: center;"><a href="https://www.gym-toelz.de/wp-content/uploads/2025/06/Antrag_auf_Mitgliedschaft_Foerderverein25.pdf" target="_blank" rel="noopener">Antrag auf Mitgliedschaft als PDF <img loading="lazy" decoding="async" class="alignnone wp-image-1873" src="https://www.gym-toelz.de/wp-content/uploads/2025/07/icons8-new-tab-48.png" alt="" width="18" height="18" srcset="https://www.gym-toelz.de/wp-content/uploads/2025/07/icons8-new-tab-48.png 48w, https://www.gym-toelz.de/wp-content/uploads/2025/07/icons8-new-tab-48-36x36.png 36w" sizes="auto, (max-width: 18px) 100vw, 18px" /></a></p>
<p style="text-align: center;"><a href="https://www.gym-toelz.de/wp-content/uploads/2025/06/Antrag_auf_Foerderung_2025.pdf" target="_blank" rel="noopener">Antrag auf Förderung als PDF <img loading="lazy" decoding="async" class="alignnone wp-image-1873" src="https://www.gym-toelz.de/wp-content/uploads/2025/07/icons8-new-tab-48.png" alt="" width="18" height="18" srcset="https://www.gym-toelz.de/wp-content/uploads/2025/07/icons8-new-tab-48.png 48w, https://www.gym-toelz.de/wp-content/uploads/2025/07/icons8-new-tab-48-36x36.png 36w" sizes="auto, (max-width: 18px) 100vw, 18px" /></a></p>
<p style="text-align: center;"><a href="https://www.alumni-gymtoelz.de/" target="_blank" rel="noopener">Alumni-Abteilung-Förderverein (externer Link) <img loading="lazy" decoding="async" class="alignnone wp-image-1873" src="https://www.gym-toelz.de/wp-content/uploads/2025/07/icons8-new-tab-48.png" alt="" width="18" height="18" srcset="https://www.gym-toelz.de/wp-content/uploads/2025/07/icons8-new-tab-48.png 48w, https://www.gym-toelz.de/wp-content/uploads/2025/07/icons8-new-tab-48-36x36.png 36w" sizes="auto, (max-width: 18px) 100vw, 18px" /></a></p>
</div></section>
<div  class='togglecontainer av-md4g76z9-bbb482c05aefa1166aba779b70b461cb  avia-builder-el-1  el_after_av_textblock  avia-builder-el-last  toggle_close_all' >
<section class='av_toggle_section av-md4g5rpf-8390d65c77c4715e1281f349645e35fa'  itemscope="itemscope" itemtype="https://schema.org/CreativeWork" ><div role="tablist" class="single_toggle" data-tags="{Alle} "  ><p id='toggle-toggle-id-1' data-fake-id='#toggle-id-1' class='toggler  av-title-above '  itemprop="headline"  role='tab' tabindex='0' aria-controls='toggle-id-1' data-slide-speed="200" data-title="Wann helfen wir?" data-title-open="" data-aria_collapsed="Click to expand: Wann helfen wir?" data-aria_expanded="Click to collapse: Wann helfen wir?">Wann helfen wir?<span class="toggle_icon"><span class="vert_icon"></span><span class="hor_icon"></span></span></p><div id='toggle-id-1' aria-labelledby='toggle-toggle-id-1' role='region' class='toggle_wrap  av-title-above'  ><div class='toggle_content invers-color '  itemprop="text" ><p>Wir sind die Feuerwehr, wenn es darauf ankommt, schnell und unkompliziert zu unterstützen &#8211; und das in den unterschiedlichsten Bereichen.</p>
<p>Um sozialen Benachteiligungen entgegenzuwirken, springen wir unterstützend ein, wenn Schülern die Teilnahme an Klassenfahrten oder anderen schulischen Veranstaltungen verwehrt bliebe, weil sich ihre Familien die Ausgaben nicht leisten können.</p>
<p>Wir sind generell Ansprechpartner, wenn gute Ideen und Aktivitäten aus Geldmangel zu ersticken drohen oder wenn eine notwendige und sinnvolle Ausstattung an der Schule deren Etat übersteigt.<br />
Kurzum: Wir wollen Schule für alle Familien erschwinglich machen und das Lernen erleichtern.</p>
</div></div></div></section>
<section class='av_toggle_section av-md4g6gda-8bd0e5dfe9ef29c1431fdcae48692c35'  itemscope="itemscope" itemtype="https://schema.org/CreativeWork" ><div role="tablist" class="single_toggle" data-tags="{Alle} "  ><p id='toggle-toggle-id-2' data-fake-id='#toggle-id-2' class='toggler  av-title-above '  itemprop="headline"  role='tab' tabindex='0' aria-controls='toggle-id-2' data-slide-speed="200" data-title="Was unterstützen wir?" data-title-open="" data-aria_collapsed="Click to expand: Was unterstützen wir?" data-aria_expanded="Click to collapse: Was unterstützen wir?">Was unterstützen wir?<span class="toggle_icon"><span class="vert_icon"></span><span class="hor_icon"></span></span></p><div id='toggle-id-2' aria-labelledby='toggle-toggle-id-2' role='region' class='toggle_wrap  av-title-above'  ><div class='toggle_content invers-color '  itemprop="text" ><p>Dank der Mitgliedsbeiträge und vieler Spenden ist es uns möglich, jährlich mit einer Summe von rund 10 000 Euro in ganz verschiedenen Bereichen zu helfen:</p>
<ul>
<li>Unterstützung einzelner Schüler</li>
<li>Chor, Orchester und Wahlunterricht Musik</li>
<li>Theater und Tanz</li>
<li>Sport und bewegte Mittagspause</li>
<li>Tutoren- und Streitschlichter-Ausbildung</li>
<li>Seminare der SMV</li>
<li>Klassen- und Studienfahrten</li>
<li>Schülerzeitung</li>
<li>Buchpreise als Anerkennung besonderer schulischer Leistungen sowie sozialen Engagements</li>
<li>Beamer und Großleinwand für die Aula</li>
<li>Trinkwasserbrunnen für alle</li>
<li>Vorträge zu aktuellen Themen rund um Schule</li>
<li>etc.</li>
</ul>
<p>Die letzte größere Einzelaktion des Fördervereins war die Anschaffung einer zweiten Pausenhof-Tischtennisplatte im Schuljahr 2020/21. Damit konnte der erfreulich hohe Andrang seitens Rundlauf-Spielern in den Pausen etwas entzerrt werden.</p>
</div></div></div></section>
<section class='av_toggle_section av-md4g75m7-7bf73daa830c76c75db00af7d7bd4bde'  itemscope="itemscope" itemtype="https://schema.org/CreativeWork" ><div role="tablist" class="single_toggle" data-tags="{Alle} "  ><p id='toggle-toggle-id-3' data-fake-id='#toggle-id-3' class='toggler  av-title-above '  itemprop="headline"  role='tab' tabindex='0' aria-controls='toggle-id-3' data-slide-speed="200" data-title="Wer sind wir?" data-title-open="" data-aria_collapsed="Click to expand: Wer sind wir?" data-aria_expanded="Click to collapse: Wer sind wir?">Wer sind wir?<span class="toggle_icon"><span class="vert_icon"></span><span class="hor_icon"></span></span></p><div id='toggle-id-3' aria-labelledby='toggle-toggle-id-3' role='region' class='toggle_wrap  av-title-above'  ><div class='toggle_content invers-color '  itemprop="text" ><p>Der Förderverein des Gabriel von Seidl Gymnasiums e.V. besteht seit 1970. Eltern und Lehrer schlossen sich damals zusammen, um in finanziellen Notfällen an der Schule schnell und unkompliziert helfen zu können. Sprechen Sie uns an, wenn Sie ein Anliegen haben.</p>
<p>Sie können uns direkt erreichen oder eine Nachricht in unserem Postfach im Sekretariat hinterlassen. Selbstverständlich werden Ihre Anliegen vertraulich behandelt.</p>
<p>Förderverein des Gabriel von Seidl Gymnasiums e.V.</p>
<p>Urs Mahnel (1. Vorsitzender)<br />
Mail: <a href="mailto:foerderverein@gymtoelz.de" target="_blank" rel="noopener">foerderverein@gymtoelz.de</a></p>
<p>Es sind vor allem Eltern von Schülern des Gymnasiums und einige Lehrer, die durch ihre Mitgliedschaft oder Spende die Arbeit des Vereins unterstützen.</p>
<p>Wir sind ein gemeinnütziger Verein und mit Bescheid des Finanzamts Miesbach zur Ausstellung von Zuwendungsbestätigungen berechtigt.</p>
<p>Unsere Bankverbindung: Sparkasse Bad Tölz-Wolfratshausen | BLZ 700 543 06 | Konto IBAN DE52 7005 4306 0000 0184 65 |</p>
<p>Die weiteren Vorstandsmitglieder sind:</p>
<p>Stellvertretende Vorsitzende: Steffi Rein<br />
Schatzmeister: Raik Nordhausen<br />
Schriftführer: Florian Bezenar<br />
Beisitzer: Johannes Stehr, Claudia Müller-Wörle<br />
Beiräte: Frau Willis, Frau Emmler, Herr Penzholz</p>
<p>Mit der Schulleitung arbeiten wir eng und vertrauensvoll zusammen. Der jeweilige Schulleiter sowie der Elternbeiratsvorsitzende und der Schülersprecher gehören unserem zehnköpfigen Beirat an.</p>
</div></div></div></section>
</div>
