{"id":125,"date":"2025-05-16T13:24:48","date_gmt":"2025-05-16T13:24:48","guid":{"rendered":"https:\/\/www.gym-toelz.de\/index.php\/smv\/"},"modified":"2026-01-28T16:35:24","modified_gmt":"2026-01-28T15:35:24","slug":"smv","status":"publish","type":"page","link":"https:\/\/www.gym-toelz.de\/index.php\/unsere-schule\/schulfamilie\/smv\/","title":{"rendered":"SMV"},"content":{"rendered":"<p><strong>\u00dcber die SMV<\/strong><br \/>\nDie Sch\u00fclermitverantwortung ist eine Gruppe aus engagierten Sch\u00fclerinnen und Sch\u00fclern, die die Sch\u00fcler vertreten und so auch in engem Kontakt und in enger Zusammenarbeit mit den Lehrern stehen.<br \/>\nDie SMV organisiert unter anderem Unterstufenparties, den Projekttag, den Lebkuchenverkauf in der Weihnachtszeit, die Tombola beim allj\u00e4hrlichen Burkina Faso Basar und den Verkauf unserer Schulkleidung. Auch sorgen wir bei Elternabenden und anderen schulischen Veranstaltungen f\u00fcr das Catering, so dass Sch\u00fcler, Eltern und Lehrer nicht hungern m\u00fcssen. F\u00fcr all dies braucht man nat\u00fcrlich viele flei\u00dfige Helfer und man kann jeden gut gebrauchen. In der Regel jeden Mittwoch in der 2.Pause k\u00f6nnen Sch\u00fcler im SMV-Zimmer (Raum B 2.28; im ersten Stock zwischen Altbau und Kunsttrakt) vorbeischauen, Anliegen vortragen, Vorschl\u00e4ge machen oder einfach nur mal reinschnuppern und die SMV etwas besser kennenlernen.<br \/>\nDen \u201eKern\u201c der SMV bilden die drei Sch\u00fclersprecher und Juniorsch\u00fclersprecher, welche speziell f\u00fcr die Unterstufe zust\u00e4ndig sind. Vor allem mit den Verbindungslehrern und nat\u00fcrlich den anderen SMV-Mitgliedern findet ein reger Austausch statt.<br \/>\nDie Juniorsch\u00fclersprecher k\u00fcmmern sich prim\u00e4r um die Unterstufe und organisieren so zum Beispiel die Unterstufenparties. Man kann sich jedoch auch mit den verschiedensten Anliegen und Problemen an sie wenden. Sie werden immer mehr in die Arbeit der Sch\u00fclersprecher eingebunden, sodass sie davon einen Eindruck bekommen und das Amt sp\u00e4ter vielleicht selbst \u00fcbernehmen k\u00f6nnen.<br \/>\nDie SMV freut sich immer auf motivierte und engagierte Sch\u00fclerinnen und Sch\u00fcler. Wer Lust hat, ein Teil der SMV zu werden, ist herzlich eingeladen!<\/p>\n<p style=\"text-align: center;\"><a href=\"https:\/\/www.km.bayern.de\/gestalten\/schulentwicklung-und-mitwirkung\/smv\" target=\"_blank\" rel=\"noopener\">Weiterf\u00fchrende Informationen zur Sch\u00fclermitverantwortung des Kultusministeriums als externer Link <img loading=\"lazy\" decoding=\"async\" class=\"alignnone  wp-image-1873\" src=\"https:\/\/www.gym-toelz.de\/wp-content\/uploads\/2025\/07\/icons8-new-tab-48.png\" alt=\"\" width=\"18\" height=\"18\" srcset=\"https:\/\/www.gym-toelz.de\/wp-content\/uploads\/2025\/07\/icons8-new-tab-48.png 48w, https:\/\/www.gym-toelz.de\/wp-content\/uploads\/2025\/07\/icons8-new-tab-48-36x36.png 36w\" sizes=\"auto, (max-width: 18px) 100vw, 18px\" \/><\/a><\/p>\n<p style=\"text-align: center;\">Hier ein SMV-Trailer aus dem Jahr 2014<\/p>\n<p><video controls=\"controls\" width=\"300\" height=\"150\"><source src=\"https:\/\/www.gym-toelz.de\/wp-content\/uploads\/2025\/06\/smvtrailer2014.mp4\" type=\"video\/mp4\" \/><\/video><\/p>\n","protected":false},"excerpt":{"rendered":"<p>\u00dcber die SMV Die Sch\u00fclermitverantwortung ist eine Gruppe aus engagierten Sch\u00fclerinnen und Sch\u00fclern, die die Sch\u00fcler vertreten und so auch in engem Kontakt und in enger Zusammenarbeit mit den Lehrern stehen. Die SMV organisiert unter anderem Unterstufenparties, den Projekttag, den Lebkuchenverkauf in der Weihnachtszeit, die Tombola beim allj\u00e4hrlichen Burkina Faso Basar und den Verkauf unserer [&hellip;]<\/p>\n","protected":false},"author":2,"featured_media":0,"parent":113,"menu_order":19,"comment_status":"closed","ping_status":"closed","template":"","meta":{"footnotes":""},"class_list":["post-125","page","type-page","status-publish","hentry"],"_links":{"self":[{"href":"https:\/\/www.gym-toelz.de\/index.php\/wp-json\/wp\/v2\/pages\/125","targetHints":{"allow":["GET"]}}],"collection":[{"href":"https:\/\/www.gym-toelz.de\/index.php\/wp-json\/wp\/v2\/pages"}],"about":[{"href":"https:\/\/www.gym-toelz.de\/index.php\/wp-json\/wp\/v2\/types\/page"}],"author":[{"embeddable":true,"href":"https:\/\/www.gym-toelz.de\/index.php\/wp-json\/wp\/v2\/users\/2"}],"replies":[{"embeddable":true,"href":"https:\/\/www.gym-toelz.de\/index.php\/wp-json\/wp\/v2\/comments?post=125"}],"version-history":[{"count":4,"href":"https:\/\/www.gym-toelz.de\/index.php\/wp-json\/wp\/v2\/pages\/125\/revisions"}],"predecessor-version":[{"id":847,"href":"https:\/\/www.gym-toelz.de\/index.php\/wp-json\/wp\/v2\/pages\/125\/revisions\/847"}],"up":[{"embeddable":true,"href":"https:\/\/www.gym-toelz.de\/index.php\/wp-json\/wp\/v2\/pages\/113"}],"wp:attachment":[{"href":"https:\/\/www.gym-toelz.de\/index.php\/wp-json\/wp\/v2\/media?parent=125"}],"curies":[{"name":"wp","href":"https:\/\/api.w.org\/{rel}","templated":true}]}}

<p><strong>Über die SMV</strong><br />
Die Schülermitverantwortung ist eine Gruppe aus engagierten Schülerinnen und Schülern, die die Schüler vertreten und so auch in engem Kontakt und in enger Zusammenarbeit mit den Lehrern stehen.<br />
Die SMV organisiert unter anderem Unterstufenparties, den Projekttag, den Lebkuchenverkauf in der Weihnachtszeit, die Tombola beim alljährlichen Burkina Faso Basar und den Verkauf unserer Schulkleidung. Auch sorgen wir bei Elternabenden und anderen schulischen Veranstaltungen für das Catering, so dass Schüler, Eltern und Lehrer nicht hungern müssen. Für all dies braucht man natürlich viele fleißige Helfer und man kann jeden gut gebrauchen. In der Regel jeden Mittwoch in der 2.Pause können Schüler im SMV-Zimmer (Raum B 2.28; im ersten Stock zwischen Altbau und Kunsttrakt) vorbeischauen, Anliegen vortragen, Vorschläge machen oder einfach nur mal reinschnuppern und die SMV etwas besser kennenlernen.<br />
Den „Kern“ der SMV bilden die drei Schülersprecher und Juniorschülersprecher, welche speziell für die Unterstufe zuständig sind. Vor allem mit den Verbindungslehrern und natürlich den anderen SMV-Mitgliedern findet ein reger Austausch statt.<br />
Die Juniorschülersprecher kümmern sich primär um die Unterstufe und organisieren so zum Beispiel die Unterstufenparties. Man kann sich jedoch auch mit den verschiedensten Anliegen und Problemen an sie wenden. Sie werden immer mehr in die Arbeit der Schülersprecher eingebunden, sodass sie davon einen Eindruck bekommen und das Amt später vielleicht selbst übernehmen können.<br />
Die SMV freut sich immer auf motivierte und engagierte Schülerinnen und Schüler. Wer Lust hat, ein Teil der SMV zu werden, ist herzlich eingeladen!</p>
<p style="text-align: center;"><a href="https://www.km.bayern.de/gestalten/schulentwicklung-und-mitwirkung/smv" target="_blank" rel="noopener">Weiterführende Informationen zur Schülermitverantwortung des Kultusministeriums als externer Link <img loading="lazy" decoding="async" class="alignnone  wp-image-1873" src="https://www.gym-toelz.de/wp-content/uploads/2025/07/icons8-new-tab-48.png" alt="" width="18" height="18" srcset="https://www.gym-toelz.de/wp-content/uploads/2025/07/icons8-new-tab-48.png 48w, https://www.gym-toelz.de/wp-content/uploads/2025/07/icons8-new-tab-48-36x36.png 36w" sizes="auto, (max-width: 18px) 100vw, 18px" /></a></p>
<p style="text-align: center;">Hier ein SMV-Trailer aus dem Jahr 2014</p>
<p><video controls="controls" width="300" height="150"><source src="https://www.gym-toelz.de/wp-content/uploads/2025/06/smvtrailer2014.mp4" type="video/mp4" /></video></p>

<p>Über die SMV Die Schülermitverantwortung ist eine Gruppe aus engagierten Schülerinnen und Schülern, die die Schüler vertreten und so auch in engem Kontakt und in enger Zusammenarbeit mit den Lehrern stehen. Die SMV organisiert unter anderem Unterstufenparties, den Projekttag, den Lebkuchenverkauf in der Weihnachtszeit, die Tombola beim alljährlichen Burkina Faso Basar und den Verkauf unserer [&hellip;]</p>
