{"id":1155,"date":"2025-06-19T12:17:52","date_gmt":"2025-06-19T12:17:52","guid":{"rendered":"https:\/\/www.gym-toelz.de\/index.php\/angebote-aktivitaeten\/schliessfaecher-2\/"},"modified":"2026-01-28T16:35:24","modified_gmt":"2026-01-28T15:35:24","slug":"schliessfaecher-2","status":"publish","type":"page","link":"https:\/\/www.gym-toelz.de\/index.php\/angebote-aktivitaeten\/schliessfaecher-2\/","title":{"rendered":"Schlie\u00dff\u00e4cher"},"content":{"rendered":"<p><strong>Schlie\u00dff\u00e4cher<\/strong><\/p>\n<p>Ein Schlie\u00dffach an der Schule erleichtert die schwere Schultasche und bewahrt pers\u00f6nliche Sachen sicher auf. Am Gabriel-von-Seidl-Gymnasium stehen Schlie\u00dff\u00e4cher zum Mieten zur Verf\u00fcgung.<br \/>\nAufgrund der begrenzten Stellm\u00f6glichkeiten bitten wir allerdings um Verst\u00e4ndnis, wenn Sie nicht sofort ein Schlie\u00dffach erhalten k\u00f6nnen.<\/p>\n<p><a href=\"https:\/\/www.schliessfaecher.de\/\" target=\"_blank\" rel=\"noopener\">Weitere Informationen finden Sie unter diesen externen Link <\/a><a href=\"https:\/\/www.schliessfaecher.de\/\" target=\"_blank\" rel=\"noopener\"><img loading=\"lazy\" decoding=\"async\" class=\"alignnone wp-image-1873\" src=\"https:\/\/www.gym-toelz.de\/wp-content\/uploads\/2025\/07\/icons8-new-tab-48.png\" alt=\"\" width=\"18\" height=\"18\" srcset=\"https:\/\/www.gym-toelz.de\/wp-content\/uploads\/2025\/07\/icons8-new-tab-48.png 48w, https:\/\/www.gym-toelz.de\/wp-content\/uploads\/2025\/07\/icons8-new-tab-48-36x36.png 36w\" sizes=\"auto, (max-width: 18px) 100vw, 18px\" \/><\/a><\/p>\n","protected":false},"excerpt":{"rendered":"<p>Schlie\u00dff\u00e4cher Ein Schlie\u00dffach an der Schule erleichtert die schwere Schultasche und bewahrt pers\u00f6nliche Sachen sicher auf. Am Gabriel-von-Seidl-Gymnasium stehen Schlie\u00dff\u00e4cher zum Mieten zur Verf\u00fcgung. Aufgrund der begrenzten Stellm\u00f6glichkeiten bitten wir allerdings um Verst\u00e4ndnis, wenn Sie nicht sofort ein Schlie\u00dffach erhalten k\u00f6nnen. Weitere Informationen finden Sie unter diesen externen Link<\/p>\n","protected":false},"author":1,"featured_media":0,"parent":35,"menu_order":44,"comment_status":"closed","ping_status":"closed","template":"","meta":{"footnotes":""},"class_list":["post-1155","page","type-page","status-publish","hentry"],"_links":{"self":[{"href":"https:\/\/www.gym-toelz.de\/index.php\/wp-json\/wp\/v2\/pages\/1155","targetHints":{"allow":["GET"]}}],"collection":[{"href":"https:\/\/www.gym-toelz.de\/index.php\/wp-json\/wp\/v2\/pages"}],"about":[{"href":"https:\/\/www.gym-toelz.de\/index.php\/wp-json\/wp\/v2\/types\/page"}],"author":[{"embeddable":true,"href":"https:\/\/www.gym-toelz.de\/index.php\/wp-json\/wp\/v2\/users\/1"}],"replies":[{"embeddable":true,"href":"https:\/\/www.gym-toelz.de\/index.php\/wp-json\/wp\/v2\/comments?post=1155"}],"version-history":[{"count":4,"href":"https:\/\/www.gym-toelz.de\/index.php\/wp-json\/wp\/v2\/pages\/1155\/revisions"}],"predecessor-version":[{"id":1250,"href":"https:\/\/www.gym-toelz.de\/index.php\/wp-json\/wp\/v2\/pages\/1155\/revisions\/1250"}],"up":[{"embeddable":true,"href":"https:\/\/www.gym-toelz.de\/index.php\/wp-json\/wp\/v2\/pages\/35"}],"wp:attachment":[{"href":"https:\/\/www.gym-toelz.de\/index.php\/wp-json\/wp\/v2\/media?parent=1155"}],"curies":[{"name":"wp","href":"https:\/\/api.w.org\/{rel}","templated":true}]}}