{"id":109,"date":"2025-05-16T13:21:46","date_gmt":"2025-05-16T13:21:46","guid":{"rendered":"https:\/\/www.gym-toelz.de\/?page_id=109"},"modified":"2026-01-28T16:35:24","modified_gmt":"2026-01-28T15:35:24","slug":"ueber-uns","status":"publish","type":"page","link":"https:\/\/www.gym-toelz.de\/index.php\/unsere-schule\/ueber-uns\/","title":{"rendered":"\u00dcber uns"},"content":{"rendered":"<p><strong>\u00dcber uns&#8230;<\/strong><\/p>\n<p>Hier k\u00f6nnen Sie sich \u00fcber unser Schulprofil, Geschichtliches, Rundgang, Offene Ganztagsschule (OGS), Auszeichnungen und Parkm\u00f6glichkeiten an der Schule informieren!<\/p>\n<p><strong>Benutzen Sie hierzu die unterschiedlichen Links auf der rechten oder oberen Navigationsleiste\u2026.<\/strong><\/p>\n","protected":false},"excerpt":{"rendered":"<p>\u00dcber uns&#8230; Hier k\u00f6nnen Sie sich \u00fcber unser Schulprofil, Geschichtliches, Rundgang, Offene Ganztagsschule (OGS), Auszeichnungen und Parkm\u00f6glichkeiten an der Schule informieren! Benutzen Sie hierzu die unterschiedlichen Links auf der rechten oder oberen Navigationsleiste\u2026.<\/p>\n","protected":false},"author":2,"featured_media":0,"parent":32,"menu_order":22,"comment_status":"closed","ping_status":"closed","template":"","meta":{"footnotes":""},"class_list":["post-109","page","type-page","status-publish","hentry"],"_links":{"self":[{"href":"https:\/\/www.gym-toelz.de\/index.php\/wp-json\/wp\/v2\/pages\/109","targetHints":{"allow":["GET"]}}],"collection":[{"href":"https:\/\/www.gym-toelz.de\/index.php\/wp-json\/wp\/v2\/pages"}],"about":[{"href":"https:\/\/www.gym-toelz.de\/index.php\/wp-json\/wp\/v2\/types\/page"}],"author":[{"embeddable":true,"href":"https:\/\/www.gym-toelz.de\/index.php\/wp-json\/wp\/v2\/users\/2"}],"replies":[{"embeddable":true,"href":"https:\/\/www.gym-toelz.de\/index.php\/wp-json\/wp\/v2\/comments?post=109"}],"version-history":[{"count":3,"href":"https:\/\/www.gym-toelz.de\/index.php\/wp-json\/wp\/v2\/pages\/109\/revisions"}],"predecessor-version":[{"id":1953,"href":"https:\/\/www.gym-toelz.de\/index.php\/wp-json\/wp\/v2\/pages\/109\/revisions\/1953"}],"up":[{"embeddable":true,"href":"https:\/\/www.gym-toelz.de\/index.php\/wp-json\/wp\/v2\/pages\/32"}],"wp:attachment":[{"href":"https:\/\/www.gym-toelz.de\/index.php\/wp-json\/wp\/v2\/media?parent=109"}],"curies":[{"name":"wp","href":"https:\/\/api.w.org\/{rel}","templated":true}]}}